{"id":3838,"date":"2021-10-29T19:53:34","date_gmt":"2021-10-29T22:53:34","guid":{"rendered":"http:\/\/clubedeviagensmoms.com.br\/homolog\/taober_wp\/?post_type=product&#038;p=3838"},"modified":"2023-08-30T12:26:49","modified_gmt":"2023-08-30T15:26:49","slug":"deixe-a-magia-de-gramado-encantar-voce","status":"publish","type":"product","link":"https:\/\/clubedeviagensmoms.com.br\/homolog\/produto\/deixe-a-magia-de-gramado-encantar-voce\/","title":{"rendered":"Deixe a magia de Gramado encantar voc\u00ea!"},"content":{"rendered":"<p><span id=\"paraphrase-3085778527\" class=\"paraphrase\">Nenhum <span class=\"added\">outro <\/span><span id=\"synonym-8936308987\" class=\"synonyms\">destino<\/span> tur\u00edstico <span id=\"synonym-2984590989\" class=\"synonyms\">brasileiro<\/span> <span class=\"added\">se<\/span> <span class=\"added\"><span id=\"synonym-5011963772\" class=\"synonyms\">sai<\/span> <\/span>t\u00e3o bem quanto Gramado.<\/span><\/p>\n<p>Munic\u00edpio\u00a0do\u00a0estado\u00a0do\u00a0Rio Grande do Sul, no\u00a0Brasil. Localiza-se na\u00a0Serra Ga\u00facha, mais precisamente na\u00a0Regi\u00e3o das Hort\u00eansias. A cidade conta com diversas lojas de artes, artesanato, cal\u00e7ados e bolsas, casa e decora\u00e7\u00e3o, chocolate caseiro, couros e peles, floriculturas, malharias, m\u00f3veis, m\u00fasica, vestu\u00e1rio. Marcada por muita beleza, e com riquezas naturais incr\u00edveis, sendo o maior polo tur\u00edstico\u00a0do\u00a0Rio Grande do Sul\u00a0e um dos mais importantes do Brasil.<\/p>\n<p><span id=\"paraphrase-7894958290\" class=\"paraphrase\"><span class=\"added\"><span id=\"synonym-5924057863\" class=\"synonyms\">A regi\u00e3o<\/span><\/span> <span id=\"synonym-8493722889\" class=\"synonyms\">abra\u00e7ou<\/span> <span class=\"added\"><span id=\"synonym-0954618392\" class=\"synonyms\">a ideia<\/span><\/span> do turismo com a efici\u00eancia <span class=\"added\"><span id=\"synonym-1886206809\" class=\"synonyms\">alem\u00e3<\/span><\/span>\u00a0<span class=\"added\">que<\/span> <span class=\"added\"><span id=\"synonym-6814864023\" class=\"synonyms\">transformou<\/span><\/span> Gramado <span class=\"added\">em<\/span> <span class=\"added\"><span id=\"synonym-9648564274\" class=\"synonyms\">uma vila<\/span><\/span> <span class=\"added\">alpina, possui um toque b\u00e1varo com chal\u00e9s alpinos, chocolateiros e lojas de artesanato.<\/span><\/span>\u00a0<span id=\"paraphrase-5401385613\" class=\"paraphrase\">A <span class=\"added\">hospitalidade<\/span> <span class=\"added\"><span id=\"synonym-9370345105\" class=\"synonyms\">cresceu<\/span><\/span> <span class=\"added\">muito<\/span> e hoje n\u00e3o <span class=\"added\">tem<\/span> nada a <span class=\"added\">ver<\/span> <span class=\"added\">com<\/span> <span class=\"added\"><span id=\"synonym-5535183151\" class=\"synonyms\">um destino<\/span><\/span> <span class=\"added\"><span id=\"synonym-9819626481\" class=\"synonyms\">\u00e0 beira-mar<\/span><\/span>.<\/span> <span id=\"paraphrase-8604254353\" class=\"paraphrase\">A <span id=\"synonym-5089442245\" class=\"synonyms\">cena<\/span> gastron\u00f4mica se diversificou e vai muito al\u00e9m do fondue e <span class=\"added\"><span id=\"synonym-8014652928\" class=\"synonyms\">do caf\u00e9<\/span><\/span> colonial.\u00a0<\/span><\/p>\n<p>Com sua culin\u00e1ria de influ\u00eancia europeia cercada com uma natureza exuberante, a cidade do sul te d\u00e1 as boas-vindas e te entret\u00eam em qualquer \u00e9poca do ano, desde seus passeios tur\u00edsticos carregados por uma hist\u00f3ria singular \u00e0 festivais e atra\u00e7\u00f5es para toda a fam\u00edlia. E como a cereja do Bolo, o Papai Noel te presenteia com uma experi\u00eancia realmente m\u00e1gica com o Natal Luz, um dos eventos mais famosos e disputados do pa\u00eds.<\/p>\n<p>Encante sua fam\u00edlia viajando para Gramado! Fa\u00e7a uma cota\u00e7\u00e3o falando conosco pelo\u00a0<a href=\"https:\/\/api.whatsapp.com\/send?1=pt_BR&amp;phone=5521964046487\">Whatsapp<\/a>, clicando\u00a0<a href=\"https:\/\/api.whatsapp.com\/send?1=pt_BR&amp;phone=5521964046487\">aqui<\/a>.<\/p>\n<p>==============================<\/p>\n<p>J\u00e1 nos segue no Instagram? Procura a gente l\u00e1:\u00a0<a href=\"https:\/\/www.instagram.com\/clubedeviagensmoms\/?hl=pt-br\">@clubedeviagensmoms<\/a><\/p>\n<p>Estamos no\u00a0<a href=\"https:\/\/www.facebook.com\/groups\/clubedeviagensmoms\/\">Facebook<\/a>\u00a0tamb\u00e9m! Participe do nosso grupo e receba em primeira m\u00e3o as melhores ofertas!<\/p>\n<p>Quer saber mais sobre Gramado? Visite o nosso Blog!<\/p>\n<p>&gt; <a href=\"http:\/\/clubedeviagensmoms.com.br\/homolog\/gramado-com-criancas-por-sabrina-chagas\/\">Gramado com crian\u00e7as \u2013 Por Sabrina Chagas<\/a><\/p>\n","protected":false},"excerpt":{"rendered":"<p>Com sua culin\u00e1ria de influ\u00eancia europeia cercada com uma natureza exuberante, Gramado te d\u00e1 as boas-vindas e te entret\u00eam em qualquer \u00e9poca do ano, desde seus passeios tur\u00edsticos carregados por uma hist\u00f3ria singular \u00e0 festivais e atra\u00e7\u00f5es para toda a fam\u00edlia.<\/p>\n","protected":false},"featured_media":376,"comment_status":"closed","ping_status":"closed","template":"","meta":[],"product_cat":[18],"product_tag":[27,28,29,95,30,96,31,32,33,97,98,99,35,36,100,101,38,39,40],"class_list":["post-3838","product","type-product","status-publish","has-post-thumbnail","hentry","product_cat-pacotes-nacionais","product_tag-clube-de-viagens-moms","product_tag-clube-moms","product_tag-criancas","product_tag-destinos-nacionais","product_tag-diversao","product_tag-diversao-com-a-familia","product_tag-diversao-em-familia","product_tag-ferias","product_tag-ferias-em-familia","product_tag-gramado","product_tag-natal-luz","product_tag-pacotes-nacionais","product_tag-recreacao","product_tag-resort","product_tag-rio-grande-do-sul","product_tag-rs","product_tag-viagem","product_tag-viagem-com-criancas","product_tag-viagem-em-familia","pa_destino-rio-grande-do-sul"],"acf":[],"yoast_head":"<!-- This site is optimized with the Yoast SEO Premium plugin v16.0.2 (Yoast SEO v21.2) - https:\/\/yoast.com\/wordpress\/plugins\/seo\/ -->\n<title>Deixe a magia Gramado encantar voc\u00ea! - Clube de Viagens Moms<\/title>\n<meta name=\"description\" content=\"Com sua culin\u00e1ria de influ\u00eancia europeia cercada com uma natureza exuberante, Gramado te d\u00e1 as boas-vindas e te entret\u00eam em qualquer \u00e9poca do ano, desde seus passeios tur\u00edsticos carregados por uma hist\u00f3ria singular \u00e0 festivais e atra\u00e7\u00f5es para toda a fam\u00edlia.\" \/>\n<meta name=\"robots\" content=\"index, follow, max-snippet:-1, max-image-preview:large, max-video-preview:-1\" \/>\n<link rel=\"canonical\" href=\"https:\/\/clubedeviagensmoms.com.br\/homolog\/produto\/deixe-a-magia-de-gramado-encantar-voce\/\" \/>\n<meta property=\"og:locale\" content=\"pt_BR\" \/>\n<meta property=\"og:type\" content=\"article\" \/>\n<meta property=\"og:title\" content=\"Deixe a magia Gramado encantar voc\u00ea! - Clube de Viagens Moms\" \/>\n<meta property=\"og:description\" content=\"Com sua culin\u00e1ria de influ\u00eancia europeia cercada com uma natureza exuberante, Gramado te d\u00e1 as boas-vindas e te entret\u00eam em qualquer \u00e9poca do ano, desde seus passeios tur\u00edsticos carregados por uma hist\u00f3ria singular \u00e0 festivais e atra\u00e7\u00f5es para toda a fam\u00edlia.\" \/>\n<meta property=\"og:url\" content=\"https:\/\/clubedeviagensmoms.com.br\/homolog\/produto\/deixe-a-magia-de-gramado-encantar-voce\/\" \/>\n<meta property=\"og:site_name\" content=\"Clube Moms\" \/>\n<meta property=\"article:modified_time\" content=\"2023-08-30T15:26:49+00:00\" \/>\n<meta property=\"og:image\" content=\"https:\/\/clubedeviagensmoms.com.br\/homolog\/wp-content\/uploads\/2021\/09\/Portal-de-Boas-Vindas-Gramado.jpg\" \/>\n\t<meta property=\"og:image:width\" content=\"1200\" \/>\n\t<meta property=\"og:image:height\" content=\"628\" \/>\n\t<meta property=\"og:image:type\" content=\"image\/jpeg\" \/>\n<meta name=\"twitter:card\" content=\"summary_large_image\" \/>\n<meta name=\"twitter:label1\" content=\"Est. tempo de leitura\" \/>\n\t<meta name=\"twitter:data1\" content=\"2 minutos\" \/>\n<script type=\"application\/ld+json\" class=\"yoast-schema-graph\">{\"@context\":\"https:\/\/schema.org\",\"@graph\":[{\"@type\":\"WebPage\",\"@id\":\"https:\/\/clubedeviagensmoms.com.br\/homolog\/produto\/deixe-a-magia-de-gramado-encantar-voce\/\",\"url\":\"https:\/\/clubedeviagensmoms.com.br\/homolog\/produto\/deixe-a-magia-de-gramado-encantar-voce\/\",\"name\":\"Deixe a magia Gramado encantar voc\u00ea! - Clube de Viagens Moms\",\"isPartOf\":{\"@id\":\"https:\/\/clubedeviagensmoms.com.br\/homolog\/#website\"},\"datePublished\":\"2021-10-29T22:53:34+00:00\",\"dateModified\":\"2023-08-30T15:26:49+00:00\",\"description\":\"Com sua culin\u00e1ria de influ\u00eancia europeia cercada com uma natureza exuberante, Gramado te d\u00e1 as boas-vindas e te entret\u00eam em qualquer \u00e9poca do ano, desde seus passeios tur\u00edsticos carregados por uma hist\u00f3ria singular \u00e0 festivais e atra\u00e7\u00f5es para toda a fam\u00edlia.\",\"breadcrumb\":{\"@id\":\"https:\/\/clubedeviagensmoms.com.br\/homolog\/produto\/deixe-a-magia-de-gramado-encantar-voce\/#breadcrumb\"},\"inLanguage\":\"pt-BR\",\"potentialAction\":[{\"@type\":\"ReadAction\",\"target\":[\"https:\/\/clubedeviagensmoms.com.br\/homolog\/produto\/deixe-a-magia-de-gramado-encantar-voce\/\"]}]},{\"@type\":\"BreadcrumbList\",\"@id\":\"https:\/\/clubedeviagensmoms.com.br\/homolog\/produto\/deixe-a-magia-de-gramado-encantar-voce\/#breadcrumb\",\"itemListElement\":[{\"@type\":\"ListItem\",\"position\":1,\"name\":\"Home\",\"item\":\"https:\/\/clubedeviagensmoms.com.br\/homolog\/\"},{\"@type\":\"ListItem\",\"position\":2,\"name\":\"Vamos Viajar\",\"item\":\"https:\/\/clubedeviagensmoms.com.br\/homolog\/shop\/\"},{\"@type\":\"ListItem\",\"position\":3,\"name\":\"Deixe a magia de Gramado encantar voc\u00ea!\"}]},{\"@type\":\"WebSite\",\"@id\":\"https:\/\/clubedeviagensmoms.com.br\/homolog\/#website\",\"url\":\"https:\/\/clubedeviagensmoms.com.br\/homolog\/\",\"name\":\"Clube Moms\",\"description\":\"O Clube Moms \u00e9 uma ag\u00eancia de turismo com foco em fam\u00edlias com crian\u00e7as, que uno os conceitos de Consultoria Especializada e Clube de Vantagens.\",\"potentialAction\":[{\"@type\":\"SearchAction\",\"target\":{\"@type\":\"EntryPoint\",\"urlTemplate\":\"https:\/\/clubedeviagensmoms.com.br\/homolog\/?s={search_term_string}\"},\"query-input\":\"required name=search_term_string\"}],\"inLanguage\":\"pt-BR\"}]}<\/script>\n<!-- \/ Yoast SEO Premium plugin. -->","yoast_head_json":{"title":"Deixe a magia Gramado encantar voc\u00ea! - Clube de Viagens Moms","description":"Com sua culin\u00e1ria de influ\u00eancia europeia cercada com uma natureza exuberante, Gramado te d\u00e1 as boas-vindas e te entret\u00eam em qualquer \u00e9poca do ano, desde seus passeios tur\u00edsticos carregados por uma hist\u00f3ria singular \u00e0 festivais e atra\u00e7\u00f5es para toda a fam\u00edlia.","robots":{"index":"index","follow":"follow","max-snippet":"max-snippet:-1","max-image-preview":"max-image-preview:large","max-video-preview":"max-video-preview:-1"},"canonical":"https:\/\/clubedeviagensmoms.com.br\/homolog\/produto\/deixe-a-magia-de-gramado-encantar-voce\/","og_locale":"pt_BR","og_type":"article","og_title":"Deixe a magia Gramado encantar voc\u00ea! - Clube de Viagens Moms","og_description":"Com sua culin\u00e1ria de influ\u00eancia europeia cercada com uma natureza exuberante, Gramado te d\u00e1 as boas-vindas e te entret\u00eam em qualquer \u00e9poca do ano, desde seus passeios tur\u00edsticos carregados por uma hist\u00f3ria singular \u00e0 festivais e atra\u00e7\u00f5es para toda a fam\u00edlia.","og_url":"https:\/\/clubedeviagensmoms.com.br\/homolog\/produto\/deixe-a-magia-de-gramado-encantar-voce\/","og_site_name":"Clube Moms","article_modified_time":"2023-08-30T15:26:49+00:00","og_image":[{"width":1200,"height":628,"url":"https:\/\/clubedeviagensmoms.com.br\/homolog\/wp-content\/uploads\/2021\/09\/Portal-de-Boas-Vindas-Gramado.jpg","type":"image\/jpeg"}],"twitter_card":"summary_large_image","twitter_misc":{"Est. tempo de leitura":"2 minutos"},"schema":{"@context":"https:\/\/schema.org","@graph":[{"@type":"WebPage","@id":"https:\/\/clubedeviagensmoms.com.br\/homolog\/produto\/deixe-a-magia-de-gramado-encantar-voce\/","url":"https:\/\/clubedeviagensmoms.com.br\/homolog\/produto\/deixe-a-magia-de-gramado-encantar-voce\/","name":"Deixe a magia Gramado encantar voc\u00ea! - Clube de Viagens Moms","isPartOf":{"@id":"https:\/\/clubedeviagensmoms.com.br\/homolog\/#website"},"datePublished":"2021-10-29T22:53:34+00:00","dateModified":"2023-08-30T15:26:49+00:00","description":"Com sua culin\u00e1ria de influ\u00eancia europeia cercada com uma natureza exuberante, Gramado te d\u00e1 as boas-vindas e te entret\u00eam em qualquer \u00e9poca do ano, desde seus passeios tur\u00edsticos carregados por uma hist\u00f3ria singular \u00e0 festivais e atra\u00e7\u00f5es para toda a fam\u00edlia.","breadcrumb":{"@id":"https:\/\/clubedeviagensmoms.com.br\/homolog\/produto\/deixe-a-magia-de-gramado-encantar-voce\/#breadcrumb"},"inLanguage":"pt-BR","potentialAction":[{"@type":"ReadAction","target":["https:\/\/clubedeviagensmoms.com.br\/homolog\/produto\/deixe-a-magia-de-gramado-encantar-voce\/"]}]},{"@type":"BreadcrumbList","@id":"https:\/\/clubedeviagensmoms.com.br\/homolog\/produto\/deixe-a-magia-de-gramado-encantar-voce\/#breadcrumb","itemListElement":[{"@type":"ListItem","position":1,"name":"Home","item":"https:\/\/clubedeviagensmoms.com.br\/homolog\/"},{"@type":"ListItem","position":2,"name":"Vamos Viajar","item":"https:\/\/clubedeviagensmoms.com.br\/homolog\/shop\/"},{"@type":"ListItem","position":3,"name":"Deixe a magia de Gramado encantar voc\u00ea!"}]},{"@type":"WebSite","@id":"https:\/\/clubedeviagensmoms.com.br\/homolog\/#website","url":"https:\/\/clubedeviagensmoms.com.br\/homolog\/","name":"Clube Moms","description":"O Clube Moms \u00e9 uma ag\u00eancia de turismo com foco em fam\u00edlias com crian\u00e7as, que uno os conceitos de Consultoria Especializada e Clube de Vantagens.","potentialAction":[{"@type":"SearchAction","target":{"@type":"EntryPoint","urlTemplate":"https:\/\/clubedeviagensmoms.com.br\/homolog\/?s={search_term_string}"},"query-input":"required name=search_term_string"}],"inLanguage":"pt-BR"}]}},"_links":{"self":[{"href":"https:\/\/clubedeviagensmoms.com.br\/homolog\/wp-json\/wp\/v2\/product\/3838","targetHints":{"allow":["GET"]}}],"collection":[{"href":"https:\/\/clubedeviagensmoms.com.br\/homolog\/wp-json\/wp\/v2\/product"}],"about":[{"href":"https:\/\/clubedeviagensmoms.com.br\/homolog\/wp-json\/wp\/v2\/types\/product"}],"replies":[{"embeddable":true,"href":"https:\/\/clubedeviagensmoms.com.br\/homolog\/wp-json\/wp\/v2\/comments?post=3838"}],"wp:featuredmedia":[{"embeddable":true,"href":"https:\/\/clubedeviagensmoms.com.br\/homolog\/wp-json\/wp\/v2\/media\/376"}],"wp:attachment":[{"href":"https:\/\/clubedeviagensmoms.com.br\/homolog\/wp-json\/wp\/v2\/media?parent=3838"}],"wp:term":[{"taxonomy":"product_cat","embeddable":true,"href":"https:\/\/clubedeviagensmoms.com.br\/homolog\/wp-json\/wp\/v2\/product_cat?post=3838"},{"taxonomy":"product_tag","embeddable":true,"href":"https:\/\/clubedeviagensmoms.com.br\/homolog\/wp-json\/wp\/v2\/product_tag?post=3838"}],"curies":[{"name":"wp","href":"https:\/\/api.w.org\/{rel}","templated":true}]}}