{"id":3868,"date":"2021-10-29T19:53:47","date_gmt":"2021-10-29T22:53:47","guid":{"rendered":"http:\/\/clubedeviagensmoms.com.br\/homolog\/taober_wp\/?post_type=product&#038;p=3868"},"modified":"2023-08-30T12:25:02","modified_gmt":"2023-08-30T15:25:02","slug":"royal-caribbean","status":"publish","type":"product","link":"https:\/\/clubedeviagensmoms.com.br\/homolog\/produto\/royal-caribbean\/","title":{"rendered":"Royal Caribbean"},"content":{"rendered":"<p>A Royal Caribbean \u00e9 uma companhia de cruzeiros que busca inovar e surpreender seus passageiros, oferecendo-lhes uma excelente experi\u00eancia antes, durante e depois de sua viagem a come\u00e7ar pela incompar\u00e1vel oferta de pre\u00e7os que tem.<\/p>\n<p>A empresa percorre mais de 280 destinos em sua frota de mais de 20 navios e, para cada um deles, tem excurs\u00f5es em terra realmente atrativas, como por exemplo, as caminhadas pelos glaciares do Alasca, ou os passeios de bicicleta pelos vinhedos de Dubrovnik na Cro\u00e1cia, entre tantos outros. Dependendo do roteiro, seu navio ir\u00e1 atracar em CocoCay, a ilha particular da Royal Caribbean nas Bahamas!<\/p>\n<p>Os navios da classe Oasis, atualmente os maiores navios do mundo, s\u00e3o ideais para quem busca tranquilidade, conforto e uma experi\u00eancia inesquec\u00edvel em alto mar.<\/p>\n<p>A gastronomia a bordo \u00e9 excelente e conta com diversas op\u00e7\u00f5es de restaurantes de especialidades para todos os gostos, como por exemplo, comida asi\u00e1tica, mexicana, italiana entre outros.<\/p>\n<p>A Royal Caribbean fez uma revolu\u00e7\u00e3o com a nova Classe Quantum que trouxe novidades como pista de patins, simulador de paraquedismo e a c\u00e1psula North Star, que se eleva a 300 metros sobre o n\u00edvel do mar.<\/p>\n<p>Vale ressaltar que al\u00e9m de todo o entretenimento, conforto e gastronomia, os transatl\u00e2nticos da Royal Caribbean possuem uma tripula\u00e7\u00e3o capacitada que oferecer\u00e1 a bordo um atendimento excelente e estrutura para os h\u00f3spedes que possuem necessidades especiais!<\/p>\n<p>Os personagens do Dreamwork, Kung Fu Panda, Shrek e a turma do Madagascar, garantem uma viagem muito animada!<\/p>\n<p>Solicite uma cota\u00e7\u00e3o agora mesmo! Nos consulte sobre as condi\u00e7\u00f5es vigentes, portos de partida, roteiros e tarifas para as melhores datas para voc\u00ea e sua fam\u00edlia!<\/p>\n<p>Saiba mais<span>\u00a0<\/span><a href=\"https:\/\/www.royalcaribbean.com\/\" target=\"_blank\" rel=\"noopener noreferrer\">aqui<\/a>!<\/p>\n","protected":false},"excerpt":{"rendered":"<p>A Royal Caribbean \u00e9 uma companhia de cruzeiros que busca inovar e surpreender seus passageiros, oferecendo-lhes uma excelente experi\u00eancia antes, durante e depois de sua viagem a come\u00e7ar pela incompar\u00e1vel oferta de pre\u00e7os que tem. A empresa percorre mais de 280 destinos em sua frota de mais de 20 navios e, para cada um deles, [&hellip;]<\/p>\n","protected":false},"featured_media":1858,"comment_status":"closed","ping_status":"closed","template":"","meta":[],"product_cat":[23],"product_tag":[],"class_list":["post-3868","product","type-product","status-publish","has-post-thumbnail","hentry","product_cat-cruzeiros"],"acf":[],"yoast_head":"<!-- This site is optimized with the Yoast SEO Premium plugin v16.0.2 (Yoast SEO v21.2) - https:\/\/yoast.com\/wordpress\/plugins\/seo\/ -->\n<title>Royal Caribbean - Clube Moms<\/title>\n<meta name=\"robots\" content=\"index, follow, max-snippet:-1, max-image-preview:large, max-video-preview:-1\" \/>\n<link rel=\"canonical\" href=\"https:\/\/clubedeviagensmoms.com.br\/homolog\/produto\/royal-caribbean\/\" \/>\n<meta property=\"og:locale\" content=\"pt_BR\" \/>\n<meta property=\"og:type\" content=\"article\" \/>\n<meta property=\"og:title\" content=\"Royal Caribbean - Clube Moms\" \/>\n<meta property=\"og:description\" content=\"A Royal Caribbean \u00e9 uma companhia de cruzeiros que busca inovar e surpreender seus passageiros, oferecendo-lhes uma excelente experi\u00eancia antes, durante e depois de sua viagem a come\u00e7ar pela incompar\u00e1vel oferta de pre\u00e7os que tem. A empresa percorre mais de 280 destinos em sua frota de mais de 20 navios e, para cada um deles, [&hellip;]\" \/>\n<meta property=\"og:url\" content=\"https:\/\/clubedeviagensmoms.com.br\/homolog\/produto\/royal-caribbean\/\" \/>\n<meta property=\"og:site_name\" content=\"Clube Moms\" \/>\n<meta property=\"article:modified_time\" content=\"2023-08-30T15:25:02+00:00\" \/>\n<meta property=\"og:image\" content=\"https:\/\/clubedeviagensmoms.com.br\/homolog\/wp-content\/uploads\/2021\/10\/RoyalCaribbean_Personagem_27092017_1438-1024x536-1.jpg\" \/>\n\t<meta property=\"og:image:width\" content=\"1024\" \/>\n\t<meta property=\"og:image:height\" content=\"536\" \/>\n\t<meta property=\"og:image:type\" content=\"image\/jpeg\" \/>\n<meta name=\"twitter:card\" content=\"summary_large_image\" \/>\n<meta name=\"twitter:label1\" content=\"Est. tempo de leitura\" \/>\n\t<meta name=\"twitter:data1\" content=\"1 minuto\" \/>\n<script type=\"application\/ld+json\" class=\"yoast-schema-graph\">{\"@context\":\"https:\/\/schema.org\",\"@graph\":[{\"@type\":\"WebPage\",\"@id\":\"https:\/\/clubedeviagensmoms.com.br\/homolog\/produto\/royal-caribbean\/\",\"url\":\"https:\/\/clubedeviagensmoms.com.br\/homolog\/produto\/royal-caribbean\/\",\"name\":\"Royal Caribbean - Clube Moms\",\"isPartOf\":{\"@id\":\"https:\/\/clubedeviagensmoms.com.br\/homolog\/#website\"},\"datePublished\":\"2021-10-29T22:53:47+00:00\",\"dateModified\":\"2023-08-30T15:25:02+00:00\",\"breadcrumb\":{\"@id\":\"https:\/\/clubedeviagensmoms.com.br\/homolog\/produto\/royal-caribbean\/#breadcrumb\"},\"inLanguage\":\"pt-BR\",\"potentialAction\":[{\"@type\":\"ReadAction\",\"target\":[\"https:\/\/clubedeviagensmoms.com.br\/homolog\/produto\/royal-caribbean\/\"]}]},{\"@type\":\"BreadcrumbList\",\"@id\":\"https:\/\/clubedeviagensmoms.com.br\/homolog\/produto\/royal-caribbean\/#breadcrumb\",\"itemListElement\":[{\"@type\":\"ListItem\",\"position\":1,\"name\":\"Home\",\"item\":\"https:\/\/clubedeviagensmoms.com.br\/homolog\/\"},{\"@type\":\"ListItem\",\"position\":2,\"name\":\"Vamos Viajar\",\"item\":\"https:\/\/clubedeviagensmoms.com.br\/homolog\/shop\/\"},{\"@type\":\"ListItem\",\"position\":3,\"name\":\"Royal Caribbean\"}]},{\"@type\":\"WebSite\",\"@id\":\"https:\/\/clubedeviagensmoms.com.br\/homolog\/#website\",\"url\":\"https:\/\/clubedeviagensmoms.com.br\/homolog\/\",\"name\":\"Clube Moms\",\"description\":\"O Clube Moms \u00e9 uma ag\u00eancia de turismo com foco em fam\u00edlias com crian\u00e7as, que uno os conceitos de Consultoria Especializada e Clube de Vantagens.\",\"potentialAction\":[{\"@type\":\"SearchAction\",\"target\":{\"@type\":\"EntryPoint\",\"urlTemplate\":\"https:\/\/clubedeviagensmoms.com.br\/homolog\/?s={search_term_string}\"},\"query-input\":\"required name=search_term_string\"}],\"inLanguage\":\"pt-BR\"}]}<\/script>\n<!-- \/ Yoast SEO Premium plugin. -->","yoast_head_json":{"title":"Royal Caribbean - Clube Moms","robots":{"index":"index","follow":"follow","max-snippet":"max-snippet:-1","max-image-preview":"max-image-preview:large","max-video-preview":"max-video-preview:-1"},"canonical":"https:\/\/clubedeviagensmoms.com.br\/homolog\/produto\/royal-caribbean\/","og_locale":"pt_BR","og_type":"article","og_title":"Royal Caribbean - Clube Moms","og_description":"A Royal Caribbean \u00e9 uma companhia de cruzeiros que busca inovar e surpreender seus passageiros, oferecendo-lhes uma excelente experi\u00eancia antes, durante e depois de sua viagem a come\u00e7ar pela incompar\u00e1vel oferta de pre\u00e7os que tem. A empresa percorre mais de 280 destinos em sua frota de mais de 20 navios e, para cada um deles, [&hellip;]","og_url":"https:\/\/clubedeviagensmoms.com.br\/homolog\/produto\/royal-caribbean\/","og_site_name":"Clube Moms","article_modified_time":"2023-08-30T15:25:02+00:00","og_image":[{"width":1024,"height":536,"url":"https:\/\/clubedeviagensmoms.com.br\/homolog\/wp-content\/uploads\/2021\/10\/RoyalCaribbean_Personagem_27092017_1438-1024x536-1.jpg","type":"image\/jpeg"}],"twitter_card":"summary_large_image","twitter_misc":{"Est. tempo de leitura":"1 minuto"},"schema":{"@context":"https:\/\/schema.org","@graph":[{"@type":"WebPage","@id":"https:\/\/clubedeviagensmoms.com.br\/homolog\/produto\/royal-caribbean\/","url":"https:\/\/clubedeviagensmoms.com.br\/homolog\/produto\/royal-caribbean\/","name":"Royal Caribbean - Clube Moms","isPartOf":{"@id":"https:\/\/clubedeviagensmoms.com.br\/homolog\/#website"},"datePublished":"2021-10-29T22:53:47+00:00","dateModified":"2023-08-30T15:25:02+00:00","breadcrumb":{"@id":"https:\/\/clubedeviagensmoms.com.br\/homolog\/produto\/royal-caribbean\/#breadcrumb"},"inLanguage":"pt-BR","potentialAction":[{"@type":"ReadAction","target":["https:\/\/clubedeviagensmoms.com.br\/homolog\/produto\/royal-caribbean\/"]}]},{"@type":"BreadcrumbList","@id":"https:\/\/clubedeviagensmoms.com.br\/homolog\/produto\/royal-caribbean\/#breadcrumb","itemListElement":[{"@type":"ListItem","position":1,"name":"Home","item":"https:\/\/clubedeviagensmoms.com.br\/homolog\/"},{"@type":"ListItem","position":2,"name":"Vamos Viajar","item":"https:\/\/clubedeviagensmoms.com.br\/homolog\/shop\/"},{"@type":"ListItem","position":3,"name":"Royal Caribbean"}]},{"@type":"WebSite","@id":"https:\/\/clubedeviagensmoms.com.br\/homolog\/#website","url":"https:\/\/clubedeviagensmoms.com.br\/homolog\/","name":"Clube Moms","description":"O Clube Moms \u00e9 uma ag\u00eancia de turismo com foco em fam\u00edlias com crian\u00e7as, que uno os conceitos de Consultoria Especializada e Clube de Vantagens.","potentialAction":[{"@type":"SearchAction","target":{"@type":"EntryPoint","urlTemplate":"https:\/\/clubedeviagensmoms.com.br\/homolog\/?s={search_term_string}"},"query-input":"required name=search_term_string"}],"inLanguage":"pt-BR"}]}},"_links":{"self":[{"href":"https:\/\/clubedeviagensmoms.com.br\/homolog\/wp-json\/wp\/v2\/product\/3868","targetHints":{"allow":["GET"]}}],"collection":[{"href":"https:\/\/clubedeviagensmoms.com.br\/homolog\/wp-json\/wp\/v2\/product"}],"about":[{"href":"https:\/\/clubedeviagensmoms.com.br\/homolog\/wp-json\/wp\/v2\/types\/product"}],"replies":[{"embeddable":true,"href":"https:\/\/clubedeviagensmoms.com.br\/homolog\/wp-json\/wp\/v2\/comments?post=3868"}],"wp:featuredmedia":[{"embeddable":true,"href":"https:\/\/clubedeviagensmoms.com.br\/homolog\/wp-json\/wp\/v2\/media\/1858"}],"wp:attachment":[{"href":"https:\/\/clubedeviagensmoms.com.br\/homolog\/wp-json\/wp\/v2\/media?parent=3868"}],"wp:term":[{"taxonomy":"product_cat","embeddable":true,"href":"https:\/\/clubedeviagensmoms.com.br\/homolog\/wp-json\/wp\/v2\/product_cat?post=3868"},{"taxonomy":"product_tag","embeddable":true,"href":"https:\/\/clubedeviagensmoms.com.br\/homolog\/wp-json\/wp\/v2\/product_tag?post=3868"}],"curies":[{"name":"wp","href":"https:\/\/api.w.org\/{rel}","templated":true}]}}