{"id":3985,"date":"2021-10-29T19:55:20","date_gmt":"2021-10-29T22:55:20","guid":{"rendered":"http:\/\/clubedeviagensmoms.com.br\/homolog\/taober_wp\/?post_type=product&#038;p=3985"},"modified":"2023-08-30T12:25:05","modified_gmt":"2023-08-30T15:25:05","slug":"angico-hotel-fazenda","status":"publish","type":"product","link":"https:\/\/clubedeviagensmoms.com.br\/homolog\/produto\/angico-hotel-fazenda\/","title":{"rendered":"Angico Hotel Fazenda"},"content":{"rendered":"<p>Situado na regi\u00e3o hoteleira de Pira\u00ed\/RJ, com o 4\u00ba melhor clima do mundo e a apenas 1h30min do Rio de Janeiro, o Angico Hotel Fazenda oferece uma mistura \u00fanica de tranquilidade, lazer, bem como conforto e gastronomia t\u00edpica de Fazenda para quem quer descansar corpo e esp\u00edrito em meio a natureza.<\/p>\n<p>\u00c9 o lugar ideal para voc\u00ea esquecer a agita\u00e7\u00e3o urbana e viver momentos inesquec\u00edveis com toda a fam\u00edlia. O Hotel conta com uma cria\u00e7\u00e3o de Til\u00e1pias no lago superior da propriedade de onde vem as nascentes. J\u00e1 foi venda e armaz\u00e9m no in\u00edcio do s\u00e9culo passado, abrigou em pris\u00e3o domiciliar generais de Jo\u00e3o Goulart e serviu de inspira\u00e7\u00e3o para m\u00fasicos consagrados do Legi\u00e3o Urbana.<\/p>\n<p>O Angico Hotel Fazenda, busca proporcionar aos h\u00f3spedes experi\u00eancias da fazenda. Sem glamour, p\u00e9 no ch\u00e3o, com contato direto com os animais, e tamb\u00e9m oferecendo uma comida da ro\u00e7a.<\/p>\n<p>A recrea\u00e7\u00e3o \u00e9 feita para a fam\u00edlia e s\u00e3o momentos em que voc\u00eas e ir\u00e3o brincar e rir juntos, criando uma mem\u00f3ria afetiva positiva, feliz e prazerosa.<\/p>\n<p>A equipe \u00e9 orientada para te receber com todo carinho e fazer o poss\u00edvel para que se sinta em casa. Conta com um atendimento diferenciado, atendendo sempre que poss\u00edvel todas as solicita\u00e7\u00f5es.<\/p>\n<p>Ent\u00e3o, voc\u00ea quer sair da rotina? Sair do salto? Rir alto? Ah quem n\u00e3o quer\u2026 liberte-se e deixe o cheirinho da terra e a simplicidade do caf\u00e9 com leite tirado na hora, fresquinho, aquecer seu cora\u00e7\u00e3o e te proporcionar momentos \u00fanicos.<\/p>\n<p>Venha conhecer e desfrutar do Angico! Voc\u00ea n\u00e3o vai se arrepender!<\/p>\n<p>Se voc\u00ea ainda n\u00e3o conhece nossas redes sociais, vem dar uma conferida no nosso<span>\u00a0<\/span><a href=\"https:\/\/www.instagram.com\/clubedeviagensmoms\/\">Instagram<\/a><span>\u00a0<\/span>e tamb\u00e9m na nossa<span>\u00a0<\/span><a href=\"https:\/\/www.facebook.com\/ClubeDeViagensMoms\/?hc_ref=ARREVFAUN6kemqQPikWPR6yOVqfolWuZ4Gm2u6EX4fJ2-jyHER8eDB5si8DvGkabbOE&amp;fref=nf&amp;__xts__[0]=68.ARAXJqd_Jm68dG9qh_a7A_hAS8hHGdRg1Cq8Je9my1EPnGBRo26TI37xs6IY6NhynKSzyIDhPcBRqvr6Nzuwi7g2W4UPO84T0-vU7mWKXia_C51FzzqVsE3HthHbuQetTo9gapY&amp;__tn__=kC-R\">p\u00e1gina do Facebook<\/a>! Ainda, temos um<span>\u00a0<\/span><a href=\"https:\/\/www.facebook.com\/groups\/clubedeviagensmoms\/\">grupo do Facebook<\/a>, ent\u00e3o, venha fazer parte!<\/p>\n<p>E se voc\u00ea quiser conferir nossos outros hot\u00e9is parceiros, clique<span>\u00a0<\/span><a href=\"http:\/\/clubedeviagensmoms.com.br\/homolog\/vamos-viajar\/hoteis\/\" target=\"_blank\" rel=\"noopener noreferrer\">aqui<\/a>!<\/p>\n","protected":false},"excerpt":{"rendered":"<p>Situado na regi\u00e3o hoteleira de Pira\u00ed\/RJ, com o 4\u00ba melhor clima do mundo e a apenas 90 min do Rio de Janeiro, o Angico Hotel Fazenda oferece uma mistura \u00fanica de tranquilidade, lazer, conforto e gastronomia para quem quer descansar corpo e esp\u00edrito em meio a natureza.<\/p>\n","protected":false},"featured_media":181,"comment_status":"closed","ping_status":"closed","template":"","meta":[],"product_cat":[21],"product_tag":[47,48,30,43,49,32,50,51,35,37,52,53,38,54],"class_list":["post-3985","product","type-product","status-publish","has-post-thumbnail","hentry","product_cat-hoteis","product_tag-angico","product_tag-barra-do-pirai","product_tag-diversao","product_tag-fazenda","product_tag-fazendinha","product_tag-ferias","product_tag-pensao-completa","product_tag-pescaria","product_tag-recreacao","product_tag-rio-de-janeiro","product_tag-spa","product_tag-trilha","product_tag-viagem","product_tag-viagem-com-a-familia","pa_destino-pirai","pa_destino-rio-de-janeiro","pa_estrutura-lazer-campo-de-futebol","pa_estrutura-lazer-cavalos","pa_estrutura-lazer-estacionamento","pa_estrutura-lazer-fazendinha","pa_estrutura-lazer-horta","pa_estrutura-lazer-kids-club","pa_estrutura-lazer-lago-para-pescaria","pa_estrutura-lazer-piscina","pa_estrutura-lazer-piscina-aquecida","pa_estrutura-lazer-quadra-de-volei","pa_estrutura-lazer-recreacao","pa_estrutura-lazer-salao-de-jogos","pa_estrutura-lazer-sauna","pa_estrutura-lazer-spa","pa_estrutura-lazer-trilhas","pa_regime-de-alimentacao-pensao-completa","pa_tipos-de-destinos-hotel-fazenda","pa_tipos-de-destinos-serra"],"acf":[],"yoast_head":"<!-- This site is optimized with the Yoast SEO Premium plugin v16.0.2 (Yoast SEO v21.2) - https:\/\/yoast.com\/wordpress\/plugins\/seo\/ -->\n<title>Hotel Fazenda Angico Rural<\/title>\n<meta name=\"description\" content=\"O Hotel Fazenda Angico Rural oferece uma mistura \u00fanica de tranquilidade, lazer e conforto para quem quer descansar corpo e esp\u00edrito em meio a natureza!\" \/>\n<meta name=\"robots\" content=\"index, follow, max-snippet:-1, max-image-preview:large, max-video-preview:-1\" \/>\n<link rel=\"canonical\" href=\"https:\/\/clubedeviagensmoms.com.br\/homolog\/produto\/angico-hotel-fazenda\/\" \/>\n<meta property=\"og:locale\" content=\"pt_BR\" \/>\n<meta property=\"og:type\" content=\"article\" \/>\n<meta property=\"og:title\" content=\"Angico Hotel Fazenda\" \/>\n<meta property=\"og:description\" content=\"O Hotel Fazenda Angico Rural oferece uma mistura \u00fanica de tranquilidade, lazer e conforto para quem quer descansar corpo e esp\u00edrito em meio a natureza!\" \/>\n<meta property=\"og:url\" content=\"https:\/\/clubedeviagensmoms.com.br\/homolog\/produto\/angico-hotel-fazenda\/\" \/>\n<meta property=\"og:site_name\" content=\"Clube Moms\" \/>\n<meta property=\"article:modified_time\" content=\"2023-08-30T15:25:05+00:00\" \/>\n<meta name=\"twitter:card\" content=\"summary_large_image\" \/>\n<meta name=\"twitter:label1\" content=\"Est. tempo de leitura\" \/>\n\t<meta name=\"twitter:data1\" content=\"2 minutos\" \/>\n<script type=\"application\/ld+json\" class=\"yoast-schema-graph\">{\"@context\":\"https:\/\/schema.org\",\"@graph\":[{\"@type\":\"WebPage\",\"@id\":\"https:\/\/clubedeviagensmoms.com.br\/homolog\/produto\/angico-hotel-fazenda\/\",\"url\":\"https:\/\/clubedeviagensmoms.com.br\/homolog\/produto\/angico-hotel-fazenda\/\",\"name\":\"Hotel Fazenda Angico Rural\",\"isPartOf\":{\"@id\":\"https:\/\/clubedeviagensmoms.com.br\/homolog\/#website\"},\"datePublished\":\"2021-10-29T22:55:20+00:00\",\"dateModified\":\"2023-08-30T15:25:05+00:00\",\"description\":\"O Hotel Fazenda Angico Rural oferece uma mistura \u00fanica de tranquilidade, lazer e conforto para quem quer descansar corpo e esp\u00edrito em meio a natureza!\",\"breadcrumb\":{\"@id\":\"https:\/\/clubedeviagensmoms.com.br\/homolog\/produto\/angico-hotel-fazenda\/#breadcrumb\"},\"inLanguage\":\"pt-BR\",\"potentialAction\":[{\"@type\":\"ReadAction\",\"target\":[\"https:\/\/clubedeviagensmoms.com.br\/homolog\/produto\/angico-hotel-fazenda\/\"]}]},{\"@type\":\"BreadcrumbList\",\"@id\":\"https:\/\/clubedeviagensmoms.com.br\/homolog\/produto\/angico-hotel-fazenda\/#breadcrumb\",\"itemListElement\":[{\"@type\":\"ListItem\",\"position\":1,\"name\":\"Home\",\"item\":\"https:\/\/clubedeviagensmoms.com.br\/homolog\/\"},{\"@type\":\"ListItem\",\"position\":2,\"name\":\"Vamos Viajar\",\"item\":\"https:\/\/clubedeviagensmoms.com.br\/homolog\/shop\/\"},{\"@type\":\"ListItem\",\"position\":3,\"name\":\"Angico Hotel Fazenda\"}]},{\"@type\":\"WebSite\",\"@id\":\"https:\/\/clubedeviagensmoms.com.br\/homolog\/#website\",\"url\":\"https:\/\/clubedeviagensmoms.com.br\/homolog\/\",\"name\":\"Clube Moms\",\"description\":\"O Clube Moms \u00e9 uma ag\u00eancia de turismo com foco em fam\u00edlias com crian\u00e7as, que uno os conceitos de Consultoria Especializada e Clube de Vantagens.\",\"potentialAction\":[{\"@type\":\"SearchAction\",\"target\":{\"@type\":\"EntryPoint\",\"urlTemplate\":\"https:\/\/clubedeviagensmoms.com.br\/homolog\/?s={search_term_string}\"},\"query-input\":\"required name=search_term_string\"}],\"inLanguage\":\"pt-BR\"}]}<\/script>\n<!-- \/ Yoast SEO Premium plugin. -->","yoast_head_json":{"title":"Hotel Fazenda Angico Rural","description":"O Hotel Fazenda Angico Rural oferece uma mistura \u00fanica de tranquilidade, lazer e conforto para quem quer descansar corpo e esp\u00edrito em meio a natureza!","robots":{"index":"index","follow":"follow","max-snippet":"max-snippet:-1","max-image-preview":"max-image-preview:large","max-video-preview":"max-video-preview:-1"},"canonical":"https:\/\/clubedeviagensmoms.com.br\/homolog\/produto\/angico-hotel-fazenda\/","og_locale":"pt_BR","og_type":"article","og_title":"Angico Hotel Fazenda","og_description":"O Hotel Fazenda Angico Rural oferece uma mistura \u00fanica de tranquilidade, lazer e conforto para quem quer descansar corpo e esp\u00edrito em meio a natureza!","og_url":"https:\/\/clubedeviagensmoms.com.br\/homolog\/produto\/angico-hotel-fazenda\/","og_site_name":"Clube Moms","article_modified_time":"2023-08-30T15:25:05+00:00","twitter_card":"summary_large_image","twitter_misc":{"Est. tempo de leitura":"2 minutos"},"schema":{"@context":"https:\/\/schema.org","@graph":[{"@type":"WebPage","@id":"https:\/\/clubedeviagensmoms.com.br\/homolog\/produto\/angico-hotel-fazenda\/","url":"https:\/\/clubedeviagensmoms.com.br\/homolog\/produto\/angico-hotel-fazenda\/","name":"Hotel Fazenda Angico Rural","isPartOf":{"@id":"https:\/\/clubedeviagensmoms.com.br\/homolog\/#website"},"datePublished":"2021-10-29T22:55:20+00:00","dateModified":"2023-08-30T15:25:05+00:00","description":"O Hotel Fazenda Angico Rural oferece uma mistura \u00fanica de tranquilidade, lazer e conforto para quem quer descansar corpo e esp\u00edrito em meio a natureza!","breadcrumb":{"@id":"https:\/\/clubedeviagensmoms.com.br\/homolog\/produto\/angico-hotel-fazenda\/#breadcrumb"},"inLanguage":"pt-BR","potentialAction":[{"@type":"ReadAction","target":["https:\/\/clubedeviagensmoms.com.br\/homolog\/produto\/angico-hotel-fazenda\/"]}]},{"@type":"BreadcrumbList","@id":"https:\/\/clubedeviagensmoms.com.br\/homolog\/produto\/angico-hotel-fazenda\/#breadcrumb","itemListElement":[{"@type":"ListItem","position":1,"name":"Home","item":"https:\/\/clubedeviagensmoms.com.br\/homolog\/"},{"@type":"ListItem","position":2,"name":"Vamos Viajar","item":"https:\/\/clubedeviagensmoms.com.br\/homolog\/shop\/"},{"@type":"ListItem","position":3,"name":"Angico Hotel Fazenda"}]},{"@type":"WebSite","@id":"https:\/\/clubedeviagensmoms.com.br\/homolog\/#website","url":"https:\/\/clubedeviagensmoms.com.br\/homolog\/","name":"Clube Moms","description":"O Clube Moms \u00e9 uma ag\u00eancia de turismo com foco em fam\u00edlias com crian\u00e7as, que uno os conceitos de Consultoria Especializada e Clube de Vantagens.","potentialAction":[{"@type":"SearchAction","target":{"@type":"EntryPoint","urlTemplate":"https:\/\/clubedeviagensmoms.com.br\/homolog\/?s={search_term_string}"},"query-input":"required name=search_term_string"}],"inLanguage":"pt-BR"}]}},"_links":{"self":[{"href":"https:\/\/clubedeviagensmoms.com.br\/homolog\/wp-json\/wp\/v2\/product\/3985","targetHints":{"allow":["GET"]}}],"collection":[{"href":"https:\/\/clubedeviagensmoms.com.br\/homolog\/wp-json\/wp\/v2\/product"}],"about":[{"href":"https:\/\/clubedeviagensmoms.com.br\/homolog\/wp-json\/wp\/v2\/types\/product"}],"replies":[{"embeddable":true,"href":"https:\/\/clubedeviagensmoms.com.br\/homolog\/wp-json\/wp\/v2\/comments?post=3985"}],"wp:featuredmedia":[{"embeddable":true,"href":"https:\/\/clubedeviagensmoms.com.br\/homolog\/wp-json\/wp\/v2\/media\/181"}],"wp:attachment":[{"href":"https:\/\/clubedeviagensmoms.com.br\/homolog\/wp-json\/wp\/v2\/media?parent=3985"}],"wp:term":[{"taxonomy":"product_cat","embeddable":true,"href":"https:\/\/clubedeviagensmoms.com.br\/homolog\/wp-json\/wp\/v2\/product_cat?post=3985"},{"taxonomy":"product_tag","embeddable":true,"href":"https:\/\/clubedeviagensmoms.com.br\/homolog\/wp-json\/wp\/v2\/product_tag?post=3985"}],"curies":[{"name":"wp","href":"https:\/\/api.w.org\/{rel}","templated":true}]}}