{"id":3997,"date":"2021-10-29T19:55:21","date_gmt":"2021-10-29T22:55:21","guid":{"rendered":"http:\/\/clubedeviagensmoms.com.br\/homolog\/taober_wp\/?post_type=product&#038;p=3997"},"modified":"2023-08-30T12:26:13","modified_gmt":"2023-08-30T15:26:13","slug":"suites-beach-park-resort","status":"publish","type":"product","link":"https:\/\/clubedeviagensmoms.com.br\/homolog\/produto\/suites-beach-park-resort\/","title":{"rendered":"Su\u00edtes Beach Park Resort"},"content":{"rendered":"<p>O Suites Beach Park Resort traz todo um clima de casa de praia tradicional das f\u00e9rias. Possui, portanto, uma ambienta\u00e7\u00e3o r\u00fastica e muito confort\u00e1vel, proporcionando aos h\u00f3spedes uma r\u00e1pida sensa\u00e7\u00e3o de acolhimento.<\/p>\n<p>Conta com uma ampla \u00e1rea de lazer com disponibilidade de uma quadra poliesportiva, bem como quadra de t\u00eanis, fitness center, sal\u00e3o de eventos, restaurante, Kid\u2019s Club, computadores com acesso \u00e0 internet, bar molhado e loja de conveni\u00eancia. Sendo assim, o hotel\u00a0 \u00e9 perfeito para fam\u00edlias com crian\u00e7as de todas as idades, principalmente as pequenas!<\/p>\n<p>Ainda, a gastronomia que o Suites Beach Park Resort oferece, conta com o Jangada\u2019s Bar, que \u00e9 perfeito para relaxar e se refrescar! Afinal, nada \u00e9 melhor do que o Bar Molhado, onde \u00e9 poss\u00edvel encontrar drinks ex\u00f3ticos, sorvetes, petiscos, e at\u00e9 pratos \u00e0 la carte, que s\u00e3o s\u00f3 algumas das op\u00e7\u00f5es!<\/p>\n<p>O hotel tamb\u00e9m disp\u00f5e de outro restaurante, o Restaurante Porto das Dunas onde no caf\u00e9 da manh\u00e3, voc\u00ea pode se deliciar com um saboroso buffet. Al\u00e9m das del\u00edcias regionais, \u00e9 poss\u00edvel encontrar v\u00e1rios tipos de p\u00e3es, bolos, torradas e frutas.<\/p>\n<p>J\u00e1 no almo\u00e7o, os h\u00f3spedes aproveitam a variedade do servi\u00e7o \u00e0 la carte oferecido e no jantar, todo mundo pode conferir os buffets tem\u00e1ticos que homenageiam sempre uma tradicional culin\u00e1ria do mundo, tornando a experi\u00eancia do h\u00f3spede ainda mais \u00fanica e excepcional!<\/p>\n<p>&nbsp;<\/p>\n<p>Venha conhecer e desfrutar do Su\u00edtes Beach Park Resort! Voc\u00ea n\u00e3o vai se arrepender!<\/p>\n<p>Se voc\u00ea ainda n\u00e3o conhece nossas redes sociais, vem dar uma conferida no nosso<span>\u00a0<\/span><a href=\"https:\/\/www.instagram.com\/clubedeviagensmoms\/\">Instagram<\/a><span>\u00a0<\/span>e tamb\u00e9m na nossa<span>\u00a0<\/span><a href=\"https:\/\/www.facebook.com\/ClubeDeViagensMoms\/?hc_ref=ARREVFAUN6kemqQPikWPR6yOVqfolWuZ4Gm2u6EX4fJ2-jyHER8eDB5si8DvGkabbOE&amp;fref=nf&amp;__xts__[0]=68.ARAXJqd_Jm68dG9qh_a7A_hAS8hHGdRg1Cq8Je9my1EPnGBRo26TI37xs6IY6NhynKSzyIDhPcBRqvr6Nzuwi7g2W4UPO84T0-vU7mWKXia_C51FzzqVsE3HthHbuQetTo9gapY&amp;__tn__=kC-R\">p\u00e1gina do Facebook<\/a>! Al\u00e9m disso, temos um<span>\u00a0<\/span><a href=\"https:\/\/www.facebook.com\/groups\/clubedeviagensmoms\/\">grupo do Facebook<\/a>, ent\u00e3o, venha fazer parte!<\/p>\n<p>E, por fim, se voc\u00ea quiser conferir nossos outros hot\u00e9is parceiros, clique<span>\u00a0<\/span><a href=\"http:\/\/clubedeviagensmoms.com.br\/homolog\/vamos-viajar\/hoteis\/\" target=\"_blank\" rel=\"noopener noreferrer\">aqui<\/a>!<\/p>\n","protected":false},"excerpt":{"rendered":"<p>Su\u00edtes Beach Park Resort: Com a ambienta\u00e7\u00e3o r\u00fastica e muito confort\u00e1vel, o Su\u00edtes j\u00e1 causa uma r\u00e1pida sensa\u00e7\u00e3o de acolhimento para os seus h\u00f3spedes!<\/p>\n","protected":false},"featured_media":1180,"comment_status":"closed","ping_status":"closed","template":"","meta":[],"product_cat":[21],"product_tag":[26,172,27,28,29,30,31,32,33,174,34,35,36,195,38,39,40],"class_list":["post-3997","product","type-product","status-publish","has-post-thumbnail","hentry","product_cat-hoteis","product_tag-beach-park","product_tag-ceara","product_tag-clube-de-viagens-moms","product_tag-clube-moms","product_tag-criancas","product_tag-diversao","product_tag-diversao-em-familia","product_tag-ferias","product_tag-ferias-em-familia","product_tag-hoteis-que-indicamos","product_tag-nordeste","product_tag-recreacao","product_tag-resort","product_tag-suites-beach-park-resort","product_tag-viagem","product_tag-viagem-com-criancas","product_tag-viagem-em-familia","pa_destino-ceara"],"acf":[],"yoast_head":"<!-- This site is optimized with the Yoast SEO Premium plugin v16.0.2 (Yoast SEO v21.2) - https:\/\/yoast.com\/wordpress\/plugins\/seo\/ -->\n<title>Su\u00edtes Beach Park Resort - Clube Moms<\/title>\n<meta name=\"description\" content=\"Su\u00edtes Beach Park Resort: Com a ambienta\u00e7\u00e3o r\u00fastica e muito confort\u00e1vel, o Su\u00edtes j\u00e1 causa uma r\u00e1pida sensa\u00e7\u00e3o de acolhimento para os seus h\u00f3spedes!\" \/>\n<meta name=\"robots\" content=\"index, follow, max-snippet:-1, max-image-preview:large, max-video-preview:-1\" \/>\n<link rel=\"canonical\" href=\"https:\/\/clubedeviagensmoms.com.br\/homolog\/produto\/suites-beach-park-resort\/\" \/>\n<meta property=\"og:locale\" content=\"pt_BR\" \/>\n<meta property=\"og:type\" content=\"article\" \/>\n<meta property=\"og:title\" content=\"Su\u00edtes Beach Park Resort - Clube Moms\" \/>\n<meta property=\"og:description\" content=\"Su\u00edtes Beach Park Resort: Com a ambienta\u00e7\u00e3o r\u00fastica e muito confort\u00e1vel, o Su\u00edtes j\u00e1 causa uma r\u00e1pida sensa\u00e7\u00e3o de acolhimento para os seus h\u00f3spedes!\" \/>\n<meta property=\"og:url\" content=\"https:\/\/clubedeviagensmoms.com.br\/homolog\/produto\/suites-beach-park-resort\/\" \/>\n<meta property=\"og:site_name\" content=\"Clube Moms\" \/>\n<meta property=\"article:modified_time\" content=\"2023-08-30T15:26:13+00:00\" \/>\n<meta property=\"og:image\" content=\"https:\/\/clubedeviagensmoms.com.br\/homolog\/wp-content\/uploads\/2021\/10\/Vista-do-Suites-Beach-Park-Resort-1024x536-1.jpg\" \/>\n\t<meta property=\"og:image:width\" content=\"1024\" \/>\n\t<meta property=\"og:image:height\" content=\"536\" \/>\n\t<meta property=\"og:image:type\" content=\"image\/jpeg\" \/>\n<meta name=\"twitter:card\" content=\"summary_large_image\" \/>\n<meta name=\"twitter:label1\" content=\"Est. tempo de leitura\" \/>\n\t<meta name=\"twitter:data1\" content=\"2 minutos\" \/>\n<script type=\"application\/ld+json\" class=\"yoast-schema-graph\">{\"@context\":\"https:\/\/schema.org\",\"@graph\":[{\"@type\":\"WebPage\",\"@id\":\"https:\/\/clubedeviagensmoms.com.br\/homolog\/produto\/suites-beach-park-resort\/\",\"url\":\"https:\/\/clubedeviagensmoms.com.br\/homolog\/produto\/suites-beach-park-resort\/\",\"name\":\"Su\u00edtes Beach Park Resort - Clube Moms\",\"isPartOf\":{\"@id\":\"https:\/\/clubedeviagensmoms.com.br\/homolog\/#website\"},\"datePublished\":\"2021-10-29T22:55:21+00:00\",\"dateModified\":\"2023-08-30T15:26:13+00:00\",\"description\":\"Su\u00edtes Beach Park Resort: Com a ambienta\u00e7\u00e3o r\u00fastica e muito confort\u00e1vel, o Su\u00edtes j\u00e1 causa uma r\u00e1pida sensa\u00e7\u00e3o de acolhimento para os seus h\u00f3spedes!\",\"breadcrumb\":{\"@id\":\"https:\/\/clubedeviagensmoms.com.br\/homolog\/produto\/suites-beach-park-resort\/#breadcrumb\"},\"inLanguage\":\"pt-BR\",\"potentialAction\":[{\"@type\":\"ReadAction\",\"target\":[\"https:\/\/clubedeviagensmoms.com.br\/homolog\/produto\/suites-beach-park-resort\/\"]}]},{\"@type\":\"BreadcrumbList\",\"@id\":\"https:\/\/clubedeviagensmoms.com.br\/homolog\/produto\/suites-beach-park-resort\/#breadcrumb\",\"itemListElement\":[{\"@type\":\"ListItem\",\"position\":1,\"name\":\"Home\",\"item\":\"https:\/\/clubedeviagensmoms.com.br\/homolog\/\"},{\"@type\":\"ListItem\",\"position\":2,\"name\":\"Vamos Viajar\",\"item\":\"https:\/\/clubedeviagensmoms.com.br\/homolog\/shop\/\"},{\"@type\":\"ListItem\",\"position\":3,\"name\":\"Su\u00edtes Beach Park Resort\"}]},{\"@type\":\"WebSite\",\"@id\":\"https:\/\/clubedeviagensmoms.com.br\/homolog\/#website\",\"url\":\"https:\/\/clubedeviagensmoms.com.br\/homolog\/\",\"name\":\"Clube Moms\",\"description\":\"O Clube Moms \u00e9 uma ag\u00eancia de turismo com foco em fam\u00edlias com crian\u00e7as, que uno os conceitos de Consultoria Especializada e Clube de Vantagens.\",\"potentialAction\":[{\"@type\":\"SearchAction\",\"target\":{\"@type\":\"EntryPoint\",\"urlTemplate\":\"https:\/\/clubedeviagensmoms.com.br\/homolog\/?s={search_term_string}\"},\"query-input\":\"required name=search_term_string\"}],\"inLanguage\":\"pt-BR\"}]}<\/script>\n<!-- \/ Yoast SEO Premium plugin. -->","yoast_head_json":{"title":"Su\u00edtes Beach Park Resort - Clube Moms","description":"Su\u00edtes Beach Park Resort: Com a ambienta\u00e7\u00e3o r\u00fastica e muito confort\u00e1vel, o Su\u00edtes j\u00e1 causa uma r\u00e1pida sensa\u00e7\u00e3o de acolhimento para os seus h\u00f3spedes!","robots":{"index":"index","follow":"follow","max-snippet":"max-snippet:-1","max-image-preview":"max-image-preview:large","max-video-preview":"max-video-preview:-1"},"canonical":"https:\/\/clubedeviagensmoms.com.br\/homolog\/produto\/suites-beach-park-resort\/","og_locale":"pt_BR","og_type":"article","og_title":"Su\u00edtes Beach Park Resort - Clube Moms","og_description":"Su\u00edtes Beach Park Resort: Com a ambienta\u00e7\u00e3o r\u00fastica e muito confort\u00e1vel, o Su\u00edtes j\u00e1 causa uma r\u00e1pida sensa\u00e7\u00e3o de acolhimento para os seus h\u00f3spedes!","og_url":"https:\/\/clubedeviagensmoms.com.br\/homolog\/produto\/suites-beach-park-resort\/","og_site_name":"Clube Moms","article_modified_time":"2023-08-30T15:26:13+00:00","og_image":[{"width":1024,"height":536,"url":"https:\/\/clubedeviagensmoms.com.br\/homolog\/wp-content\/uploads\/2021\/10\/Vista-do-Suites-Beach-Park-Resort-1024x536-1.jpg","type":"image\/jpeg"}],"twitter_card":"summary_large_image","twitter_misc":{"Est. tempo de leitura":"2 minutos"},"schema":{"@context":"https:\/\/schema.org","@graph":[{"@type":"WebPage","@id":"https:\/\/clubedeviagensmoms.com.br\/homolog\/produto\/suites-beach-park-resort\/","url":"https:\/\/clubedeviagensmoms.com.br\/homolog\/produto\/suites-beach-park-resort\/","name":"Su\u00edtes Beach Park Resort - Clube Moms","isPartOf":{"@id":"https:\/\/clubedeviagensmoms.com.br\/homolog\/#website"},"datePublished":"2021-10-29T22:55:21+00:00","dateModified":"2023-08-30T15:26:13+00:00","description":"Su\u00edtes Beach Park Resort: Com a ambienta\u00e7\u00e3o r\u00fastica e muito confort\u00e1vel, o Su\u00edtes j\u00e1 causa uma r\u00e1pida sensa\u00e7\u00e3o de acolhimento para os seus h\u00f3spedes!","breadcrumb":{"@id":"https:\/\/clubedeviagensmoms.com.br\/homolog\/produto\/suites-beach-park-resort\/#breadcrumb"},"inLanguage":"pt-BR","potentialAction":[{"@type":"ReadAction","target":["https:\/\/clubedeviagensmoms.com.br\/homolog\/produto\/suites-beach-park-resort\/"]}]},{"@type":"BreadcrumbList","@id":"https:\/\/clubedeviagensmoms.com.br\/homolog\/produto\/suites-beach-park-resort\/#breadcrumb","itemListElement":[{"@type":"ListItem","position":1,"name":"Home","item":"https:\/\/clubedeviagensmoms.com.br\/homolog\/"},{"@type":"ListItem","position":2,"name":"Vamos Viajar","item":"https:\/\/clubedeviagensmoms.com.br\/homolog\/shop\/"},{"@type":"ListItem","position":3,"name":"Su\u00edtes Beach Park Resort"}]},{"@type":"WebSite","@id":"https:\/\/clubedeviagensmoms.com.br\/homolog\/#website","url":"https:\/\/clubedeviagensmoms.com.br\/homolog\/","name":"Clube Moms","description":"O Clube Moms \u00e9 uma ag\u00eancia de turismo com foco em fam\u00edlias com crian\u00e7as, que uno os conceitos de Consultoria Especializada e Clube de Vantagens.","potentialAction":[{"@type":"SearchAction","target":{"@type":"EntryPoint","urlTemplate":"https:\/\/clubedeviagensmoms.com.br\/homolog\/?s={search_term_string}"},"query-input":"required name=search_term_string"}],"inLanguage":"pt-BR"}]}},"_links":{"self":[{"href":"https:\/\/clubedeviagensmoms.com.br\/homolog\/wp-json\/wp\/v2\/product\/3997","targetHints":{"allow":["GET"]}}],"collection":[{"href":"https:\/\/clubedeviagensmoms.com.br\/homolog\/wp-json\/wp\/v2\/product"}],"about":[{"href":"https:\/\/clubedeviagensmoms.com.br\/homolog\/wp-json\/wp\/v2\/types\/product"}],"replies":[{"embeddable":true,"href":"https:\/\/clubedeviagensmoms.com.br\/homolog\/wp-json\/wp\/v2\/comments?post=3997"}],"wp:featuredmedia":[{"embeddable":true,"href":"https:\/\/clubedeviagensmoms.com.br\/homolog\/wp-json\/wp\/v2\/media\/1180"}],"wp:attachment":[{"href":"https:\/\/clubedeviagensmoms.com.br\/homolog\/wp-json\/wp\/v2\/media?parent=3997"}],"wp:term":[{"taxonomy":"product_cat","embeddable":true,"href":"https:\/\/clubedeviagensmoms.com.br\/homolog\/wp-json\/wp\/v2\/product_cat?post=3997"},{"taxonomy":"product_tag","embeddable":true,"href":"https:\/\/clubedeviagensmoms.com.br\/homolog\/wp-json\/wp\/v2\/product_tag?post=3997"}],"curies":[{"name":"wp","href":"https:\/\/api.w.org\/{rel}","templated":true}]}}