{"id":4002,"date":"2021-10-29T19:55:22","date_gmt":"2021-10-29T22:55:22","guid":{"rendered":"http:\/\/clubedeviagensmoms.com.br\/homolog\/taober_wp\/?post_type=product&#038;p=4002"},"modified":"2023-08-30T12:26:10","modified_gmt":"2023-08-30T15:26:10","slug":"rio-quente-hotel-turismo","status":"publish","type":"product","link":"https:\/\/clubedeviagensmoms.com.br\/homolog\/produto\/rio-quente-hotel-turismo\/","title":{"rendered":"Rio Quente Hotel Turismo"},"content":{"rendered":"<p>O\u00a0Hotel Turismo\u00a0une conforto e boa localiza\u00e7\u00e3o dentro do complexo do Rio Quente. \u00c9 ideal para quem quer aproveitar o para\u00edso das \u00e1guas naturalmente quentes, pois est\u00e1 localizado pr\u00f3ximo ao Parque das Fontes e ao Hot Park.<\/p>\n<p>Mas, se voc\u00ea deseja relaxar sem sair do hotel, pode ficar sossegado. O\u00a0hotel do Rio Quente\u00a0conta com duas piscinas exclusivas e com o Stella Artois Lounge, onde voc\u00ea encontra petiscos maravilhoso e bebidas refrescantes.<\/p>\n<p>Al\u00e9m disso, voc\u00ea pode curtir a natureza ouvindo o canto dos p\u00e1ssaros no incr\u00edvel jardim projetado pelo arquiteto paisagista Burle Marx.<\/p>\n<p>Se tem filhos pequenos ent\u00e3o esse \u00e9 mesmo o hotel perfeito para voc\u00ea. A Equipe Boto de Recrea\u00e7\u00e3o prepara uma s\u00e9rie de atividades para as crian\u00e7as no Kids Club. O hotel conta tamb\u00e9m com a Copa do Beb\u00ea, um espa\u00e7o preparado para todas as necessidades do seu nen\u00e9m.<\/p>\n<p>Com uma arquitetura de tirar o f\u00f4lego, totalmente projetada para oferecer experi\u00eancias inesquec\u00edveis em todas as suas \u00e1reas, fornecendo a melhor vista para os lugares mais incr\u00edveis do Rio Quente, o Hotel Turismo \u00e9 a op\u00e7\u00e3o perfeita para quem n\u00e3o vive desconectado e tamb\u00e9m para fam\u00edlias com crian\u00e7as das mais diversas idades.<\/p>\n<p>&nbsp;<\/p>\n<p>Venha conhecer e desfrutar do Rio Quente Hotel Turismo! Voc\u00ea n\u00e3o vai se arrepender!<\/p>\n<p>Se voc\u00ea ainda n\u00e3o conhece nossas redes sociais, vem dar uma conferida no nosso<span>\u00a0<\/span><a href=\"https:\/\/www.instagram.com\/clubedeviagensmoms\/\">Instagram<\/a><span>\u00a0<\/span>e tamb\u00e9m na nossa<span>\u00a0<\/span><a href=\"https:\/\/www.facebook.com\/ClubeDeViagensMoms\/?hc_ref=ARREVFAUN6kemqQPikWPR6yOVqfolWuZ4Gm2u6EX4fJ2-jyHER8eDB5si8DvGkabbOE&amp;fref=nf&amp;__xts__[0]=68.ARAXJqd_Jm68dG9qh_a7A_hAS8hHGdRg1Cq8Je9my1EPnGBRo26TI37xs6IY6NhynKSzyIDhPcBRqvr6Nzuwi7g2W4UPO84T0-vU7mWKXia_C51FzzqVsE3HthHbuQetTo9gapY&amp;__tn__=kC-R\">p\u00e1gina do Facebook<\/a>! Al\u00e9m disso, temos um<span>\u00a0<\/span><a href=\"https:\/\/www.facebook.com\/groups\/clubedeviagensmoms\/\">grupo do Facebook<\/a>, ent\u00e3o, venha fazer parte!<\/p>\n<p>E, por fim, se voc\u00ea quiser conferir nossos outros hot\u00e9is parceiros, clique<span>\u00a0<\/span><a href=\"http:\/\/clubedeviagensmoms.com.br\/homolog\/vamos-viajar\/hoteis\/\" target=\"_blank\" rel=\"noopener noreferrer\">aqui<\/a>!<\/p>\n","protected":false},"excerpt":{"rendered":"<p>Rio Quente Hotel Turismo: o Hotel Turismo \u00e9 a op\u00e7\u00e3o perfeita para quem n\u00e3o vive desconectado e tamb\u00e9m para fam\u00edlias com crian\u00e7as das mais diversas idades!<\/p>\n","protected":false},"featured_media":1242,"comment_status":"closed","ping_status":"closed","template":"","meta":[],"product_cat":[21],"product_tag":[27,28,29,30,31,32,33,35,36,37,38,39,40],"class_list":["post-4002","product","type-product","status-publish","has-post-thumbnail","hentry","product_cat-hoteis","product_tag-clube-de-viagens-moms","product_tag-clube-moms","product_tag-criancas","product_tag-diversao","product_tag-diversao-em-familia","product_tag-ferias","product_tag-ferias-em-familia","product_tag-recreacao","product_tag-resort","product_tag-rio-de-janeiro","product_tag-viagem","product_tag-viagem-com-criancas","product_tag-viagem-em-familia","pa_destino-goias","pa_estrutura-lazer-academia","pa_estrutura-lazer-bar","pa_estrutura-lazer-copa-baby","pa_estrutura-lazer-estacionamento","pa_estrutura-lazer-kids-club","pa_estrutura-lazer-parque-aquatico","pa_estrutura-lazer-piscina","pa_estrutura-lazer-restaurante","pa_regime-de-alimentacao-meia-pensao","pa_servicos-opcionais-spa","pa_tipos-de-destinos-resorts"],"acf":[],"yoast_head":"<!-- This site is optimized with the Yoast SEO Premium plugin v16.0.2 (Yoast SEO v21.2) - https:\/\/yoast.com\/wordpress\/plugins\/seo\/ -->\n<title>Rio Quente Hotel Turismo - Clube Moms<\/title>\n<meta name=\"description\" content=\"Rio Quente Hotel Turismo \u00e9 a op\u00e7\u00e3o perfeita para quem n\u00e3o vive desconectado e tamb\u00e9m para fam\u00edlias com crian\u00e7as das mais diversas idades!\" \/>\n<meta name=\"robots\" content=\"index, follow, max-snippet:-1, max-image-preview:large, max-video-preview:-1\" \/>\n<link rel=\"canonical\" href=\"https:\/\/clubedeviagensmoms.com.br\/homolog\/produto\/rio-quente-hotel-turismo\/\" \/>\n<meta property=\"og:locale\" content=\"pt_BR\" \/>\n<meta property=\"og:type\" content=\"article\" \/>\n<meta property=\"og:title\" content=\"Rio Quente Hotel Turismo - Clube Moms\" \/>\n<meta property=\"og:description\" content=\"Rio Quente Hotel Turismo \u00e9 a op\u00e7\u00e3o perfeita para quem n\u00e3o vive desconectado e tamb\u00e9m para fam\u00edlias com crian\u00e7as das mais diversas idades!\" \/>\n<meta property=\"og:url\" content=\"https:\/\/clubedeviagensmoms.com.br\/homolog\/produto\/rio-quente-hotel-turismo\/\" \/>\n<meta property=\"og:site_name\" content=\"Clube Moms\" \/>\n<meta property=\"article:modified_time\" content=\"2023-08-30T15:26:10+00:00\" \/>\n<meta property=\"og:image\" content=\"https:\/\/clubedeviagensmoms.com.br\/homolog\/wp-content\/uploads\/2021\/10\/Rio-Quente-Hotel-Turismo-Visao-Geral.jpg\" \/>\n\t<meta property=\"og:image:width\" content=\"1200\" \/>\n\t<meta property=\"og:image:height\" content=\"628\" \/>\n\t<meta property=\"og:image:type\" content=\"image\/jpeg\" \/>\n<meta name=\"twitter:card\" content=\"summary_large_image\" \/>\n<meta name=\"twitter:label1\" content=\"Est. tempo de leitura\" \/>\n\t<meta name=\"twitter:data1\" content=\"1 minuto\" \/>\n<script type=\"application\/ld+json\" class=\"yoast-schema-graph\">{\"@context\":\"https:\/\/schema.org\",\"@graph\":[{\"@type\":\"WebPage\",\"@id\":\"https:\/\/clubedeviagensmoms.com.br\/homolog\/produto\/rio-quente-hotel-turismo\/\",\"url\":\"https:\/\/clubedeviagensmoms.com.br\/homolog\/produto\/rio-quente-hotel-turismo\/\",\"name\":\"Rio Quente Hotel Turismo - Clube Moms\",\"isPartOf\":{\"@id\":\"https:\/\/clubedeviagensmoms.com.br\/homolog\/#website\"},\"datePublished\":\"2021-10-29T22:55:22+00:00\",\"dateModified\":\"2023-08-30T15:26:10+00:00\",\"description\":\"Rio Quente Hotel Turismo \u00e9 a op\u00e7\u00e3o perfeita para quem n\u00e3o vive desconectado e tamb\u00e9m para fam\u00edlias com crian\u00e7as das mais diversas idades!\",\"breadcrumb\":{\"@id\":\"https:\/\/clubedeviagensmoms.com.br\/homolog\/produto\/rio-quente-hotel-turismo\/#breadcrumb\"},\"inLanguage\":\"pt-BR\",\"potentialAction\":[{\"@type\":\"ReadAction\",\"target\":[\"https:\/\/clubedeviagensmoms.com.br\/homolog\/produto\/rio-quente-hotel-turismo\/\"]}]},{\"@type\":\"BreadcrumbList\",\"@id\":\"https:\/\/clubedeviagensmoms.com.br\/homolog\/produto\/rio-quente-hotel-turismo\/#breadcrumb\",\"itemListElement\":[{\"@type\":\"ListItem\",\"position\":1,\"name\":\"Home\",\"item\":\"https:\/\/clubedeviagensmoms.com.br\/homolog\/\"},{\"@type\":\"ListItem\",\"position\":2,\"name\":\"Vamos Viajar\",\"item\":\"https:\/\/clubedeviagensmoms.com.br\/homolog\/shop\/\"},{\"@type\":\"ListItem\",\"position\":3,\"name\":\"Rio Quente Hotel Turismo\"}]},{\"@type\":\"WebSite\",\"@id\":\"https:\/\/clubedeviagensmoms.com.br\/homolog\/#website\",\"url\":\"https:\/\/clubedeviagensmoms.com.br\/homolog\/\",\"name\":\"Clube Moms\",\"description\":\"O Clube Moms \u00e9 uma ag\u00eancia de turismo com foco em fam\u00edlias com crian\u00e7as, que uno os conceitos de Consultoria Especializada e Clube de Vantagens.\",\"potentialAction\":[{\"@type\":\"SearchAction\",\"target\":{\"@type\":\"EntryPoint\",\"urlTemplate\":\"https:\/\/clubedeviagensmoms.com.br\/homolog\/?s={search_term_string}\"},\"query-input\":\"required name=search_term_string\"}],\"inLanguage\":\"pt-BR\"}]}<\/script>\n<!-- \/ Yoast SEO Premium plugin. -->","yoast_head_json":{"title":"Rio Quente Hotel Turismo - Clube Moms","description":"Rio Quente Hotel Turismo \u00e9 a op\u00e7\u00e3o perfeita para quem n\u00e3o vive desconectado e tamb\u00e9m para fam\u00edlias com crian\u00e7as das mais diversas idades!","robots":{"index":"index","follow":"follow","max-snippet":"max-snippet:-1","max-image-preview":"max-image-preview:large","max-video-preview":"max-video-preview:-1"},"canonical":"https:\/\/clubedeviagensmoms.com.br\/homolog\/produto\/rio-quente-hotel-turismo\/","og_locale":"pt_BR","og_type":"article","og_title":"Rio Quente Hotel Turismo - Clube Moms","og_description":"Rio Quente Hotel Turismo \u00e9 a op\u00e7\u00e3o perfeita para quem n\u00e3o vive desconectado e tamb\u00e9m para fam\u00edlias com crian\u00e7as das mais diversas idades!","og_url":"https:\/\/clubedeviagensmoms.com.br\/homolog\/produto\/rio-quente-hotel-turismo\/","og_site_name":"Clube Moms","article_modified_time":"2023-08-30T15:26:10+00:00","og_image":[{"width":1200,"height":628,"url":"https:\/\/clubedeviagensmoms.com.br\/homolog\/wp-content\/uploads\/2021\/10\/Rio-Quente-Hotel-Turismo-Visao-Geral.jpg","type":"image\/jpeg"}],"twitter_card":"summary_large_image","twitter_misc":{"Est. tempo de leitura":"1 minuto"},"schema":{"@context":"https:\/\/schema.org","@graph":[{"@type":"WebPage","@id":"https:\/\/clubedeviagensmoms.com.br\/homolog\/produto\/rio-quente-hotel-turismo\/","url":"https:\/\/clubedeviagensmoms.com.br\/homolog\/produto\/rio-quente-hotel-turismo\/","name":"Rio Quente Hotel Turismo - Clube Moms","isPartOf":{"@id":"https:\/\/clubedeviagensmoms.com.br\/homolog\/#website"},"datePublished":"2021-10-29T22:55:22+00:00","dateModified":"2023-08-30T15:26:10+00:00","description":"Rio Quente Hotel Turismo \u00e9 a op\u00e7\u00e3o perfeita para quem n\u00e3o vive desconectado e tamb\u00e9m para fam\u00edlias com crian\u00e7as das mais diversas idades!","breadcrumb":{"@id":"https:\/\/clubedeviagensmoms.com.br\/homolog\/produto\/rio-quente-hotel-turismo\/#breadcrumb"},"inLanguage":"pt-BR","potentialAction":[{"@type":"ReadAction","target":["https:\/\/clubedeviagensmoms.com.br\/homolog\/produto\/rio-quente-hotel-turismo\/"]}]},{"@type":"BreadcrumbList","@id":"https:\/\/clubedeviagensmoms.com.br\/homolog\/produto\/rio-quente-hotel-turismo\/#breadcrumb","itemListElement":[{"@type":"ListItem","position":1,"name":"Home","item":"https:\/\/clubedeviagensmoms.com.br\/homolog\/"},{"@type":"ListItem","position":2,"name":"Vamos Viajar","item":"https:\/\/clubedeviagensmoms.com.br\/homolog\/shop\/"},{"@type":"ListItem","position":3,"name":"Rio Quente Hotel Turismo"}]},{"@type":"WebSite","@id":"https:\/\/clubedeviagensmoms.com.br\/homolog\/#website","url":"https:\/\/clubedeviagensmoms.com.br\/homolog\/","name":"Clube Moms","description":"O Clube Moms \u00e9 uma ag\u00eancia de turismo com foco em fam\u00edlias com crian\u00e7as, que uno os conceitos de Consultoria Especializada e Clube de Vantagens.","potentialAction":[{"@type":"SearchAction","target":{"@type":"EntryPoint","urlTemplate":"https:\/\/clubedeviagensmoms.com.br\/homolog\/?s={search_term_string}"},"query-input":"required name=search_term_string"}],"inLanguage":"pt-BR"}]}},"_links":{"self":[{"href":"https:\/\/clubedeviagensmoms.com.br\/homolog\/wp-json\/wp\/v2\/product\/4002","targetHints":{"allow":["GET"]}}],"collection":[{"href":"https:\/\/clubedeviagensmoms.com.br\/homolog\/wp-json\/wp\/v2\/product"}],"about":[{"href":"https:\/\/clubedeviagensmoms.com.br\/homolog\/wp-json\/wp\/v2\/types\/product"}],"replies":[{"embeddable":true,"href":"https:\/\/clubedeviagensmoms.com.br\/homolog\/wp-json\/wp\/v2\/comments?post=4002"}],"wp:featuredmedia":[{"embeddable":true,"href":"https:\/\/clubedeviagensmoms.com.br\/homolog\/wp-json\/wp\/v2\/media\/1242"}],"wp:attachment":[{"href":"https:\/\/clubedeviagensmoms.com.br\/homolog\/wp-json\/wp\/v2\/media?parent=4002"}],"wp:term":[{"taxonomy":"product_cat","embeddable":true,"href":"https:\/\/clubedeviagensmoms.com.br\/homolog\/wp-json\/wp\/v2\/product_cat?post=4002"},{"taxonomy":"product_tag","embeddable":true,"href":"https:\/\/clubedeviagensmoms.com.br\/homolog\/wp-json\/wp\/v2\/product_tag?post=4002"}],"curies":[{"name":"wp","href":"https:\/\/api.w.org\/{rel}","templated":true}]}}