{"id":4003,"date":"2021-10-29T19:55:22","date_gmt":"2021-10-29T22:55:22","guid":{"rendered":"http:\/\/clubedeviagensmoms.com.br\/homolog\/taober_wp\/?post_type=product&#038;p=4003"},"modified":"2023-08-30T12:26:10","modified_gmt":"2023-08-30T15:26:10","slug":"rio-quente-hotel-pousada","status":"publish","type":"product","link":"https:\/\/clubedeviagensmoms.com.br\/homolog\/produto\/rio-quente-hotel-pousada\/","title":{"rendered":"Rio Quente Hotel Pousada"},"content":{"rendered":"<p>Trazendo o equil\u00edbrio perfeito entre tradi\u00e7\u00e3o e modernidade, o hotel que deu origem a todo o complexo do Parque, o Rio Quente Hotel Pousada \u00e9 perfeito para relaxar e aproveitar o que o resort tem de melhor em sua viagem.<\/p>\n<p>Por ter sido o primeiro hotel do Rio Quente, ele possui uma localiza\u00e7\u00e3o extremamente privilegiada. Assim, o Hotel Pousada est\u00e1 pertinho do Parque das Fontes, um universo de piscinas e fontes de \u00e1guas naturalmente quentes, e do incr\u00edvel Hot Park.<\/p>\n<p>Al\u00e9m disso, se voc\u00ea estiver viajando com o seu beb\u00ea, n\u00e3o ter\u00e1 com o que se preocupar, o hotel conta com a Copa Beb\u00ea, um espa\u00e7o com todos os utens\u00edlios necess\u00e1rios para preparar a comida do seu filho e higienizar as mamadeiras.<\/p>\n<p>Apesar de toda a moderniza\u00e7\u00e3o pela qual o hotel passou, ele ainda possui uma atmosfera extremamente acolhedora, t\u00edpica das pousadas. Al\u00e9m disso, em suas depend\u00eancias, voc\u00ea encontra restaurantes e bares que ir\u00e3o proporcionar experi\u00eancias inesquec\u00edveis!<\/p>\n<p>Al\u00e9m de todo o conforto e comodidade proporcionados pelo hotel, os h\u00f3spedes da\u00a0pousada do Rio Quente\u00a0tem acesso ilimitado ao Parque das Fontes, ao Hot Park e ao Eko Aventura Park.<\/p>\n<p>&nbsp;<\/p>\n<p>Venha conhecer e desfrutar do Rio Quente Hotel Pousada! Voc\u00ea n\u00e3o vai se arrepender!<\/p>\n<p>Se voc\u00ea ainda n\u00e3o conhece nossas redes sociais, vem dar uma conferida no nosso<span>\u00a0<\/span><a href=\"https:\/\/www.instagram.com\/clubedeviagensmoms\/\">Instagram<\/a><span>\u00a0<\/span>e tamb\u00e9m na nossa<span>\u00a0<\/span><a href=\"https:\/\/www.facebook.com\/ClubeDeViagensMoms\/?hc_ref=ARREVFAUN6kemqQPikWPR6yOVqfolWuZ4Gm2u6EX4fJ2-jyHER8eDB5si8DvGkabbOE&amp;fref=nf&amp;__xts__[0]=68.ARAXJqd_Jm68dG9qh_a7A_hAS8hHGdRg1Cq8Je9my1EPnGBRo26TI37xs6IY6NhynKSzyIDhPcBRqvr6Nzuwi7g2W4UPO84T0-vU7mWKXia_C51FzzqVsE3HthHbuQetTo9gapY&amp;__tn__=kC-R\">p\u00e1gina do Facebook<\/a>! Al\u00e9m disso, temos um<span>\u00a0<\/span><a href=\"https:\/\/www.facebook.com\/groups\/clubedeviagensmoms\/\">grupo do Facebook<\/a>, ent\u00e3o, venha fazer parte!<\/p>\n<p>E, por fim, se voc\u00ea quiser conferir nossos outros hot\u00e9is parceiros, clique<span>\u00a0<\/span><a href=\"http:\/\/clubedeviagensmoms.com.br\/homolog\/vamos-viajar\/hoteis\/\" target=\"_blank\" rel=\"noopener noreferrer\">aqui<\/a>!<\/p>\n","protected":false},"excerpt":{"rendered":"<p>Rio Quente Hotel Pousada: lugar perfeito para relaxar e aproveitar o que o resort tem de melhor em sua viagem em fam\u00edlia!<\/p>\n","protected":false},"featured_media":1253,"comment_status":"closed","ping_status":"closed","template":"","meta":[],"product_cat":[21],"product_tag":[27,28,29,30,31,32,33,35,36,37,38,39,40],"class_list":["post-4003","product","type-product","status-publish","has-post-thumbnail","hentry","product_cat-hoteis","product_tag-clube-de-viagens-moms","product_tag-clube-moms","product_tag-criancas","product_tag-diversao","product_tag-diversao-em-familia","product_tag-ferias","product_tag-ferias-em-familia","product_tag-recreacao","product_tag-resort","product_tag-rio-de-janeiro","product_tag-viagem","product_tag-viagem-com-criancas","product_tag-viagem-em-familia","pa_destino-goias","pa_estrutura-lazer-academia","pa_estrutura-lazer-bar","pa_estrutura-lazer-copa-baby","pa_estrutura-lazer-estacionamento","pa_estrutura-lazer-parque-aquatico","pa_estrutura-lazer-piscina","pa_estrutura-lazer-restaurante","pa_regime-de-alimentacao-meia-pensao","pa_tipos-de-destinos-pousada"],"acf":[],"yoast_head":"<!-- This site is optimized with the Yoast SEO Premium plugin v16.0.2 (Yoast SEO v21.2) - https:\/\/yoast.com\/wordpress\/plugins\/seo\/ -->\n<title>Rio Quente Hotel Pousada - Clube Moms<\/title>\n<meta name=\"description\" content=\"Rio Quente Hotel Pousada: lugar perfeito para relaxar e aproveitar o que o resort tem de melhor em sua viagem em fam\u00edlia!\" \/>\n<meta name=\"robots\" content=\"index, follow, max-snippet:-1, max-image-preview:large, max-video-preview:-1\" \/>\n<link rel=\"canonical\" href=\"https:\/\/clubedeviagensmoms.com.br\/homolog\/produto\/rio-quente-hotel-pousada\/\" \/>\n<meta property=\"og:locale\" content=\"pt_BR\" \/>\n<meta property=\"og:type\" content=\"article\" \/>\n<meta property=\"og:title\" content=\"Rio Quente Hotel Pousada - Clube Moms\" \/>\n<meta property=\"og:description\" content=\"Rio Quente Hotel Pousada: lugar perfeito para relaxar e aproveitar o que o resort tem de melhor em sua viagem em fam\u00edlia!\" \/>\n<meta property=\"og:url\" content=\"https:\/\/clubedeviagensmoms.com.br\/homolog\/produto\/rio-quente-hotel-pousada\/\" \/>\n<meta property=\"og:site_name\" content=\"Clube Moms\" \/>\n<meta property=\"article:modified_time\" content=\"2023-08-30T15:26:10+00:00\" \/>\n<meta property=\"og:image\" content=\"https:\/\/clubedeviagensmoms.com.br\/homolog\/wp-content\/uploads\/2021\/10\/Visao-Geral-Noturna-Hotel-Pousada-Rio-Quente-1024x536-1.jpg\" \/>\n\t<meta property=\"og:image:width\" content=\"1024\" \/>\n\t<meta property=\"og:image:height\" content=\"536\" \/>\n\t<meta property=\"og:image:type\" content=\"image\/jpeg\" \/>\n<meta name=\"twitter:card\" content=\"summary_large_image\" \/>\n<meta name=\"twitter:label1\" content=\"Est. tempo de leitura\" \/>\n\t<meta name=\"twitter:data1\" content=\"1 minuto\" \/>\n<script type=\"application\/ld+json\" class=\"yoast-schema-graph\">{\"@context\":\"https:\/\/schema.org\",\"@graph\":[{\"@type\":\"WebPage\",\"@id\":\"https:\/\/clubedeviagensmoms.com.br\/homolog\/produto\/rio-quente-hotel-pousada\/\",\"url\":\"https:\/\/clubedeviagensmoms.com.br\/homolog\/produto\/rio-quente-hotel-pousada\/\",\"name\":\"Rio Quente Hotel Pousada - Clube Moms\",\"isPartOf\":{\"@id\":\"https:\/\/clubedeviagensmoms.com.br\/homolog\/#website\"},\"datePublished\":\"2021-10-29T22:55:22+00:00\",\"dateModified\":\"2023-08-30T15:26:10+00:00\",\"description\":\"Rio Quente Hotel Pousada: lugar perfeito para relaxar e aproveitar o que o resort tem de melhor em sua viagem em fam\u00edlia!\",\"breadcrumb\":{\"@id\":\"https:\/\/clubedeviagensmoms.com.br\/homolog\/produto\/rio-quente-hotel-pousada\/#breadcrumb\"},\"inLanguage\":\"pt-BR\",\"potentialAction\":[{\"@type\":\"ReadAction\",\"target\":[\"https:\/\/clubedeviagensmoms.com.br\/homolog\/produto\/rio-quente-hotel-pousada\/\"]}]},{\"@type\":\"BreadcrumbList\",\"@id\":\"https:\/\/clubedeviagensmoms.com.br\/homolog\/produto\/rio-quente-hotel-pousada\/#breadcrumb\",\"itemListElement\":[{\"@type\":\"ListItem\",\"position\":1,\"name\":\"Home\",\"item\":\"https:\/\/clubedeviagensmoms.com.br\/homolog\/\"},{\"@type\":\"ListItem\",\"position\":2,\"name\":\"Vamos Viajar\",\"item\":\"https:\/\/clubedeviagensmoms.com.br\/homolog\/shop\/\"},{\"@type\":\"ListItem\",\"position\":3,\"name\":\"Rio Quente Hotel Pousada\"}]},{\"@type\":\"WebSite\",\"@id\":\"https:\/\/clubedeviagensmoms.com.br\/homolog\/#website\",\"url\":\"https:\/\/clubedeviagensmoms.com.br\/homolog\/\",\"name\":\"Clube Moms\",\"description\":\"O Clube Moms \u00e9 uma ag\u00eancia de turismo com foco em fam\u00edlias com crian\u00e7as, que uno os conceitos de Consultoria Especializada e Clube de Vantagens.\",\"potentialAction\":[{\"@type\":\"SearchAction\",\"target\":{\"@type\":\"EntryPoint\",\"urlTemplate\":\"https:\/\/clubedeviagensmoms.com.br\/homolog\/?s={search_term_string}\"},\"query-input\":\"required name=search_term_string\"}],\"inLanguage\":\"pt-BR\"}]}<\/script>\n<!-- \/ Yoast SEO Premium plugin. -->","yoast_head_json":{"title":"Rio Quente Hotel Pousada - Clube Moms","description":"Rio Quente Hotel Pousada: lugar perfeito para relaxar e aproveitar o que o resort tem de melhor em sua viagem em fam\u00edlia!","robots":{"index":"index","follow":"follow","max-snippet":"max-snippet:-1","max-image-preview":"max-image-preview:large","max-video-preview":"max-video-preview:-1"},"canonical":"https:\/\/clubedeviagensmoms.com.br\/homolog\/produto\/rio-quente-hotel-pousada\/","og_locale":"pt_BR","og_type":"article","og_title":"Rio Quente Hotel Pousada - Clube Moms","og_description":"Rio Quente Hotel Pousada: lugar perfeito para relaxar e aproveitar o que o resort tem de melhor em sua viagem em fam\u00edlia!","og_url":"https:\/\/clubedeviagensmoms.com.br\/homolog\/produto\/rio-quente-hotel-pousada\/","og_site_name":"Clube Moms","article_modified_time":"2023-08-30T15:26:10+00:00","og_image":[{"width":1024,"height":536,"url":"https:\/\/clubedeviagensmoms.com.br\/homolog\/wp-content\/uploads\/2021\/10\/Visao-Geral-Noturna-Hotel-Pousada-Rio-Quente-1024x536-1.jpg","type":"image\/jpeg"}],"twitter_card":"summary_large_image","twitter_misc":{"Est. tempo de leitura":"1 minuto"},"schema":{"@context":"https:\/\/schema.org","@graph":[{"@type":"WebPage","@id":"https:\/\/clubedeviagensmoms.com.br\/homolog\/produto\/rio-quente-hotel-pousada\/","url":"https:\/\/clubedeviagensmoms.com.br\/homolog\/produto\/rio-quente-hotel-pousada\/","name":"Rio Quente Hotel Pousada - Clube Moms","isPartOf":{"@id":"https:\/\/clubedeviagensmoms.com.br\/homolog\/#website"},"datePublished":"2021-10-29T22:55:22+00:00","dateModified":"2023-08-30T15:26:10+00:00","description":"Rio Quente Hotel Pousada: lugar perfeito para relaxar e aproveitar o que o resort tem de melhor em sua viagem em fam\u00edlia!","breadcrumb":{"@id":"https:\/\/clubedeviagensmoms.com.br\/homolog\/produto\/rio-quente-hotel-pousada\/#breadcrumb"},"inLanguage":"pt-BR","potentialAction":[{"@type":"ReadAction","target":["https:\/\/clubedeviagensmoms.com.br\/homolog\/produto\/rio-quente-hotel-pousada\/"]}]},{"@type":"BreadcrumbList","@id":"https:\/\/clubedeviagensmoms.com.br\/homolog\/produto\/rio-quente-hotel-pousada\/#breadcrumb","itemListElement":[{"@type":"ListItem","position":1,"name":"Home","item":"https:\/\/clubedeviagensmoms.com.br\/homolog\/"},{"@type":"ListItem","position":2,"name":"Vamos Viajar","item":"https:\/\/clubedeviagensmoms.com.br\/homolog\/shop\/"},{"@type":"ListItem","position":3,"name":"Rio Quente Hotel Pousada"}]},{"@type":"WebSite","@id":"https:\/\/clubedeviagensmoms.com.br\/homolog\/#website","url":"https:\/\/clubedeviagensmoms.com.br\/homolog\/","name":"Clube Moms","description":"O Clube Moms \u00e9 uma ag\u00eancia de turismo com foco em fam\u00edlias com crian\u00e7as, que uno os conceitos de Consultoria Especializada e Clube de Vantagens.","potentialAction":[{"@type":"SearchAction","target":{"@type":"EntryPoint","urlTemplate":"https:\/\/clubedeviagensmoms.com.br\/homolog\/?s={search_term_string}"},"query-input":"required name=search_term_string"}],"inLanguage":"pt-BR"}]}},"_links":{"self":[{"href":"https:\/\/clubedeviagensmoms.com.br\/homolog\/wp-json\/wp\/v2\/product\/4003","targetHints":{"allow":["GET"]}}],"collection":[{"href":"https:\/\/clubedeviagensmoms.com.br\/homolog\/wp-json\/wp\/v2\/product"}],"about":[{"href":"https:\/\/clubedeviagensmoms.com.br\/homolog\/wp-json\/wp\/v2\/types\/product"}],"replies":[{"embeddable":true,"href":"https:\/\/clubedeviagensmoms.com.br\/homolog\/wp-json\/wp\/v2\/comments?post=4003"}],"wp:featuredmedia":[{"embeddable":true,"href":"https:\/\/clubedeviagensmoms.com.br\/homolog\/wp-json\/wp\/v2\/media\/1253"}],"wp:attachment":[{"href":"https:\/\/clubedeviagensmoms.com.br\/homolog\/wp-json\/wp\/v2\/media?parent=4003"}],"wp:term":[{"taxonomy":"product_cat","embeddable":true,"href":"https:\/\/clubedeviagensmoms.com.br\/homolog\/wp-json\/wp\/v2\/product_cat?post=4003"},{"taxonomy":"product_tag","embeddable":true,"href":"https:\/\/clubedeviagensmoms.com.br\/homolog\/wp-json\/wp\/v2\/product_tag?post=4003"}],"curies":[{"name":"wp","href":"https:\/\/api.w.org\/{rel}","templated":true}]}}