{"id":4005,"date":"2021-10-29T19:55:22","date_gmt":"2021-10-29T22:55:22","guid":{"rendered":"http:\/\/clubedeviagensmoms.com.br\/homolog\/taober_wp\/?post_type=product&#038;p=4005"},"modified":"2023-08-30T12:26:09","modified_gmt":"2023-08-30T15:26:09","slug":"pratagy-beach-all-inclusive-resort-wyndham","status":"publish","type":"product","link":"https:\/\/clubedeviagensmoms.com.br\/homolog\/produto\/pratagy-beach-all-inclusive-resort-wyndham\/","title":{"rendered":"Pratagy Beach All Inclusive Resort \u2013 Wyndham"},"content":{"rendered":"<h4>O primeiro resort all inclusive de Macei\u00f3 associado a ABR \u2013 Associa\u00e7\u00e3o Brasileira de Resorts, que proporciona sobretudo conforto e divers\u00e3o para toda a fam\u00edlia.<\/h4>\n<p>&nbsp;<\/p>\n<p>Em meio a um cen\u00e1rio paradis\u00edaco, banhado pelo rio Meirim e cercado pela exuber\u00e2ncia da Mata Atl\u00e2ntica, o Pratagy Beach All Inclusive Resort \u2013 Wyndham fica inserido em uma reserva ambiental e tem como \u00fanicos vizinhos apenas o rio e o mar.<\/p>\n<p>Para come\u00e7ar, para aprecia deliciosos pratos e bebidas sem custos adicionais. A cozinha do Pratagy Beach All Inclusive Resort \u2013 Wyndham inclui um card\u00e1pio variado de comidas e bebidas, oferecendo primordialmente uma excelente gastronomia no regime de All Inclusive, em hor\u00e1rios e locais pr\u00e9-fixados na programa\u00e7\u00e3o, al\u00e9m de drinks, petiscos e lanches para voc\u00ea aproveitar muito, e voc\u00ea n\u00e3o paga a mais por isso!<\/p>\n<p>Que tal viver momentos incr\u00edveis em um Resort com muito p\u00e9 na areia e lazer em fam\u00edlia? Aqui tem! Porque no Pratagy \u00e9 assim: muita divers\u00e3o, natureza e aventura para voc\u00ea aproveitar o melhor de Macei\u00f3. E a crian\u00e7ada n\u00e3o fica de fora. Temos v\u00e1rias atividades para os pequeninos durante todo o dia com instrutores, seja no Kids Clube ou ao ar livre.<\/p>\n<p>O Resort tamb\u00e9m oferece uma estrutura completa de lazer e entretenimento. S\u00e3o piscinas, quadras, jogos de praia e esportes n\u00e1uticos conforme uma programa\u00e7\u00e3o di\u00e1ria de atividades para todas as idades.<\/p>\n<p>Tudo isso, a 32 km do<span>\u00a0<\/span><a href=\"https:\/\/www.aenabrasil.com.br\/pt\/aeroportos\/aeroporto-internacional-de-maceio-zumbi-dos-palmares\/index.html\" target=\"_blank\" rel=\"noopener noreferrer\">Aeroporto Internacional de Macei\u00f3 \u2013 Zumbi dos Palmares<\/a><span>\u00a0<\/span>e a menos de 15 minutos da orla urbana de Macei\u00f3. Viva momentos inesquec\u00edveis nesse para\u00edso onde o sol bate ponto para voc\u00ea se divertir.<\/p>\n<p>Deixe suas f\u00e9rias ainda mais incr\u00edveis com os servi\u00e7os a parte do Pratagy Beach Resort, como o Spa, servi\u00e7o de fotografia, receptivo de viagens, transfer, lojas de conveni\u00eancia, de roupas e de lembrancinhas.<\/p>\n<p>&nbsp;<\/p>\n<p><span>Venha conhecer e desfrutar do Pratagy Beach Resort! Voc\u00ea n\u00e3o vai se arrepender!<\/span><\/p>\n<p>Se voc\u00ea ainda n\u00e3o conhece nossas redes sociais, vem dar uma conferida no nosso<span>\u00a0<\/span><a href=\"https:\/\/www.instagram.com\/clubedeviagensmoms\/\">Instagram<\/a><span>\u00a0<\/span>e tamb\u00e9m na nossa<span>\u00a0<\/span><a href=\"https:\/\/www.facebook.com\/ClubeDeViagensMoms\/?hc_ref=ARREVFAUN6kemqQPikWPR6yOVqfolWuZ4Gm2u6EX4fJ2-jyHER8eDB5si8DvGkabbOE&amp;fref=nf&amp;__xts__[0]=68.ARAXJqd_Jm68dG9qh_a7A_hAS8hHGdRg1Cq8Je9my1EPnGBRo26TI37xs6IY6NhynKSzyIDhPcBRqvr6Nzuwi7g2W4UPO84T0-vU7mWKXia_C51FzzqVsE3HthHbuQetTo9gapY&amp;__tn__=kC-R\">p\u00e1gina do Facebook<\/a>! Al\u00e9m disso, temos um<span>\u00a0<\/span><a href=\"https:\/\/www.facebook.com\/groups\/clubedeviagensmoms\/\">grupo do Facebook<\/a>, ent\u00e3o, venha fazer parte!<\/p>\n<p>E, por fim, se voc\u00ea quiser conferir nossos outros hot\u00e9is parceiros, clique<span>\u00a0<\/span><a href=\"http:\/\/clubedeviagensmoms.com.br\/homolog\/vamos-viajar\/hoteis\/\" target=\"_blank\" rel=\"noopener noreferrer\">aqui<\/a>!<\/p>\n","protected":false},"excerpt":{"rendered":"<p>O primeiro resort all inclusive de Macei\u00f3 associado a ABR \u2013 Associa\u00e7\u00e3o Brasileira de Resorts, que proporciona sobretudo conforto e divers\u00e3o para toda a fam\u00edlia. &nbsp; Em meio a um cen\u00e1rio paradis\u00edaco, banhado pelo rio Meirim e cercado pela exuber\u00e2ncia da Mata Atl\u00e2ntica, o Pratagy Beach All Inclusive Resort \u2013 Wyndham fica inserido em uma [&hellip;]<\/p>\n","protected":false},"featured_media":1272,"comment_status":"closed","ping_status":"closed","template":"","meta":[],"product_cat":[21],"product_tag":[27,28,29,30,31,32,33,203,206,38,39,40],"class_list":["post-4005","product","type-product","status-publish","has-post-thumbnail","hentry","product_cat-hoteis","product_tag-clube-de-viagens-moms","product_tag-clube-moms","product_tag-criancas","product_tag-diversao","product_tag-diversao-em-familia","product_tag-ferias","product_tag-ferias-em-familia","product_tag-pe-na-areia","product_tag-pratagy-beach-all-inclusive-resort-wyndham","product_tag-viagem","product_tag-viagem-com-criancas","product_tag-viagem-em-familia","pa_destino-alagoas","pa_destino-brasil","pa_destino-maceio","pa_estrutura-lazer-academia","pa_estrutura-lazer-bar","pa_estrutura-lazer-campo-de-futebol","pa_estrutura-lazer-centro-de-convencoes","pa_estrutura-lazer-copa-baby","pa_estrutura-lazer-estacionamento","pa_estrutura-lazer-kids-club","pa_estrutura-lazer-lavanderia","pa_estrutura-lazer-piscina","pa_estrutura-lazer-praia","pa_estrutura-lazer-recreacao","pa_estrutura-lazer-restaurante","pa_estrutura-lazer-sala-de-reuniao","pa_estrutura-lazer-spa","pa_estrutura-lazer-teatro","pa_regime-de-alimentacao-all-inclusive","pa_servicos-opcionais-fotografia","pa_servicos-opcionais-lavanderia","pa_servicos-opcionais-loja-de-presentes","pa_servicos-opcionais-massagem","pa_servicos-opcionais-servico-de-massagem","pa_servicos-opcionais-servico-de-traslado","pa_servicos-opcionais-spa","pa_servicos-opcionais-spa-para-pes-e-maos","pa_tipos-de-destinos-pe-na-areia","pa_tipos-de-destinos-praia","pa_tipos-de-destinos-resorts"],"acf":[],"yoast_head":"<!-- This site is optimized with the Yoast SEO Premium plugin v16.0.2 (Yoast SEO v21.2) - https:\/\/yoast.com\/wordpress\/plugins\/seo\/ -->\n<title>Pratagy Beach Resort All Inclusive Wyndham - Clube Moms<\/title>\n<meta name=\"description\" content=\"\u00c0 beira da praia do Pratagy, banhado pelo rio Meirim e cercado pela exuberante mata atl\u00e2ntica, o Pratagy Beach All Inclusive Resort \u00e9 perfeito em tudo.\" \/>\n<meta name=\"robots\" content=\"index, follow, max-snippet:-1, max-image-preview:large, max-video-preview:-1\" \/>\n<link rel=\"canonical\" href=\"https:\/\/clubedeviagensmoms.com.br\/homolog\/produto\/pratagy-beach-all-inclusive-resort-wyndham\/\" \/>\n<meta property=\"og:locale\" content=\"pt_BR\" \/>\n<meta property=\"og:type\" content=\"article\" \/>\n<meta property=\"og:title\" content=\"Pratagy Beach Resort All Inclusive Wyndham - Clube Moms\" \/>\n<meta property=\"og:description\" content=\"\u00c0 beira da praia do Pratagy, banhado pelo rio Meirim e cercado pela exuberante mata atl\u00e2ntica, o Pratagy Beach All Inclusive Resort \u00e9 perfeito em tudo.\" \/>\n<meta property=\"og:url\" content=\"https:\/\/clubedeviagensmoms.com.br\/homolog\/produto\/pratagy-beach-all-inclusive-resort-wyndham\/\" \/>\n<meta property=\"og:site_name\" content=\"Clube Moms\" \/>\n<meta property=\"article:modified_time\" content=\"2023-08-30T15:26:09+00:00\" \/>\n<meta property=\"og:image\" content=\"https:\/\/clubedeviagensmoms.com.br\/homolog\/wp-content\/uploads\/2021\/10\/pratagy-beach-visao-do-alto.jpg\" \/>\n\t<meta property=\"og:image:width\" content=\"1200\" \/>\n\t<meta property=\"og:image:height\" content=\"628\" \/>\n\t<meta property=\"og:image:type\" content=\"image\/jpeg\" \/>\n<meta name=\"twitter:card\" content=\"summary_large_image\" \/>\n<meta name=\"twitter:label1\" content=\"Est. tempo de leitura\" \/>\n\t<meta name=\"twitter:data1\" content=\"2 minutos\" \/>\n<script type=\"application\/ld+json\" class=\"yoast-schema-graph\">{\"@context\":\"https:\/\/schema.org\",\"@graph\":[{\"@type\":\"WebPage\",\"@id\":\"https:\/\/clubedeviagensmoms.com.br\/homolog\/produto\/pratagy-beach-all-inclusive-resort-wyndham\/\",\"url\":\"https:\/\/clubedeviagensmoms.com.br\/homolog\/produto\/pratagy-beach-all-inclusive-resort-wyndham\/\",\"name\":\"Pratagy Beach Resort All Inclusive Wyndham - Clube Moms\",\"isPartOf\":{\"@id\":\"https:\/\/clubedeviagensmoms.com.br\/homolog\/#website\"},\"datePublished\":\"2021-10-29T22:55:22+00:00\",\"dateModified\":\"2023-08-30T15:26:09+00:00\",\"description\":\"\u00c0 beira da praia do Pratagy, banhado pelo rio Meirim e cercado pela exuberante mata atl\u00e2ntica, o Pratagy Beach All Inclusive Resort \u00e9 perfeito em tudo.\",\"breadcrumb\":{\"@id\":\"https:\/\/clubedeviagensmoms.com.br\/homolog\/produto\/pratagy-beach-all-inclusive-resort-wyndham\/#breadcrumb\"},\"inLanguage\":\"pt-BR\",\"potentialAction\":[{\"@type\":\"ReadAction\",\"target\":[\"https:\/\/clubedeviagensmoms.com.br\/homolog\/produto\/pratagy-beach-all-inclusive-resort-wyndham\/\"]}]},{\"@type\":\"BreadcrumbList\",\"@id\":\"https:\/\/clubedeviagensmoms.com.br\/homolog\/produto\/pratagy-beach-all-inclusive-resort-wyndham\/#breadcrumb\",\"itemListElement\":[{\"@type\":\"ListItem\",\"position\":1,\"name\":\"Home\",\"item\":\"https:\/\/clubedeviagensmoms.com.br\/homolog\/\"},{\"@type\":\"ListItem\",\"position\":2,\"name\":\"Vamos Viajar\",\"item\":\"https:\/\/clubedeviagensmoms.com.br\/homolog\/shop\/\"},{\"@type\":\"ListItem\",\"position\":3,\"name\":\"Pratagy Beach All Inclusive Resort \u2013 Wyndham\"}]},{\"@type\":\"WebSite\",\"@id\":\"https:\/\/clubedeviagensmoms.com.br\/homolog\/#website\",\"url\":\"https:\/\/clubedeviagensmoms.com.br\/homolog\/\",\"name\":\"Clube Moms\",\"description\":\"O Clube Moms \u00e9 uma ag\u00eancia de turismo com foco em fam\u00edlias com crian\u00e7as, que uno os conceitos de Consultoria Especializada e Clube de Vantagens.\",\"potentialAction\":[{\"@type\":\"SearchAction\",\"target\":{\"@type\":\"EntryPoint\",\"urlTemplate\":\"https:\/\/clubedeviagensmoms.com.br\/homolog\/?s={search_term_string}\"},\"query-input\":\"required name=search_term_string\"}],\"inLanguage\":\"pt-BR\"}]}<\/script>\n<!-- \/ Yoast SEO Premium plugin. -->","yoast_head_json":{"title":"Pratagy Beach Resort All Inclusive Wyndham - Clube Moms","description":"\u00c0 beira da praia do Pratagy, banhado pelo rio Meirim e cercado pela exuberante mata atl\u00e2ntica, o Pratagy Beach All Inclusive Resort \u00e9 perfeito em tudo.","robots":{"index":"index","follow":"follow","max-snippet":"max-snippet:-1","max-image-preview":"max-image-preview:large","max-video-preview":"max-video-preview:-1"},"canonical":"https:\/\/clubedeviagensmoms.com.br\/homolog\/produto\/pratagy-beach-all-inclusive-resort-wyndham\/","og_locale":"pt_BR","og_type":"article","og_title":"Pratagy Beach Resort All Inclusive Wyndham - Clube Moms","og_description":"\u00c0 beira da praia do Pratagy, banhado pelo rio Meirim e cercado pela exuberante mata atl\u00e2ntica, o Pratagy Beach All Inclusive Resort \u00e9 perfeito em tudo.","og_url":"https:\/\/clubedeviagensmoms.com.br\/homolog\/produto\/pratagy-beach-all-inclusive-resort-wyndham\/","og_site_name":"Clube Moms","article_modified_time":"2023-08-30T15:26:09+00:00","og_image":[{"width":1200,"height":628,"url":"https:\/\/clubedeviagensmoms.com.br\/homolog\/wp-content\/uploads\/2021\/10\/pratagy-beach-visao-do-alto.jpg","type":"image\/jpeg"}],"twitter_card":"summary_large_image","twitter_misc":{"Est. tempo de leitura":"2 minutos"},"schema":{"@context":"https:\/\/schema.org","@graph":[{"@type":"WebPage","@id":"https:\/\/clubedeviagensmoms.com.br\/homolog\/produto\/pratagy-beach-all-inclusive-resort-wyndham\/","url":"https:\/\/clubedeviagensmoms.com.br\/homolog\/produto\/pratagy-beach-all-inclusive-resort-wyndham\/","name":"Pratagy Beach Resort All Inclusive Wyndham - Clube Moms","isPartOf":{"@id":"https:\/\/clubedeviagensmoms.com.br\/homolog\/#website"},"datePublished":"2021-10-29T22:55:22+00:00","dateModified":"2023-08-30T15:26:09+00:00","description":"\u00c0 beira da praia do Pratagy, banhado pelo rio Meirim e cercado pela exuberante mata atl\u00e2ntica, o Pratagy Beach All Inclusive Resort \u00e9 perfeito em tudo.","breadcrumb":{"@id":"https:\/\/clubedeviagensmoms.com.br\/homolog\/produto\/pratagy-beach-all-inclusive-resort-wyndham\/#breadcrumb"},"inLanguage":"pt-BR","potentialAction":[{"@type":"ReadAction","target":["https:\/\/clubedeviagensmoms.com.br\/homolog\/produto\/pratagy-beach-all-inclusive-resort-wyndham\/"]}]},{"@type":"BreadcrumbList","@id":"https:\/\/clubedeviagensmoms.com.br\/homolog\/produto\/pratagy-beach-all-inclusive-resort-wyndham\/#breadcrumb","itemListElement":[{"@type":"ListItem","position":1,"name":"Home","item":"https:\/\/clubedeviagensmoms.com.br\/homolog\/"},{"@type":"ListItem","position":2,"name":"Vamos Viajar","item":"https:\/\/clubedeviagensmoms.com.br\/homolog\/shop\/"},{"@type":"ListItem","position":3,"name":"Pratagy Beach All Inclusive Resort \u2013 Wyndham"}]},{"@type":"WebSite","@id":"https:\/\/clubedeviagensmoms.com.br\/homolog\/#website","url":"https:\/\/clubedeviagensmoms.com.br\/homolog\/","name":"Clube Moms","description":"O Clube Moms \u00e9 uma ag\u00eancia de turismo com foco em fam\u00edlias com crian\u00e7as, que uno os conceitos de Consultoria Especializada e Clube de Vantagens.","potentialAction":[{"@type":"SearchAction","target":{"@type":"EntryPoint","urlTemplate":"https:\/\/clubedeviagensmoms.com.br\/homolog\/?s={search_term_string}"},"query-input":"required name=search_term_string"}],"inLanguage":"pt-BR"}]}},"_links":{"self":[{"href":"https:\/\/clubedeviagensmoms.com.br\/homolog\/wp-json\/wp\/v2\/product\/4005","targetHints":{"allow":["GET"]}}],"collection":[{"href":"https:\/\/clubedeviagensmoms.com.br\/homolog\/wp-json\/wp\/v2\/product"}],"about":[{"href":"https:\/\/clubedeviagensmoms.com.br\/homolog\/wp-json\/wp\/v2\/types\/product"}],"replies":[{"embeddable":true,"href":"https:\/\/clubedeviagensmoms.com.br\/homolog\/wp-json\/wp\/v2\/comments?post=4005"}],"wp:featuredmedia":[{"embeddable":true,"href":"https:\/\/clubedeviagensmoms.com.br\/homolog\/wp-json\/wp\/v2\/media\/1272"}],"wp:attachment":[{"href":"https:\/\/clubedeviagensmoms.com.br\/homolog\/wp-json\/wp\/v2\/media?parent=4005"}],"wp:term":[{"taxonomy":"product_cat","embeddable":true,"href":"https:\/\/clubedeviagensmoms.com.br\/homolog\/wp-json\/wp\/v2\/product_cat?post=4005"},{"taxonomy":"product_tag","embeddable":true,"href":"https:\/\/clubedeviagensmoms.com.br\/homolog\/wp-json\/wp\/v2\/product_tag?post=4005"}],"curies":[{"name":"wp","href":"https:\/\/api.w.org\/{rel}","templated":true}]}}