{"id":4012,"date":"2021-10-29T19:55:22","date_gmt":"2021-10-29T22:55:22","guid":{"rendered":"http:\/\/clubedeviagensmoms.com.br\/homolog\/taober_wp\/?post_type=product&#038;p=4012"},"modified":"2023-08-30T12:25:59","modified_gmt":"2023-08-30T15:25:59","slug":"paradiso-pero-praia-hotel","status":"publish","type":"product","link":"https:\/\/clubedeviagensmoms.com.br\/homolog\/produto\/paradiso-pero-praia-hotel\/","title":{"rendered":"Paradiso Per\u00f3 Praia Hotel"},"content":{"rendered":"<p>Em qualquer per\u00edodo do ano o Paradiso Per\u00f3 Praia Hotel se torna a sua op\u00e7\u00e3o de hospedagem ideal em Cabo Frio. O hotel est\u00e1 localizado em um dos principais pontos da cidade, a apenas alguns passos da Praia do Per\u00f3. Ainda, possui uma vista fant\u00e1stica e a experi\u00eancia de acordar todas as manh\u00e3s com vista privilegiada para o mar. Conforto, modernidade e sofistica\u00e7\u00e3o fazem parte de todas as \u00e1reas de nosso hotel, al\u00e9m de contar com \u00e1rea de lazer completa com piscina, sal\u00e3o de jogos, bem como academia, espa\u00e7o kids e sauna.<\/p>\n<p>Sem d\u00favida, o local possui uma localiza\u00e7\u00e3o privilegiada, onde \u00e9 poss\u00edvel encontrar tudo que voc\u00ea precisar durante sua hospedagem com muita facilidade. Existe grande variedade de com\u00e9rcios em geral nas proximidades do hotel, al\u00e9m do f\u00e1cil acesso as principais vias da cidade e pontos tur\u00edsticos.<\/p>\n<div class=\"wpb_text_column wpb_content_element texth1\">\n<div class=\"wpb_wrapper\">\n<p>O Paradiso Per\u00f3 Praia Hotel oferece toda estrutura necess\u00e1ria a voc\u00ea, juntamente com sua fam\u00edlia ou grupo de amigos, para que tenham uma excelente experi\u00eancia em hospedagem em Cabo Frio. H\u00e1 \u00e1rea de lazer equipada com sauna, piscina, espregui\u00e7adeiras, guarda-s\u00f3is\u00a0e sem contar a bela\u00a0vista panor\u00e2mica para a\u00a0<span class=\"il\">praia<\/span>.<\/p>\n<p>Venha conhecer e desfrutar do Paradiso Per\u00f3 Praia Hotel! Voc\u00ea n\u00e3o vai se arrepender!<\/p>\n<p>Se voc\u00ea ainda n\u00e3o conhece nossas redes sociais, vem dar uma conferida no nosso<span>\u00a0<\/span><a href=\"https:\/\/www.instagram.com\/clubedeviagensmoms\/\">Instagram<\/a><span>\u00a0<\/span>e tamb\u00e9m na nossa<span>\u00a0<\/span><a href=\"https:\/\/www.facebook.com\/ClubeDeViagensMoms\/?hc_ref=ARREVFAUN6kemqQPikWPR6yOVqfolWuZ4Gm2u6EX4fJ2-jyHER8eDB5si8DvGkabbOE&amp;fref=nf&amp;__xts__[0]=68.ARAXJqd_Jm68dG9qh_a7A_hAS8hHGdRg1Cq8Je9my1EPnGBRo26TI37xs6IY6NhynKSzyIDhPcBRqvr6Nzuwi7g2W4UPO84T0-vU7mWKXia_C51FzzqVsE3HthHbuQetTo9gapY&amp;__tn__=kC-R\">p\u00e1gina do Facebook<\/a>! Ainda, temos um<span>\u00a0<\/span><a href=\"https:\/\/www.facebook.com\/groups\/clubedeviagensmoms\/\">grupo do Facebook<\/a>, ent\u00e3o, venha fazer parte!<\/p>\n<p>E se voc\u00ea quiser conferir nossos outros hot\u00e9is parceiros, clique<span>\u00a0<\/span><a href=\"http:\/\/clubedeviagensmoms.com.br\/homolog\/vamos-viajar\/hoteis\/\" target=\"_blank\" rel=\"noopener noreferrer\">aqui<\/a>!<\/p>\n<\/div>\n<\/div>\n","protected":false},"excerpt":{"rendered":"<p>Em qualquer per\u00edodo do ano o Paradiso Per\u00f3 Praia Hotel se torna a sua op\u00e7\u00e3o de hospedagem ideal em Cabo Frio.<\/p>\n","protected":false},"featured_media":1385,"comment_status":"closed","ping_status":"closed","template":"","meta":[],"product_cat":[21],"product_tag":[221],"class_list":["post-4012","product","type-product","status-publish","has-post-thumbnail","hentry","product_cat-hoteis","product_tag-paradiso-pero-praia-hotel","pa_destino-cabo-frio","pa_destino-pero","pa_destino-rio-de-janeiro","pa_estrutura-lazer-academia","pa_estrutura-lazer-aluguel-de-bicicletas","pa_estrutura-lazer-espaco-kids-esqui-aquatico","pa_estrutura-lazer-piscina","pa_estrutura-lazer-salao-de-jogos","pa_estrutura-lazer-sauna","pa_regime-de-alimentacao-cafe-da-manha","pa_tipo-de-hospedagem-hotel-de-praia"],"acf":[],"yoast_head":"<!-- This site is optimized with the Yoast SEO Premium plugin v16.0.2 (Yoast SEO v21.2) - https:\/\/yoast.com\/wordpress\/plugins\/seo\/ -->\n<title>Paradiso Per\u00f3 Praia Hotel - Clube Moms<\/title>\n<meta name=\"description\" content=\"Melhor que estar em\u00a0Cabo Frio, ser\u00e1 se hospedar em um hotel de frente para o mar na\u00a0Praia do Per\u00f3. Venha conhecer o Paradiso Per\u00f3 Praia Hotel!\" \/>\n<meta name=\"robots\" content=\"index, follow, max-snippet:-1, max-image-preview:large, max-video-preview:-1\" \/>\n<link rel=\"canonical\" href=\"https:\/\/clubedeviagensmoms.com.br\/homolog\/produto\/paradiso-pero-praia-hotel\/\" \/>\n<meta property=\"og:locale\" content=\"pt_BR\" \/>\n<meta property=\"og:type\" content=\"article\" \/>\n<meta property=\"og:title\" content=\"Paradiso Per\u00f3 Praia Hotel - Clube Moms\" \/>\n<meta property=\"og:description\" content=\"Melhor que estar em\u00a0Cabo Frio, ser\u00e1 se hospedar em um hotel de frente para o mar na\u00a0Praia do Per\u00f3. Venha conhecer o Paradiso Per\u00f3 Praia Hotel!\" \/>\n<meta property=\"og:url\" content=\"https:\/\/clubedeviagensmoms.com.br\/homolog\/produto\/paradiso-pero-praia-hotel\/\" \/>\n<meta property=\"og:site_name\" content=\"Clube Moms\" \/>\n<meta property=\"article:modified_time\" content=\"2023-08-30T15:25:59+00:00\" \/>\n<meta property=\"og:image\" content=\"https:\/\/clubedeviagensmoms.com.br\/homolog\/wp-content\/uploads\/2021\/10\/paradiso-pero-fachada.jpg\" \/>\n\t<meta property=\"og:image:width\" content=\"1200\" \/>\n\t<meta property=\"og:image:height\" content=\"628\" \/>\n\t<meta property=\"og:image:type\" content=\"image\/jpeg\" \/>\n<meta name=\"twitter:card\" content=\"summary_large_image\" \/>\n<meta name=\"twitter:label1\" content=\"Est. tempo de leitura\" \/>\n\t<meta name=\"twitter:data1\" content=\"1 minuto\" \/>\n<script type=\"application\/ld+json\" class=\"yoast-schema-graph\">{\"@context\":\"https:\/\/schema.org\",\"@graph\":[{\"@type\":\"WebPage\",\"@id\":\"https:\/\/clubedeviagensmoms.com.br\/homolog\/produto\/paradiso-pero-praia-hotel\/\",\"url\":\"https:\/\/clubedeviagensmoms.com.br\/homolog\/produto\/paradiso-pero-praia-hotel\/\",\"name\":\"Paradiso Per\u00f3 Praia Hotel - Clube Moms\",\"isPartOf\":{\"@id\":\"https:\/\/clubedeviagensmoms.com.br\/homolog\/#website\"},\"datePublished\":\"2021-10-29T22:55:22+00:00\",\"dateModified\":\"2023-08-30T15:25:59+00:00\",\"description\":\"Melhor que estar em\u00a0Cabo Frio, ser\u00e1 se hospedar em um hotel de frente para o mar na\u00a0Praia do Per\u00f3. Venha conhecer o Paradiso Per\u00f3 Praia Hotel!\",\"breadcrumb\":{\"@id\":\"https:\/\/clubedeviagensmoms.com.br\/homolog\/produto\/paradiso-pero-praia-hotel\/#breadcrumb\"},\"inLanguage\":\"pt-BR\",\"potentialAction\":[{\"@type\":\"ReadAction\",\"target\":[\"https:\/\/clubedeviagensmoms.com.br\/homolog\/produto\/paradiso-pero-praia-hotel\/\"]}]},{\"@type\":\"BreadcrumbList\",\"@id\":\"https:\/\/clubedeviagensmoms.com.br\/homolog\/produto\/paradiso-pero-praia-hotel\/#breadcrumb\",\"itemListElement\":[{\"@type\":\"ListItem\",\"position\":1,\"name\":\"Home\",\"item\":\"https:\/\/clubedeviagensmoms.com.br\/homolog\/\"},{\"@type\":\"ListItem\",\"position\":2,\"name\":\"Vamos Viajar\",\"item\":\"https:\/\/clubedeviagensmoms.com.br\/homolog\/shop\/\"},{\"@type\":\"ListItem\",\"position\":3,\"name\":\"Paradiso Per\u00f3 Praia Hotel\"}]},{\"@type\":\"WebSite\",\"@id\":\"https:\/\/clubedeviagensmoms.com.br\/homolog\/#website\",\"url\":\"https:\/\/clubedeviagensmoms.com.br\/homolog\/\",\"name\":\"Clube Moms\",\"description\":\"O Clube Moms \u00e9 uma ag\u00eancia de turismo com foco em fam\u00edlias com crian\u00e7as, que uno os conceitos de Consultoria Especializada e Clube de Vantagens.\",\"potentialAction\":[{\"@type\":\"SearchAction\",\"target\":{\"@type\":\"EntryPoint\",\"urlTemplate\":\"https:\/\/clubedeviagensmoms.com.br\/homolog\/?s={search_term_string}\"},\"query-input\":\"required name=search_term_string\"}],\"inLanguage\":\"pt-BR\"}]}<\/script>\n<!-- \/ Yoast SEO Premium plugin. -->","yoast_head_json":{"title":"Paradiso Per\u00f3 Praia Hotel - Clube Moms","description":"Melhor que estar em\u00a0Cabo Frio, ser\u00e1 se hospedar em um hotel de frente para o mar na\u00a0Praia do Per\u00f3. Venha conhecer o Paradiso Per\u00f3 Praia Hotel!","robots":{"index":"index","follow":"follow","max-snippet":"max-snippet:-1","max-image-preview":"max-image-preview:large","max-video-preview":"max-video-preview:-1"},"canonical":"https:\/\/clubedeviagensmoms.com.br\/homolog\/produto\/paradiso-pero-praia-hotel\/","og_locale":"pt_BR","og_type":"article","og_title":"Paradiso Per\u00f3 Praia Hotel - Clube Moms","og_description":"Melhor que estar em\u00a0Cabo Frio, ser\u00e1 se hospedar em um hotel de frente para o mar na\u00a0Praia do Per\u00f3. Venha conhecer o Paradiso Per\u00f3 Praia Hotel!","og_url":"https:\/\/clubedeviagensmoms.com.br\/homolog\/produto\/paradiso-pero-praia-hotel\/","og_site_name":"Clube Moms","article_modified_time":"2023-08-30T15:25:59+00:00","og_image":[{"width":1200,"height":628,"url":"https:\/\/clubedeviagensmoms.com.br\/homolog\/wp-content\/uploads\/2021\/10\/paradiso-pero-fachada.jpg","type":"image\/jpeg"}],"twitter_card":"summary_large_image","twitter_misc":{"Est. tempo de leitura":"1 minuto"},"schema":{"@context":"https:\/\/schema.org","@graph":[{"@type":"WebPage","@id":"https:\/\/clubedeviagensmoms.com.br\/homolog\/produto\/paradiso-pero-praia-hotel\/","url":"https:\/\/clubedeviagensmoms.com.br\/homolog\/produto\/paradiso-pero-praia-hotel\/","name":"Paradiso Per\u00f3 Praia Hotel - Clube Moms","isPartOf":{"@id":"https:\/\/clubedeviagensmoms.com.br\/homolog\/#website"},"datePublished":"2021-10-29T22:55:22+00:00","dateModified":"2023-08-30T15:25:59+00:00","description":"Melhor que estar em\u00a0Cabo Frio, ser\u00e1 se hospedar em um hotel de frente para o mar na\u00a0Praia do Per\u00f3. Venha conhecer o Paradiso Per\u00f3 Praia Hotel!","breadcrumb":{"@id":"https:\/\/clubedeviagensmoms.com.br\/homolog\/produto\/paradiso-pero-praia-hotel\/#breadcrumb"},"inLanguage":"pt-BR","potentialAction":[{"@type":"ReadAction","target":["https:\/\/clubedeviagensmoms.com.br\/homolog\/produto\/paradiso-pero-praia-hotel\/"]}]},{"@type":"BreadcrumbList","@id":"https:\/\/clubedeviagensmoms.com.br\/homolog\/produto\/paradiso-pero-praia-hotel\/#breadcrumb","itemListElement":[{"@type":"ListItem","position":1,"name":"Home","item":"https:\/\/clubedeviagensmoms.com.br\/homolog\/"},{"@type":"ListItem","position":2,"name":"Vamos Viajar","item":"https:\/\/clubedeviagensmoms.com.br\/homolog\/shop\/"},{"@type":"ListItem","position":3,"name":"Paradiso Per\u00f3 Praia Hotel"}]},{"@type":"WebSite","@id":"https:\/\/clubedeviagensmoms.com.br\/homolog\/#website","url":"https:\/\/clubedeviagensmoms.com.br\/homolog\/","name":"Clube Moms","description":"O Clube Moms \u00e9 uma ag\u00eancia de turismo com foco em fam\u00edlias com crian\u00e7as, que uno os conceitos de Consultoria Especializada e Clube de Vantagens.","potentialAction":[{"@type":"SearchAction","target":{"@type":"EntryPoint","urlTemplate":"https:\/\/clubedeviagensmoms.com.br\/homolog\/?s={search_term_string}"},"query-input":"required name=search_term_string"}],"inLanguage":"pt-BR"}]}},"_links":{"self":[{"href":"https:\/\/clubedeviagensmoms.com.br\/homolog\/wp-json\/wp\/v2\/product\/4012","targetHints":{"allow":["GET"]}}],"collection":[{"href":"https:\/\/clubedeviagensmoms.com.br\/homolog\/wp-json\/wp\/v2\/product"}],"about":[{"href":"https:\/\/clubedeviagensmoms.com.br\/homolog\/wp-json\/wp\/v2\/types\/product"}],"replies":[{"embeddable":true,"href":"https:\/\/clubedeviagensmoms.com.br\/homolog\/wp-json\/wp\/v2\/comments?post=4012"}],"wp:featuredmedia":[{"embeddable":true,"href":"https:\/\/clubedeviagensmoms.com.br\/homolog\/wp-json\/wp\/v2\/media\/1385"}],"wp:attachment":[{"href":"https:\/\/clubedeviagensmoms.com.br\/homolog\/wp-json\/wp\/v2\/media?parent=4012"}],"wp:term":[{"taxonomy":"product_cat","embeddable":true,"href":"https:\/\/clubedeviagensmoms.com.br\/homolog\/wp-json\/wp\/v2\/product_cat?post=4012"},{"taxonomy":"product_tag","embeddable":true,"href":"https:\/\/clubedeviagensmoms.com.br\/homolog\/wp-json\/wp\/v2\/product_tag?post=4012"}],"curies":[{"name":"wp","href":"https:\/\/api.w.org\/{rel}","templated":true}]}}