{"id":4018,"date":"2021-10-29T19:55:38","date_gmt":"2021-10-29T22:55:38","guid":{"rendered":"http:\/\/clubedeviagensmoms.com.br\/homolog\/taober_wp\/?post_type=product&#038;p=4018"},"modified":"2023-08-30T12:26:20","modified_gmt":"2023-08-30T15:26:20","slug":"village-le-canton","status":"publish","type":"product","link":"https:\/\/clubedeviagensmoms.com.br\/homolog\/produto\/village-le-canton\/","title":{"rendered":"Village Le Canton"},"content":{"rendered":"<p>O Le Canton Village \u00e9 um resort tem\u00e1tico que vai fazer voc\u00ea se sentir em um vilarejo su\u00ed\u00e7o e encantar as crian\u00e7as com seu clima medieval. L\u00e1 elas v\u00e3o se sentir como princesas e cavaleiros vivendo uma grande aventura com direito at\u00e9 a um castelo de verdade!<\/p>\n<p>A sua estrutura grandiosa e sofisticada, possui op\u00e7\u00f5es de lazer para todas as idades e por isso \u00e9 uma excelente op\u00e7\u00e3o de viagem para fam\u00edlias.<\/p>\n<p>O\u00a0Complexo Le Canton\u00a0\u00e9 composto por tr\u00eas hot\u00e9is: O\u00a0<strong>Village Le Canton<\/strong>, hotel principal e o maior deles, a\u00a0<strong>Fazenda Su\u00ed\u00e7a Le Canton<\/strong>, t\u00edpica fazenda com estrutura de lazer pr\u00f3pria e poucos apartamentos, e a <strong>Ala Magique<\/strong>, que possui apenas 10 aptos e n\u00e3o conta com nenhuma estrutura de lazer, por\u00e9m sua localiza\u00e7\u00e3o \u00e9 estrat\u00e9gica: ao lado do parque e da pista de neve, e \u00e9 o mais pr\u00f3ximo do Village, podendo ser acessado com curta caminhada. Existe uma van que faz o transporte entre todos os hot\u00e9is, gratuitamente, com frequ\u00eancia de hora em hora ou sob solicita\u00e7\u00e3o.<\/p>\n<p>Se voc\u00ea ainda n\u00e3o conhece nossas redes sociais, vem dar uma conferida no nosso\u00a0<a href=\"https:\/\/www.instagram.com\/clubedeviagensmoms\/\">Instagram<\/a>\u00a0e tamb\u00e9m na nossa\u00a0<a href=\"https:\/\/www.facebook.com\/ClubeDeViagensMoms\/?hc_ref=ARREVFAUN6kemqQPikWPR6yOVqfolWuZ4Gm2u6EX4fJ2-jyHER8eDB5si8DvGkabbOE&amp;fref=nf&amp;__xts__[0]=68.ARAXJqd_Jm68dG9qh_a7A_hAS8hHGdRg1Cq8Je9my1EPnGBRo26TI37xs6IY6NhynKSzyIDhPcBRqvr6Nzuwi7g2W4UPO84T0-vU7mWKXia_C51FzzqVsE3HthHbuQetTo9gapY&amp;__tn__=kC-R\">p\u00e1gina do Facebook<\/a>! Ainda, temos um\u00a0<a href=\"https:\/\/www.facebook.com\/groups\/clubedeviagensmoms\/\">grupo do Facebook<\/a>, ent\u00e3o, venha fazer parte!<\/p>\n<p>E se voc\u00ea quiser conferir nossos outros hot\u00e9is parceiros, clique\u00a0<a href=\"http:\/\/clubedeviagensmoms.com.br\/homolog\/vamos-viajar\/hoteis\/\" target=\"_blank\" rel=\"noopener noreferrer\">aqui<\/a>!<\/p>\n","protected":false},"excerpt":{"rendered":"<p>O Le Canton Village \u00e9 um resort tem\u00e1tico que vai fazer voc\u00ea se sentir em um vilarejo su\u00ed\u00e7o e encantar as crian\u00e7as com seu clima medieval. L\u00e1 elas v\u00e3o se sentir como princesas e cavaleiros vivendo uma grande aventura com direito at\u00e9 a um castelo de verdade! A sua estrutura grandiosa e sofisticada, possui op\u00e7\u00f5es [&hellip;]<\/p>\n","protected":false},"featured_media":1465,"comment_status":"closed","ping_status":"closed","template":"","meta":[],"product_cat":[21],"product_tag":[235,27,28,29,30,31,32,33,174,35,37,186,152,38,39,40],"class_list":["post-4018","product","type-product","status-publish","has-post-thumbnail","hentry","product_cat-hoteis","product_tag-castelo","product_tag-clube-de-viagens-moms","product_tag-clube-moms","product_tag-criancas","product_tag-diversao","product_tag-diversao-em-familia","product_tag-ferias","product_tag-ferias-em-familia","product_tag-hoteis-que-indicamos","product_tag-recreacao","product_tag-rio-de-janeiro","product_tag-sudeste","product_tag-teresopolis","product_tag-viagem","product_tag-viagem-com-criancas","product_tag-viagem-em-familia","pa_destino-brasil","pa_destino-rio-de-janeiro","pa_estrutura-lazer-academia","pa_estrutura-lazer-bar","pa_estrutura-lazer-cinema","pa_estrutura-lazer-copa-baby","pa_estrutura-lazer-estacionamento","pa_estrutura-lazer-fazendinha","pa_estrutura-lazer-kids-club","pa_estrutura-lazer-piscina","pa_estrutura-lazer-quadra-de-tenis","pa_estrutura-lazer-quadra-de-volei","pa_estrutura-lazer-recreacao","pa_estrutura-lazer-restaurante","pa_estrutura-lazer-salao-de-jogos","pa_regime-de-alimentacao-all-inclusive","pa_servicos-opcionais-lavanderia","pa_servicos-opcionais-piscina-termal","pa_servicos-opcionais-spa"],"acf":[],"yoast_head":"<!-- This site is optimized with the Yoast SEO Premium plugin v16.0.2 (Yoast SEO v21.2) - https:\/\/yoast.com\/wordpress\/plugins\/seo\/ -->\n<title>Village Le Canton - Clube Moms<\/title>\n<meta name=\"description\" content=\"O\u00a0Village Le Canton\u00a0\u00e9 um resort tem\u00e1tico que vai fazer voc\u00ea se sentir em um vilarejo su\u00ed\u00e7o e encantar as crian\u00e7as com seu clima medieval.\" \/>\n<meta name=\"robots\" content=\"index, follow, max-snippet:-1, max-image-preview:large, max-video-preview:-1\" \/>\n<link rel=\"canonical\" href=\"https:\/\/clubedeviagensmoms.com.br\/homolog\/produto\/village-le-canton\/\" \/>\n<meta property=\"og:locale\" content=\"pt_BR\" \/>\n<meta property=\"og:type\" content=\"article\" \/>\n<meta property=\"og:title\" content=\"Village Le Canton - Clube Moms\" \/>\n<meta property=\"og:description\" content=\"O\u00a0Village Le Canton\u00a0\u00e9 um resort tem\u00e1tico que vai fazer voc\u00ea se sentir em um vilarejo su\u00ed\u00e7o e encantar as crian\u00e7as com seu clima medieval.\" \/>\n<meta property=\"og:url\" content=\"https:\/\/clubedeviagensmoms.com.br\/homolog\/produto\/village-le-canton\/\" \/>\n<meta property=\"og:site_name\" content=\"Clube Moms\" \/>\n<meta property=\"article:modified_time\" content=\"2023-08-30T15:26:20+00:00\" \/>\n<meta property=\"og:image\" content=\"https:\/\/clubedeviagensmoms.com.br\/homolog\/wp-content\/uploads\/2021\/10\/le-canton-dia-ensolarado.jpg\" \/>\n\t<meta property=\"og:image:width\" content=\"1200\" \/>\n\t<meta property=\"og:image:height\" content=\"628\" \/>\n\t<meta property=\"og:image:type\" content=\"image\/jpeg\" \/>\n<meta name=\"twitter:card\" content=\"summary_large_image\" \/>\n<meta name=\"twitter:label1\" content=\"Est. tempo de leitura\" \/>\n\t<meta name=\"twitter:data1\" content=\"1 minuto\" \/>\n<script type=\"application\/ld+json\" class=\"yoast-schema-graph\">{\"@context\":\"https:\/\/schema.org\",\"@graph\":[{\"@type\":\"WebPage\",\"@id\":\"https:\/\/clubedeviagensmoms.com.br\/homolog\/produto\/village-le-canton\/\",\"url\":\"https:\/\/clubedeviagensmoms.com.br\/homolog\/produto\/village-le-canton\/\",\"name\":\"Village Le Canton - Clube Moms\",\"isPartOf\":{\"@id\":\"https:\/\/clubedeviagensmoms.com.br\/homolog\/#website\"},\"datePublished\":\"2021-10-29T22:55:38+00:00\",\"dateModified\":\"2023-08-30T15:26:20+00:00\",\"description\":\"O\u00a0Village Le Canton\u00a0\u00e9 um resort tem\u00e1tico que vai fazer voc\u00ea se sentir em um vilarejo su\u00ed\u00e7o e encantar as crian\u00e7as com seu clima medieval.\",\"breadcrumb\":{\"@id\":\"https:\/\/clubedeviagensmoms.com.br\/homolog\/produto\/village-le-canton\/#breadcrumb\"},\"inLanguage\":\"pt-BR\",\"potentialAction\":[{\"@type\":\"ReadAction\",\"target\":[\"https:\/\/clubedeviagensmoms.com.br\/homolog\/produto\/village-le-canton\/\"]}]},{\"@type\":\"BreadcrumbList\",\"@id\":\"https:\/\/clubedeviagensmoms.com.br\/homolog\/produto\/village-le-canton\/#breadcrumb\",\"itemListElement\":[{\"@type\":\"ListItem\",\"position\":1,\"name\":\"Home\",\"item\":\"https:\/\/clubedeviagensmoms.com.br\/homolog\/\"},{\"@type\":\"ListItem\",\"position\":2,\"name\":\"Vamos Viajar\",\"item\":\"https:\/\/clubedeviagensmoms.com.br\/homolog\/shop\/\"},{\"@type\":\"ListItem\",\"position\":3,\"name\":\"Village Le Canton\"}]},{\"@type\":\"WebSite\",\"@id\":\"https:\/\/clubedeviagensmoms.com.br\/homolog\/#website\",\"url\":\"https:\/\/clubedeviagensmoms.com.br\/homolog\/\",\"name\":\"Clube Moms\",\"description\":\"O Clube Moms \u00e9 uma ag\u00eancia de turismo com foco em fam\u00edlias com crian\u00e7as, que uno os conceitos de Consultoria Especializada e Clube de Vantagens.\",\"potentialAction\":[{\"@type\":\"SearchAction\",\"target\":{\"@type\":\"EntryPoint\",\"urlTemplate\":\"https:\/\/clubedeviagensmoms.com.br\/homolog\/?s={search_term_string}\"},\"query-input\":\"required name=search_term_string\"}],\"inLanguage\":\"pt-BR\"}]}<\/script>\n<!-- \/ Yoast SEO Premium plugin. -->","yoast_head_json":{"title":"Village Le Canton - Clube Moms","description":"O\u00a0Village Le Canton\u00a0\u00e9 um resort tem\u00e1tico que vai fazer voc\u00ea se sentir em um vilarejo su\u00ed\u00e7o e encantar as crian\u00e7as com seu clima medieval.","robots":{"index":"index","follow":"follow","max-snippet":"max-snippet:-1","max-image-preview":"max-image-preview:large","max-video-preview":"max-video-preview:-1"},"canonical":"https:\/\/clubedeviagensmoms.com.br\/homolog\/produto\/village-le-canton\/","og_locale":"pt_BR","og_type":"article","og_title":"Village Le Canton - Clube Moms","og_description":"O\u00a0Village Le Canton\u00a0\u00e9 um resort tem\u00e1tico que vai fazer voc\u00ea se sentir em um vilarejo su\u00ed\u00e7o e encantar as crian\u00e7as com seu clima medieval.","og_url":"https:\/\/clubedeviagensmoms.com.br\/homolog\/produto\/village-le-canton\/","og_site_name":"Clube Moms","article_modified_time":"2023-08-30T15:26:20+00:00","og_image":[{"width":1200,"height":628,"url":"https:\/\/clubedeviagensmoms.com.br\/homolog\/wp-content\/uploads\/2021\/10\/le-canton-dia-ensolarado.jpg","type":"image\/jpeg"}],"twitter_card":"summary_large_image","twitter_misc":{"Est. tempo de leitura":"1 minuto"},"schema":{"@context":"https:\/\/schema.org","@graph":[{"@type":"WebPage","@id":"https:\/\/clubedeviagensmoms.com.br\/homolog\/produto\/village-le-canton\/","url":"https:\/\/clubedeviagensmoms.com.br\/homolog\/produto\/village-le-canton\/","name":"Village Le Canton - Clube Moms","isPartOf":{"@id":"https:\/\/clubedeviagensmoms.com.br\/homolog\/#website"},"datePublished":"2021-10-29T22:55:38+00:00","dateModified":"2023-08-30T15:26:20+00:00","description":"O\u00a0Village Le Canton\u00a0\u00e9 um resort tem\u00e1tico que vai fazer voc\u00ea se sentir em um vilarejo su\u00ed\u00e7o e encantar as crian\u00e7as com seu clima medieval.","breadcrumb":{"@id":"https:\/\/clubedeviagensmoms.com.br\/homolog\/produto\/village-le-canton\/#breadcrumb"},"inLanguage":"pt-BR","potentialAction":[{"@type":"ReadAction","target":["https:\/\/clubedeviagensmoms.com.br\/homolog\/produto\/village-le-canton\/"]}]},{"@type":"BreadcrumbList","@id":"https:\/\/clubedeviagensmoms.com.br\/homolog\/produto\/village-le-canton\/#breadcrumb","itemListElement":[{"@type":"ListItem","position":1,"name":"Home","item":"https:\/\/clubedeviagensmoms.com.br\/homolog\/"},{"@type":"ListItem","position":2,"name":"Vamos Viajar","item":"https:\/\/clubedeviagensmoms.com.br\/homolog\/shop\/"},{"@type":"ListItem","position":3,"name":"Village Le Canton"}]},{"@type":"WebSite","@id":"https:\/\/clubedeviagensmoms.com.br\/homolog\/#website","url":"https:\/\/clubedeviagensmoms.com.br\/homolog\/","name":"Clube Moms","description":"O Clube Moms \u00e9 uma ag\u00eancia de turismo com foco em fam\u00edlias com crian\u00e7as, que uno os conceitos de Consultoria Especializada e Clube de Vantagens.","potentialAction":[{"@type":"SearchAction","target":{"@type":"EntryPoint","urlTemplate":"https:\/\/clubedeviagensmoms.com.br\/homolog\/?s={search_term_string}"},"query-input":"required name=search_term_string"}],"inLanguage":"pt-BR"}]}},"_links":{"self":[{"href":"https:\/\/clubedeviagensmoms.com.br\/homolog\/wp-json\/wp\/v2\/product\/4018","targetHints":{"allow":["GET"]}}],"collection":[{"href":"https:\/\/clubedeviagensmoms.com.br\/homolog\/wp-json\/wp\/v2\/product"}],"about":[{"href":"https:\/\/clubedeviagensmoms.com.br\/homolog\/wp-json\/wp\/v2\/types\/product"}],"replies":[{"embeddable":true,"href":"https:\/\/clubedeviagensmoms.com.br\/homolog\/wp-json\/wp\/v2\/comments?post=4018"}],"wp:featuredmedia":[{"embeddable":true,"href":"https:\/\/clubedeviagensmoms.com.br\/homolog\/wp-json\/wp\/v2\/media\/1465"}],"wp:attachment":[{"href":"https:\/\/clubedeviagensmoms.com.br\/homolog\/wp-json\/wp\/v2\/media?parent=4018"}],"wp:term":[{"taxonomy":"product_cat","embeddable":true,"href":"https:\/\/clubedeviagensmoms.com.br\/homolog\/wp-json\/wp\/v2\/product_cat?post=4018"},{"taxonomy":"product_tag","embeddable":true,"href":"https:\/\/clubedeviagensmoms.com.br\/homolog\/wp-json\/wp\/v2\/product_tag?post=4018"}],"curies":[{"name":"wp","href":"https:\/\/api.w.org\/{rel}","templated":true}]}}