{"id":4023,"date":"2021-10-29T19:55:38","date_gmt":"2021-10-29T22:55:38","guid":{"rendered":"http:\/\/clubedeviagensmoms.com.br\/homolog\/taober_wp\/?post_type=product&#038;p=4023"},"modified":"2023-08-30T12:25:50","modified_gmt":"2023-08-30T15:25:50","slug":"hotel-savoy-excellence","status":"publish","type":"product","link":"https:\/\/clubedeviagensmoms.com.br\/homolog\/produto\/hotel-savoy-excellence\/","title":{"rendered":"Hotel Savoy Excellence"},"content":{"rendered":"<h4>Para quem deseja estar perto do Centro, mas longe do barulho.<\/h4>\n<p>&nbsp;<\/p>\n<p>Localizado na cidade mais alta do Brasil, em um local tranquilo, charmoso e com vista para as montanhas, quartos principalmente espa\u00e7osos e aconchegantes, envolvidos por um aroma amadeirado e agrad\u00e1vel. Imagine-se acordando com o canto dos p\u00e1ssaros em meio a Serra da Mantiqueira, com um gostoso caf\u00e9 da manh\u00e3, aquele cheirinho de bolo saindo do forno e ao abrir a janela ver um jardim repleto de Manac\u00e1s\u2026 Gostou? Ent\u00e3o seja bem-vindo ao Hotel Savoy Excellence!<\/p>\n<p>O aeroporto mais pr\u00f3ximo \u00e9 o<span>\u00a0<\/span><a href=\"https:\/\/www.gru.com.br\/pt\" target=\"_blank\" rel=\"noopener noreferrer\">Aeroporto Internacional de Guarulhos<\/a><span>\u00a0<\/span>(GRU) a 160 km do hotel.<\/p>\n<p>A Rodovi\u00e1ria de Campos do Jord\u00e3o se encontra a apenas 1 km do hotel. S\u00e3o 13 minutos a p\u00e9 ou 3 minutos de carro!<\/p>\n<p>Veja alguns diferenciais do hotel:<\/p>\n<p>-Sala de Jogos<\/p>\n<p>H\u00e1 uma mesa de sinuca profissional e uma para carteados e jogos. Tamb\u00e9m nesta sala h\u00e1 dvd\u2019s para empr\u00e9stimos para ser assistidos ou na pr\u00f3pria sala ou no aconchego dos quartos.<\/p>\n<p>-Sala de Lareira e Bar<\/p>\n<p>Nosso bar que funciona 24h pode agregar seus momentos conosco desde um drink como pr\u00e9via de um passeio e posteriormente um brinde com amigos para encerrar a noite.<\/p>\n<p>-Bicicletas para Passeio<\/p>\n<p>Que tal passear por Campos do Jord\u00e3o de um jeito saud\u00e1vel e divertido? Pois o Hotel Savoy oferece bicicletas para passeio como cortesia a seus h\u00f3spedes.<\/p>\n<p>-Playground<\/p>\n<p>Localizado em meio a um belo jardim, conta com balan\u00e7os, escorregador e al\u00e9m disso, uma cama el\u00e1stica.<\/p>\n<p>-Room Service<\/p>\n<p>Oferecemos servi\u00e7o de Room Service 24 horas, para lanches r\u00e1pidos e bebidas, conforto e sobretudo, praticidade para voc\u00ea.<\/p>\n<p>-Transfer<\/p>\n<p>O Hotel Savoy Excellence oferece o transfer exclusivo e gratuito at\u00e9 o centrinho de Capivari ou para a rodovi\u00e1ria da cidade em uma kombi exclusiva e com interior de limousine.<\/p>\n<p>&nbsp;<\/p>\n<p>Venha conhecer e desfrutar do Hotel Savoy Excellence! Voc\u00ea n\u00e3o vai se arrepender!<\/p>\n<p>Se voc\u00ea ainda n\u00e3o conhece nossas redes sociais, vem dar uma conferida no nosso<span>\u00a0<\/span><a href=\"https:\/\/www.instagram.com\/clubedeviagensmoms\/\">Instagram<\/a><span>\u00a0<\/span>e tamb\u00e9m na nossa<span>\u00a0<\/span><a href=\"https:\/\/www.facebook.com\/ClubeDeViagensMoms\/?hc_ref=ARREVFAUN6kemqQPikWPR6yOVqfolWuZ4Gm2u6EX4fJ2-jyHER8eDB5si8DvGkabbOE&amp;fref=nf&amp;__xts__[0]=68.ARAXJqd_Jm68dG9qh_a7A_hAS8hHGdRg1Cq8Je9my1EPnGBRo26TI37xs6IY6NhynKSzyIDhPcBRqvr6Nzuwi7g2W4UPO84T0-vU7mWKXia_C51FzzqVsE3HthHbuQetTo9gapY&amp;__tn__=kC-R\">p\u00e1gina do Facebook<\/a>! Ainda, temos um<span>\u00a0<\/span><a href=\"https:\/\/www.facebook.com\/groups\/clubedeviagensmoms\/\">grupo do Facebook<\/a>, ent\u00e3o, venha fazer parte!<\/p>\n<p>E se voc\u00ea quiser conferir nossos outros hot\u00e9is parceiros, clique<span>\u00a0<\/span><a href=\"http:\/\/clubedeviagensmoms.com.br\/homolog\/vamos-viajar\/hoteis\/\" target=\"_blank\" rel=\"noopener noreferrer\">aqui<\/a>!<\/p>\n","protected":false},"excerpt":{"rendered":"<p>Imagine-se acordando com todo conforto, o canto dos p\u00e1ssaros na Serra da Mantiqueira e um gostoso caf\u00e9 da manh\u00e3. Seja bem-vindo ao Hotel Savoy Excellence!<\/p>\n","protected":false},"featured_media":1529,"comment_status":"closed","ping_status":"closed","template":"","meta":[],"product_cat":[21],"product_tag":[245,27,28,29,30,31,32,33,199,246,58,185,38,39,40],"class_list":["post-4023","product","type-product","status-publish","has-post-thumbnail","hentry","product_cat-hoteis","product_tag-campos-do-jordao","product_tag-clube-de-viagens-moms","product_tag-clube-moms","product_tag-criancas","product_tag-diversao","product_tag-diversao-em-familia","product_tag-ferias","product_tag-ferias-em-familia","product_tag-hotel","product_tag-hotel-savoy-excellence","product_tag-sao-paulo","product_tag-serra","product_tag-viagem","product_tag-viagem-com-criancas","product_tag-viagem-em-familia","pa_destino-brasil","pa_destino-campos-do-jordao","pa_destino-sao-paulo","pa_estrutura-lazer-bar","pa_estrutura-lazer-bicicleta","pa_estrutura-lazer-estacionamento","pa_estrutura-lazer-lareira","pa_estrutura-lazer-lavanderia","pa_estrutura-lazer-playground","pa_estrutura-lazer-salao-de-jogos","pa_regime-de-alimentacao-cafe-da-manha","pa_servicos-opcionais-lavanderia","pa_tipos-de-destinos-serra"],"acf":[],"yoast_head":"<!-- This site is optimized with the Yoast SEO Premium plugin v16.0.2 (Yoast SEO v21.2) - https:\/\/yoast.com\/wordpress\/plugins\/seo\/ -->\n<title>Hotel Savoy Excellence Campos do Jord\u00e3o \/ SP - Clube Moms<\/title>\n<meta name=\"description\" content=\"Imagine-se acordando com todo conforto, o canto dos p\u00e1ssaros na Serra da Mantiqueira e um gostoso caf\u00e9 da manh\u00e3. Seja bem-vindo ao Hotel Savoy Excellence!\" \/>\n<meta name=\"robots\" content=\"index, follow, max-snippet:-1, max-image-preview:large, max-video-preview:-1\" \/>\n<link rel=\"canonical\" href=\"https:\/\/clubedeviagensmoms.com.br\/homolog\/produto\/hotel-savoy-excellence\/\" \/>\n<meta property=\"og:locale\" content=\"pt_BR\" \/>\n<meta property=\"og:type\" content=\"article\" \/>\n<meta property=\"og:title\" content=\"Hotel Savoy Excellence Campos do Jord\u00e3o \/ SP - Clube Moms\" \/>\n<meta property=\"og:description\" content=\"Imagine-se acordando com todo conforto, o canto dos p\u00e1ssaros na Serra da Mantiqueira e um gostoso caf\u00e9 da manh\u00e3. Seja bem-vindo ao Hotel Savoy Excellence!\" \/>\n<meta property=\"og:url\" content=\"https:\/\/clubedeviagensmoms.com.br\/homolog\/produto\/hotel-savoy-excellence\/\" \/>\n<meta property=\"og:site_name\" content=\"Clube Moms\" \/>\n<meta property=\"article:modified_time\" content=\"2023-08-30T15:25:50+00:00\" \/>\n<meta property=\"og:image\" content=\"https:\/\/clubedeviagensmoms.com.br\/homolog\/wp-content\/uploads\/2021\/10\/hotel-noite-1024x536-1.jpg\" \/>\n\t<meta property=\"og:image:width\" content=\"1024\" \/>\n\t<meta property=\"og:image:height\" content=\"536\" \/>\n\t<meta property=\"og:image:type\" content=\"image\/jpeg\" \/>\n<meta name=\"twitter:card\" content=\"summary_large_image\" \/>\n<meta name=\"twitter:label1\" content=\"Est. tempo de leitura\" \/>\n\t<meta name=\"twitter:data1\" content=\"2 minutos\" \/>\n<script type=\"application\/ld+json\" class=\"yoast-schema-graph\">{\"@context\":\"https:\/\/schema.org\",\"@graph\":[{\"@type\":\"WebPage\",\"@id\":\"https:\/\/clubedeviagensmoms.com.br\/homolog\/produto\/hotel-savoy-excellence\/\",\"url\":\"https:\/\/clubedeviagensmoms.com.br\/homolog\/produto\/hotel-savoy-excellence\/\",\"name\":\"Hotel Savoy Excellence Campos do Jord\u00e3o \/ SP - Clube Moms\",\"isPartOf\":{\"@id\":\"https:\/\/clubedeviagensmoms.com.br\/homolog\/#website\"},\"datePublished\":\"2021-10-29T22:55:38+00:00\",\"dateModified\":\"2023-08-30T15:25:50+00:00\",\"description\":\"Imagine-se acordando com todo conforto, o canto dos p\u00e1ssaros na Serra da Mantiqueira e um gostoso caf\u00e9 da manh\u00e3. Seja bem-vindo ao Hotel Savoy Excellence!\",\"breadcrumb\":{\"@id\":\"https:\/\/clubedeviagensmoms.com.br\/homolog\/produto\/hotel-savoy-excellence\/#breadcrumb\"},\"inLanguage\":\"pt-BR\",\"potentialAction\":[{\"@type\":\"ReadAction\",\"target\":[\"https:\/\/clubedeviagensmoms.com.br\/homolog\/produto\/hotel-savoy-excellence\/\"]}]},{\"@type\":\"BreadcrumbList\",\"@id\":\"https:\/\/clubedeviagensmoms.com.br\/homolog\/produto\/hotel-savoy-excellence\/#breadcrumb\",\"itemListElement\":[{\"@type\":\"ListItem\",\"position\":1,\"name\":\"Home\",\"item\":\"https:\/\/clubedeviagensmoms.com.br\/homolog\/\"},{\"@type\":\"ListItem\",\"position\":2,\"name\":\"Vamos Viajar\",\"item\":\"https:\/\/clubedeviagensmoms.com.br\/homolog\/shop\/\"},{\"@type\":\"ListItem\",\"position\":3,\"name\":\"Hotel Savoy Excellence\"}]},{\"@type\":\"WebSite\",\"@id\":\"https:\/\/clubedeviagensmoms.com.br\/homolog\/#website\",\"url\":\"https:\/\/clubedeviagensmoms.com.br\/homolog\/\",\"name\":\"Clube Moms\",\"description\":\"O Clube Moms \u00e9 uma ag\u00eancia de turismo com foco em fam\u00edlias com crian\u00e7as, que uno os conceitos de Consultoria Especializada e Clube de Vantagens.\",\"potentialAction\":[{\"@type\":\"SearchAction\",\"target\":{\"@type\":\"EntryPoint\",\"urlTemplate\":\"https:\/\/clubedeviagensmoms.com.br\/homolog\/?s={search_term_string}\"},\"query-input\":\"required name=search_term_string\"}],\"inLanguage\":\"pt-BR\"}]}<\/script>\n<!-- \/ Yoast SEO Premium plugin. -->","yoast_head_json":{"title":"Hotel Savoy Excellence Campos do Jord\u00e3o \/ SP - Clube Moms","description":"Imagine-se acordando com todo conforto, o canto dos p\u00e1ssaros na Serra da Mantiqueira e um gostoso caf\u00e9 da manh\u00e3. Seja bem-vindo ao Hotel Savoy Excellence!","robots":{"index":"index","follow":"follow","max-snippet":"max-snippet:-1","max-image-preview":"max-image-preview:large","max-video-preview":"max-video-preview:-1"},"canonical":"https:\/\/clubedeviagensmoms.com.br\/homolog\/produto\/hotel-savoy-excellence\/","og_locale":"pt_BR","og_type":"article","og_title":"Hotel Savoy Excellence Campos do Jord\u00e3o \/ SP - Clube Moms","og_description":"Imagine-se acordando com todo conforto, o canto dos p\u00e1ssaros na Serra da Mantiqueira e um gostoso caf\u00e9 da manh\u00e3. Seja bem-vindo ao Hotel Savoy Excellence!","og_url":"https:\/\/clubedeviagensmoms.com.br\/homolog\/produto\/hotel-savoy-excellence\/","og_site_name":"Clube Moms","article_modified_time":"2023-08-30T15:25:50+00:00","og_image":[{"width":1024,"height":536,"url":"https:\/\/clubedeviagensmoms.com.br\/homolog\/wp-content\/uploads\/2021\/10\/hotel-noite-1024x536-1.jpg","type":"image\/jpeg"}],"twitter_card":"summary_large_image","twitter_misc":{"Est. tempo de leitura":"2 minutos"},"schema":{"@context":"https:\/\/schema.org","@graph":[{"@type":"WebPage","@id":"https:\/\/clubedeviagensmoms.com.br\/homolog\/produto\/hotel-savoy-excellence\/","url":"https:\/\/clubedeviagensmoms.com.br\/homolog\/produto\/hotel-savoy-excellence\/","name":"Hotel Savoy Excellence Campos do Jord\u00e3o \/ SP - Clube Moms","isPartOf":{"@id":"https:\/\/clubedeviagensmoms.com.br\/homolog\/#website"},"datePublished":"2021-10-29T22:55:38+00:00","dateModified":"2023-08-30T15:25:50+00:00","description":"Imagine-se acordando com todo conforto, o canto dos p\u00e1ssaros na Serra da Mantiqueira e um gostoso caf\u00e9 da manh\u00e3. Seja bem-vindo ao Hotel Savoy Excellence!","breadcrumb":{"@id":"https:\/\/clubedeviagensmoms.com.br\/homolog\/produto\/hotel-savoy-excellence\/#breadcrumb"},"inLanguage":"pt-BR","potentialAction":[{"@type":"ReadAction","target":["https:\/\/clubedeviagensmoms.com.br\/homolog\/produto\/hotel-savoy-excellence\/"]}]},{"@type":"BreadcrumbList","@id":"https:\/\/clubedeviagensmoms.com.br\/homolog\/produto\/hotel-savoy-excellence\/#breadcrumb","itemListElement":[{"@type":"ListItem","position":1,"name":"Home","item":"https:\/\/clubedeviagensmoms.com.br\/homolog\/"},{"@type":"ListItem","position":2,"name":"Vamos Viajar","item":"https:\/\/clubedeviagensmoms.com.br\/homolog\/shop\/"},{"@type":"ListItem","position":3,"name":"Hotel Savoy Excellence"}]},{"@type":"WebSite","@id":"https:\/\/clubedeviagensmoms.com.br\/homolog\/#website","url":"https:\/\/clubedeviagensmoms.com.br\/homolog\/","name":"Clube Moms","description":"O Clube Moms \u00e9 uma ag\u00eancia de turismo com foco em fam\u00edlias com crian\u00e7as, que uno os conceitos de Consultoria Especializada e Clube de Vantagens.","potentialAction":[{"@type":"SearchAction","target":{"@type":"EntryPoint","urlTemplate":"https:\/\/clubedeviagensmoms.com.br\/homolog\/?s={search_term_string}"},"query-input":"required name=search_term_string"}],"inLanguage":"pt-BR"}]}},"_links":{"self":[{"href":"https:\/\/clubedeviagensmoms.com.br\/homolog\/wp-json\/wp\/v2\/product\/4023","targetHints":{"allow":["GET"]}}],"collection":[{"href":"https:\/\/clubedeviagensmoms.com.br\/homolog\/wp-json\/wp\/v2\/product"}],"about":[{"href":"https:\/\/clubedeviagensmoms.com.br\/homolog\/wp-json\/wp\/v2\/types\/product"}],"replies":[{"embeddable":true,"href":"https:\/\/clubedeviagensmoms.com.br\/homolog\/wp-json\/wp\/v2\/comments?post=4023"}],"wp:featuredmedia":[{"embeddable":true,"href":"https:\/\/clubedeviagensmoms.com.br\/homolog\/wp-json\/wp\/v2\/media\/1529"}],"wp:attachment":[{"href":"https:\/\/clubedeviagensmoms.com.br\/homolog\/wp-json\/wp\/v2\/media?parent=4023"}],"wp:term":[{"taxonomy":"product_cat","embeddable":true,"href":"https:\/\/clubedeviagensmoms.com.br\/homolog\/wp-json\/wp\/v2\/product_cat?post=4023"},{"taxonomy":"product_tag","embeddable":true,"href":"https:\/\/clubedeviagensmoms.com.br\/homolog\/wp-json\/wp\/v2\/product_tag?post=4023"}],"curies":[{"name":"wp","href":"https:\/\/api.w.org\/{rel}","templated":true}]}}