{"id":4024,"date":"2021-10-29T19:55:38","date_gmt":"2021-10-29T22:55:38","guid":{"rendered":"http:\/\/clubedeviagensmoms.com.br\/homolog\/taober_wp\/?post_type=product&#038;p=4024"},"modified":"2023-08-30T12:25:50","modified_gmt":"2023-08-30T15:25:50","slug":"hotel-rio-quente-cristal-resort","status":"publish","type":"product","link":"https:\/\/clubedeviagensmoms.com.br\/homolog\/produto\/hotel-rio-quente-cristal-resort\/","title":{"rendered":"Hotel Rio Quente Cristal Resort"},"content":{"rendered":"<p>Sofistica\u00e7\u00e3o e exclusividade definem o Hotel Rio Quente Cristal Resort que \u00e9 formado por quatro \u00e1trios, inspirados nos quatro elementos fundamentais: \u00e1gua, terra, fogo e ar. Sendo um dos hot\u00e9is mais encantadores do resort, foi inteiramente projetado no conceito de paisagismo sustent\u00e1vel pelo renomado escrit\u00f3rio de Benedito Abbud. Cada m\u00ednimo detalhe pensado para que voc\u00ea viva experi\u00eancias inesquec\u00edveis.<\/p>\n<p>Dentre essas experi\u00eancias, voc\u00ea consegue apreciar um dos mais lindos pores do sol do Brasil dentro da Piscina Infinitus. A piscina de borda infinita do Hotel Rio Quente Cristal que permanece aberta todos os dias das 8h \u00e0s 22h. (Aten\u00e7\u00e3o: n\u00e3o \u00e9 permitido entrar na piscina com alimentos).<\/p>\n<p class=\"intro txt-intro\">Al\u00e9m disso, se voc\u00ea curte a boa m\u00fasica eletr\u00f4nica, vai adorar a Sunset Party, que acontece todas \u00e0s quintas e s\u00e1bados e ainda pode apreciar aquele drink no Bar dos Ventos ou na Adega Centro da Terra.<\/p>\n<p>Al\u00e9m disso, voc\u00ea n\u00e3o precisar\u00e1 se preocupar com a divers\u00e3o dos pequenos. Afinal, no resort Rio Quente, voc\u00ea encontra um Kids Club completo com atividades de recrea\u00e7\u00e3o perfeitas para crian\u00e7ada se divertir com total seguran\u00e7a.<\/p>\n<p>Priorizando o conforto dos h\u00f3spedes, sofistica\u00e7\u00e3o e sustentabilidade, o hotel est\u00e1 distribu\u00eddo em uma \u00e1rea de 22.750 m\u00b2. Al\u00e9m disso, as cores claras e linhas retas, t\u00edpicas da arquitetura contempor\u00e2nea, complementam os ambientes com requinte.<\/p>\n<p>&nbsp;<\/p>\n<p>Venha conhecer e desfrutar do Rio Quente Cristal Resort! Voc\u00ea n\u00e3o vai se arrepender!<\/p>\n<p>Se voc\u00ea ainda n\u00e3o conhece nossas redes sociais, vem dar uma conferida no nosso<span>\u00a0<\/span><a href=\"https:\/\/www.instagram.com\/clubedeviagensmoms\/\">Instagram<\/a><span>\u00a0<\/span>e tamb\u00e9m na nossa<span>\u00a0<\/span><a href=\"https:\/\/www.facebook.com\/ClubeDeViagensMoms\/?hc_ref=ARREVFAUN6kemqQPikWPR6yOVqfolWuZ4Gm2u6EX4fJ2-jyHER8eDB5si8DvGkabbOE&amp;fref=nf&amp;__xts__[0]=68.ARAXJqd_Jm68dG9qh_a7A_hAS8hHGdRg1Cq8Je9my1EPnGBRo26TI37xs6IY6NhynKSzyIDhPcBRqvr6Nzuwi7g2W4UPO84T0-vU7mWKXia_C51FzzqVsE3HthHbuQetTo9gapY&amp;__tn__=kC-R\">p\u00e1gina do Facebook<\/a>! Ainda, temos um<span>\u00a0<\/span><a href=\"https:\/\/www.facebook.com\/groups\/clubedeviagensmoms\/\">grupo do Facebook<\/a>, ent\u00e3o, venha fazer parte!<\/p>\n<p>E se voc\u00ea quiser conferir nossos outros hot\u00e9is parceiros, clique<span>\u00a0<\/span><a href=\"http:\/\/clubedeviagensmoms.com.br\/homolog\/vamos-viajar\/hoteis\/\" target=\"_blank\" rel=\"noopener noreferrer\">aqui<\/a>!<\/p>\n","protected":false},"excerpt":{"rendered":"<p>Hotel Rio Quente Cristal Resort: Sofistica\u00e7\u00e3o e exclusividade definem o Hotel Rio Quente Cristal Resort. Viva experi\u00eancias inesquec\u00edveis no Rio Quente!<\/p>\n","protected":false},"featured_media":1547,"comment_status":"closed","ping_status":"closed","template":"","meta":[],"product_cat":[21],"product_tag":[247,27,28,29,30,31,32,33,248,35,36,37,249,250,251,38,40],"class_list":["post-4024","product","type-product","status-publish","has-post-thumbnail","hentry","product_cat-hoteis","product_tag-caldas-novas","product_tag-clube-de-viagens-moms","product_tag-clube-moms","product_tag-criancas","product_tag-diversao","product_tag-diversao-em-familia","product_tag-ferias","product_tag-ferias-em-familia","product_tag-goias","product_tag-recreacao","product_tag-resort","product_tag-rio-de-janeiro","product_tag-rio-quente","product_tag-rio-quente-cristal-resort","product_tag-rio-quente-resorts","product_tag-viagem","product_tag-viagem-em-familia","pa_destino-goias","pa_estrutura-lazer-academia","pa_estrutura-lazer-bar","pa_estrutura-lazer-estacionamento","pa_estrutura-lazer-kids-club","pa_estrutura-lazer-parque-aquatico","pa_estrutura-lazer-piscina-natural"],"acf":[],"yoast_head":"<!-- This site is optimized with the Yoast SEO Premium plugin v16.0.2 (Yoast SEO v21.2) - https:\/\/yoast.com\/wordpress\/plugins\/seo\/ -->\n<title>Hotel Rio Quente Cristal Resort - Clube Moms<\/title>\n<meta name=\"description\" content=\"Hotel Rio Quente Cristal Resort: Sofistica\u00e7\u00e3o e exclusividade o definem. Ent\u00e3o, venha viver experi\u00eancias inesquec\u00edveis no Rio Quente!\" \/>\n<meta name=\"robots\" content=\"index, follow, max-snippet:-1, max-image-preview:large, max-video-preview:-1\" \/>\n<link rel=\"canonical\" href=\"https:\/\/clubedeviagensmoms.com.br\/homolog\/produto\/hotel-rio-quente-cristal-resort\/\" \/>\n<meta property=\"og:locale\" content=\"pt_BR\" \/>\n<meta property=\"og:type\" content=\"article\" \/>\n<meta property=\"og:title\" content=\"Hotel Rio Quente Cristal Resort - Clube Moms\" \/>\n<meta property=\"og:description\" content=\"Hotel Rio Quente Cristal Resort: Sofistica\u00e7\u00e3o e exclusividade o definem. Ent\u00e3o, venha viver experi\u00eancias inesquec\u00edveis no Rio Quente!\" \/>\n<meta property=\"og:url\" content=\"https:\/\/clubedeviagensmoms.com.br\/homolog\/produto\/hotel-rio-quente-cristal-resort\/\" \/>\n<meta property=\"og:site_name\" content=\"Clube Moms\" \/>\n<meta property=\"article:modified_time\" content=\"2023-08-30T15:25:50+00:00\" \/>\n<meta property=\"og:image\" content=\"https:\/\/clubedeviagensmoms.com.br\/homolog\/wp-content\/uploads\/2021\/10\/Hotel-Rio-Quente-Cristal-Resort-Area-da-Lazer.jpg\" \/>\n\t<meta property=\"og:image:width\" content=\"1200\" \/>\n\t<meta property=\"og:image:height\" content=\"628\" \/>\n\t<meta property=\"og:image:type\" content=\"image\/jpeg\" \/>\n<meta name=\"twitter:card\" content=\"summary_large_image\" \/>\n<meta name=\"twitter:label1\" content=\"Est. tempo de leitura\" \/>\n\t<meta name=\"twitter:data1\" content=\"2 minutos\" \/>\n<script type=\"application\/ld+json\" class=\"yoast-schema-graph\">{\"@context\":\"https:\/\/schema.org\",\"@graph\":[{\"@type\":\"WebPage\",\"@id\":\"https:\/\/clubedeviagensmoms.com.br\/homolog\/produto\/hotel-rio-quente-cristal-resort\/\",\"url\":\"https:\/\/clubedeviagensmoms.com.br\/homolog\/produto\/hotel-rio-quente-cristal-resort\/\",\"name\":\"Hotel Rio Quente Cristal Resort - Clube Moms\",\"isPartOf\":{\"@id\":\"https:\/\/clubedeviagensmoms.com.br\/homolog\/#website\"},\"datePublished\":\"2021-10-29T22:55:38+00:00\",\"dateModified\":\"2023-08-30T15:25:50+00:00\",\"description\":\"Hotel Rio Quente Cristal Resort: Sofistica\u00e7\u00e3o e exclusividade o definem. Ent\u00e3o, venha viver experi\u00eancias inesquec\u00edveis no Rio Quente!\",\"breadcrumb\":{\"@id\":\"https:\/\/clubedeviagensmoms.com.br\/homolog\/produto\/hotel-rio-quente-cristal-resort\/#breadcrumb\"},\"inLanguage\":\"pt-BR\",\"potentialAction\":[{\"@type\":\"ReadAction\",\"target\":[\"https:\/\/clubedeviagensmoms.com.br\/homolog\/produto\/hotel-rio-quente-cristal-resort\/\"]}]},{\"@type\":\"BreadcrumbList\",\"@id\":\"https:\/\/clubedeviagensmoms.com.br\/homolog\/produto\/hotel-rio-quente-cristal-resort\/#breadcrumb\",\"itemListElement\":[{\"@type\":\"ListItem\",\"position\":1,\"name\":\"Home\",\"item\":\"https:\/\/clubedeviagensmoms.com.br\/homolog\/\"},{\"@type\":\"ListItem\",\"position\":2,\"name\":\"Vamos Viajar\",\"item\":\"https:\/\/clubedeviagensmoms.com.br\/homolog\/shop\/\"},{\"@type\":\"ListItem\",\"position\":3,\"name\":\"Hotel Rio Quente Cristal Resort\"}]},{\"@type\":\"WebSite\",\"@id\":\"https:\/\/clubedeviagensmoms.com.br\/homolog\/#website\",\"url\":\"https:\/\/clubedeviagensmoms.com.br\/homolog\/\",\"name\":\"Clube Moms\",\"description\":\"O Clube Moms \u00e9 uma ag\u00eancia de turismo com foco em fam\u00edlias com crian\u00e7as, que uno os conceitos de Consultoria Especializada e Clube de Vantagens.\",\"potentialAction\":[{\"@type\":\"SearchAction\",\"target\":{\"@type\":\"EntryPoint\",\"urlTemplate\":\"https:\/\/clubedeviagensmoms.com.br\/homolog\/?s={search_term_string}\"},\"query-input\":\"required name=search_term_string\"}],\"inLanguage\":\"pt-BR\"}]}<\/script>\n<!-- \/ Yoast SEO Premium plugin. -->","yoast_head_json":{"title":"Hotel Rio Quente Cristal Resort - Clube Moms","description":"Hotel Rio Quente Cristal Resort: Sofistica\u00e7\u00e3o e exclusividade o definem. Ent\u00e3o, venha viver experi\u00eancias inesquec\u00edveis no Rio Quente!","robots":{"index":"index","follow":"follow","max-snippet":"max-snippet:-1","max-image-preview":"max-image-preview:large","max-video-preview":"max-video-preview:-1"},"canonical":"https:\/\/clubedeviagensmoms.com.br\/homolog\/produto\/hotel-rio-quente-cristal-resort\/","og_locale":"pt_BR","og_type":"article","og_title":"Hotel Rio Quente Cristal Resort - Clube Moms","og_description":"Hotel Rio Quente Cristal Resort: Sofistica\u00e7\u00e3o e exclusividade o definem. Ent\u00e3o, venha viver experi\u00eancias inesquec\u00edveis no Rio Quente!","og_url":"https:\/\/clubedeviagensmoms.com.br\/homolog\/produto\/hotel-rio-quente-cristal-resort\/","og_site_name":"Clube Moms","article_modified_time":"2023-08-30T15:25:50+00:00","og_image":[{"width":1200,"height":628,"url":"https:\/\/clubedeviagensmoms.com.br\/homolog\/wp-content\/uploads\/2021\/10\/Hotel-Rio-Quente-Cristal-Resort-Area-da-Lazer.jpg","type":"image\/jpeg"}],"twitter_card":"summary_large_image","twitter_misc":{"Est. tempo de leitura":"2 minutos"},"schema":{"@context":"https:\/\/schema.org","@graph":[{"@type":"WebPage","@id":"https:\/\/clubedeviagensmoms.com.br\/homolog\/produto\/hotel-rio-quente-cristal-resort\/","url":"https:\/\/clubedeviagensmoms.com.br\/homolog\/produto\/hotel-rio-quente-cristal-resort\/","name":"Hotel Rio Quente Cristal Resort - Clube Moms","isPartOf":{"@id":"https:\/\/clubedeviagensmoms.com.br\/homolog\/#website"},"datePublished":"2021-10-29T22:55:38+00:00","dateModified":"2023-08-30T15:25:50+00:00","description":"Hotel Rio Quente Cristal Resort: Sofistica\u00e7\u00e3o e exclusividade o definem. Ent\u00e3o, venha viver experi\u00eancias inesquec\u00edveis no Rio Quente!","breadcrumb":{"@id":"https:\/\/clubedeviagensmoms.com.br\/homolog\/produto\/hotel-rio-quente-cristal-resort\/#breadcrumb"},"inLanguage":"pt-BR","potentialAction":[{"@type":"ReadAction","target":["https:\/\/clubedeviagensmoms.com.br\/homolog\/produto\/hotel-rio-quente-cristal-resort\/"]}]},{"@type":"BreadcrumbList","@id":"https:\/\/clubedeviagensmoms.com.br\/homolog\/produto\/hotel-rio-quente-cristal-resort\/#breadcrumb","itemListElement":[{"@type":"ListItem","position":1,"name":"Home","item":"https:\/\/clubedeviagensmoms.com.br\/homolog\/"},{"@type":"ListItem","position":2,"name":"Vamos Viajar","item":"https:\/\/clubedeviagensmoms.com.br\/homolog\/shop\/"},{"@type":"ListItem","position":3,"name":"Hotel Rio Quente Cristal Resort"}]},{"@type":"WebSite","@id":"https:\/\/clubedeviagensmoms.com.br\/homolog\/#website","url":"https:\/\/clubedeviagensmoms.com.br\/homolog\/","name":"Clube Moms","description":"O Clube Moms \u00e9 uma ag\u00eancia de turismo com foco em fam\u00edlias com crian\u00e7as, que uno os conceitos de Consultoria Especializada e Clube de Vantagens.","potentialAction":[{"@type":"SearchAction","target":{"@type":"EntryPoint","urlTemplate":"https:\/\/clubedeviagensmoms.com.br\/homolog\/?s={search_term_string}"},"query-input":"required name=search_term_string"}],"inLanguage":"pt-BR"}]}},"_links":{"self":[{"href":"https:\/\/clubedeviagensmoms.com.br\/homolog\/wp-json\/wp\/v2\/product\/4024","targetHints":{"allow":["GET"]}}],"collection":[{"href":"https:\/\/clubedeviagensmoms.com.br\/homolog\/wp-json\/wp\/v2\/product"}],"about":[{"href":"https:\/\/clubedeviagensmoms.com.br\/homolog\/wp-json\/wp\/v2\/types\/product"}],"replies":[{"embeddable":true,"href":"https:\/\/clubedeviagensmoms.com.br\/homolog\/wp-json\/wp\/v2\/comments?post=4024"}],"wp:featuredmedia":[{"embeddable":true,"href":"https:\/\/clubedeviagensmoms.com.br\/homolog\/wp-json\/wp\/v2\/media\/1547"}],"wp:attachment":[{"href":"https:\/\/clubedeviagensmoms.com.br\/homolog\/wp-json\/wp\/v2\/media?parent=4024"}],"wp:term":[{"taxonomy":"product_cat","embeddable":true,"href":"https:\/\/clubedeviagensmoms.com.br\/homolog\/wp-json\/wp\/v2\/product_cat?post=4024"},{"taxonomy":"product_tag","embeddable":true,"href":"https:\/\/clubedeviagensmoms.com.br\/homolog\/wp-json\/wp\/v2\/product_tag?post=4024"}],"curies":[{"name":"wp","href":"https:\/\/api.w.org\/{rel}","templated":true}]}}