{"id":4026,"date":"2021-10-29T19:55:39","date_gmt":"2021-10-29T22:55:39","guid":{"rendered":"http:\/\/clubedeviagensmoms.com.br\/homolog\/taober_wp\/?post_type=product&#038;p=4026"},"modified":"2023-08-30T12:25:48","modified_gmt":"2023-08-30T15:25:48","slug":"hotel-la-plage","status":"publish","type":"product","link":"https:\/\/clubedeviagensmoms.com.br\/homolog\/produto\/hotel-la-plage\/","title":{"rendered":"Hotel La Plage"},"content":{"rendered":"<h4>Situado na Praia do Per\u00f3 em Cabo Frio, a 15 km do balne\u00e1rio de B\u00fazios, 25 km do Aeroporto Internacional de Cabo Frio e 150 km do RJ. Assim surge um hotel diferenciado, o Hotel La Plage.<\/h4>\n<p>&nbsp;<\/p>\n<p>Oferecendo completa infra-estrutura para lazer e neg\u00f3cios, com total privacidade e seguran\u00e7a, bem como aliando conforto e excelente atendimento em um s\u00f3 lugar.<\/p>\n<p>O Hotel La Plage tem sua frente voltada para a Praia do Per\u00f3, inegavelmente a maior e mais bela praia da Regi\u00e3o dos Lagos. Foi eleita pela Revista Veja e pelo Fant\u00e1stico da Rede Globo como \u201cA praia mais limpa do litoral brasileiro, com \u00edndice zero de polui\u00e7\u00e3o\u201d.<\/p>\n<p>Com 84 unidades, possui apartamentos com vista mar, su\u00edtes de frente \u00e0 piscina e apartamentos com vista do bairro Per\u00f3, equipados com TV, ar condicionado, telefone e internet.<\/p>\n<p>Nosso caf\u00e9 da manh\u00e3 \u00e9 servido a partir das 7h, com uma imensa variedade de frutas, p\u00e3es, bolos, salgados e diversos tipos de bebidas.<\/p>\n<p>A \u00e1rea social, possui duas amplas salas de estar com mesas de carteado, salas para leitura, Wi-Fi, restaurante e salas para pequenos e grandes eventos.<\/p>\n<p>\u00c1rea de lazer possuindo piscina panor\u00e2mica com hidromassagem, cascata, bar, jardins de frente ao mar, sauna a vapor, espa\u00e7o de jogos infantis e mini playground.<\/p>\n<p>O Hotel La Plage est\u00e1 localizado junto ao Cal\u00e7ad\u00e3o da Praia do Per\u00f3, podendo o h\u00f3spede certamente usufruir da infra-estrutura que os quiosques da orla oferecem (ombrelones, mesas, cadeiras e servi\u00e7os de bar). Estamos a 1 km (12 minutos de caminhada) da paradis\u00edaca Praia das Conchas.<\/p>\n<p>Al\u00e9m da praia bastante familiar, nossa piscina panor\u00e2mica com hidromassagem \u00e9 ideal para se relaxar, usufruindo de uma paisagem deslumbrante. Al\u00e9m disso, bar na piscina, sauna a vapor, restaurante, servi\u00e7o di\u00e1rio de quarto, Wi-Fi em todas as \u00e1reas sociais do hotel.<\/p>\n<p>Venha conhecer e desfrutar do Hotel La Plage! Voc\u00ea n\u00e3o vai se arrepender!<\/p>\n<p>Se voc\u00ea ainda n\u00e3o conhece nossas redes sociais, vem dar uma conferida no nosso<span>\u00a0<\/span><a href=\"https:\/\/www.instagram.com\/clubedeviagensmoms\/\">Instagram<\/a><span>\u00a0<\/span>e tamb\u00e9m na nossa<span>\u00a0<\/span><a href=\"https:\/\/www.facebook.com\/ClubeDeViagensMoms\/?hc_ref=ARREVFAUN6kemqQPikWPR6yOVqfolWuZ4Gm2u6EX4fJ2-jyHER8eDB5si8DvGkabbOE&amp;fref=nf&amp;__xts__[0]=68.ARAXJqd_Jm68dG9qh_a7A_hAS8hHGdRg1Cq8Je9my1EPnGBRo26TI37xs6IY6NhynKSzyIDhPcBRqvr6Nzuwi7g2W4UPO84T0-vU7mWKXia_C51FzzqVsE3HthHbuQetTo9gapY&amp;__tn__=kC-R\">p\u00e1gina do Facebook<\/a>! Ainda, temos um<span>\u00a0<\/span><a href=\"https:\/\/www.facebook.com\/groups\/clubedeviagensmoms\/\">grupo do Facebook<\/a>, ent\u00e3o, venha fazer parte!<\/p>\n<p>E se voc\u00ea quiser conferir nossos outros hot\u00e9is parceiros, clique<span>\u00a0<\/span><a href=\"http:\/\/clubedeviagensmoms.com.br\/homolog\/vamos-viajar\/hoteis\/\" target=\"_blank\" rel=\"noopener noreferrer\">aqui<\/a>!<\/p>\n","protected":false},"excerpt":{"rendered":"<p>Em frente \u00e0 Praia do Per\u00f3, a maior e mais bela praia da Regi\u00e3o dos Lagos, fica o Hotel La Plage e oferece completa infraestrutura para lazer e neg\u00f3cios.<\/p>\n","protected":false},"featured_media":1561,"comment_status":"closed","ping_status":"closed","template":"","meta":[],"product_cat":[21],"product_tag":[222,27,28,29,30,31,32,33,199,257,45,37,38,39,59],"class_list":["post-4026","product","type-product","status-publish","has-post-thumbnail","hentry","product_cat-hoteis","product_tag-cabo-frio","product_tag-clube-de-viagens-moms","product_tag-clube-moms","product_tag-criancas","product_tag-diversao","product_tag-diversao-em-familia","product_tag-ferias","product_tag-ferias-em-familia","product_tag-hotel","product_tag-hotel-la-plage","product_tag-praia","product_tag-rio-de-janeiro","product_tag-viagem","product_tag-viagem-com-criancas","product_tag-viagem-em-familia-nao","pa_destino-brasil","pa_destino-cabo-frio","pa_destino-rio-de-janeiro","pa_estrutura-lazer-bar","pa_estrutura-lazer-cachoeira","pa_estrutura-lazer-centro-de-convencoes","pa_estrutura-lazer-hidromassagem","pa_estrutura-lazer-piscina","pa_estrutura-lazer-praia","pa_estrutura-lazer-restaurante","pa_estrutura-lazer-salao-de-jogos","pa_estrutura-lazer-sauna","pa_regime-de-alimentacao-cafe-da-manha","pa_servicos-opcionais-passeios-tour","pa_tipos-de-destinos-pe-na-areia","pa_tipos-de-destinos-praia"],"acf":[],"yoast_head":"<!-- This site is optimized with the Yoast SEO Premium plugin v16.0.2 (Yoast SEO v21.2) - https:\/\/yoast.com\/wordpress\/plugins\/seo\/ -->\n<title>Hotel La Plage - Clube Moms<\/title>\n<meta name=\"description\" content=\"Em frente \u00e0 Praia do Per\u00f3, a maior e mais bela praia da Regi\u00e3o dos Lagos, fica o Hotel La Plage e oferece completa infraestrutura para lazer e neg\u00f3cios.\" \/>\n<meta name=\"robots\" content=\"index, follow, max-snippet:-1, max-image-preview:large, max-video-preview:-1\" \/>\n<link rel=\"canonical\" href=\"https:\/\/clubedeviagensmoms.com.br\/homolog\/produto\/hotel-la-plage\/\" \/>\n<meta property=\"og:locale\" content=\"pt_BR\" \/>\n<meta property=\"og:type\" content=\"article\" \/>\n<meta property=\"og:title\" content=\"Hotel La Plage - Clube Moms\" \/>\n<meta property=\"og:description\" content=\"Em frente \u00e0 Praia do Per\u00f3, a maior e mais bela praia da Regi\u00e3o dos Lagos, fica o Hotel La Plage e oferece completa infraestrutura para lazer e neg\u00f3cios.\" \/>\n<meta property=\"og:url\" content=\"https:\/\/clubedeviagensmoms.com.br\/homolog\/produto\/hotel-la-plage\/\" \/>\n<meta property=\"og:site_name\" content=\"Clube Moms\" \/>\n<meta property=\"article:modified_time\" content=\"2023-08-30T15:25:48+00:00\" \/>\n<meta property=\"og:image\" content=\"https:\/\/clubedeviagensmoms.com.br\/homolog\/wp-content\/uploads\/2021\/10\/vista-cima-1024x536-1.jpg\" \/>\n\t<meta property=\"og:image:width\" content=\"1024\" \/>\n\t<meta property=\"og:image:height\" content=\"536\" \/>\n\t<meta property=\"og:image:type\" content=\"image\/jpeg\" \/>\n<meta name=\"twitter:card\" content=\"summary_large_image\" \/>\n<meta name=\"twitter:label1\" content=\"Est. tempo de leitura\" \/>\n\t<meta name=\"twitter:data1\" content=\"2 minutos\" \/>\n<script type=\"application\/ld+json\" class=\"yoast-schema-graph\">{\"@context\":\"https:\/\/schema.org\",\"@graph\":[{\"@type\":\"WebPage\",\"@id\":\"https:\/\/clubedeviagensmoms.com.br\/homolog\/produto\/hotel-la-plage\/\",\"url\":\"https:\/\/clubedeviagensmoms.com.br\/homolog\/produto\/hotel-la-plage\/\",\"name\":\"Hotel La Plage - Clube Moms\",\"isPartOf\":{\"@id\":\"https:\/\/clubedeviagensmoms.com.br\/homolog\/#website\"},\"datePublished\":\"2021-10-29T22:55:39+00:00\",\"dateModified\":\"2023-08-30T15:25:48+00:00\",\"description\":\"Em frente \u00e0 Praia do Per\u00f3, a maior e mais bela praia da Regi\u00e3o dos Lagos, fica o Hotel La Plage e oferece completa infraestrutura para lazer e neg\u00f3cios.\",\"breadcrumb\":{\"@id\":\"https:\/\/clubedeviagensmoms.com.br\/homolog\/produto\/hotel-la-plage\/#breadcrumb\"},\"inLanguage\":\"pt-BR\",\"potentialAction\":[{\"@type\":\"ReadAction\",\"target\":[\"https:\/\/clubedeviagensmoms.com.br\/homolog\/produto\/hotel-la-plage\/\"]}]},{\"@type\":\"BreadcrumbList\",\"@id\":\"https:\/\/clubedeviagensmoms.com.br\/homolog\/produto\/hotel-la-plage\/#breadcrumb\",\"itemListElement\":[{\"@type\":\"ListItem\",\"position\":1,\"name\":\"Home\",\"item\":\"https:\/\/clubedeviagensmoms.com.br\/homolog\/\"},{\"@type\":\"ListItem\",\"position\":2,\"name\":\"Vamos Viajar\",\"item\":\"https:\/\/clubedeviagensmoms.com.br\/homolog\/shop\/\"},{\"@type\":\"ListItem\",\"position\":3,\"name\":\"Hotel La Plage\"}]},{\"@type\":\"WebSite\",\"@id\":\"https:\/\/clubedeviagensmoms.com.br\/homolog\/#website\",\"url\":\"https:\/\/clubedeviagensmoms.com.br\/homolog\/\",\"name\":\"Clube Moms\",\"description\":\"O Clube Moms \u00e9 uma ag\u00eancia de turismo com foco em fam\u00edlias com crian\u00e7as, que uno os conceitos de Consultoria Especializada e Clube de Vantagens.\",\"potentialAction\":[{\"@type\":\"SearchAction\",\"target\":{\"@type\":\"EntryPoint\",\"urlTemplate\":\"https:\/\/clubedeviagensmoms.com.br\/homolog\/?s={search_term_string}\"},\"query-input\":\"required name=search_term_string\"}],\"inLanguage\":\"pt-BR\"}]}<\/script>\n<!-- \/ Yoast SEO Premium plugin. -->","yoast_head_json":{"title":"Hotel La Plage - Clube Moms","description":"Em frente \u00e0 Praia do Per\u00f3, a maior e mais bela praia da Regi\u00e3o dos Lagos, fica o Hotel La Plage e oferece completa infraestrutura para lazer e neg\u00f3cios.","robots":{"index":"index","follow":"follow","max-snippet":"max-snippet:-1","max-image-preview":"max-image-preview:large","max-video-preview":"max-video-preview:-1"},"canonical":"https:\/\/clubedeviagensmoms.com.br\/homolog\/produto\/hotel-la-plage\/","og_locale":"pt_BR","og_type":"article","og_title":"Hotel La Plage - Clube Moms","og_description":"Em frente \u00e0 Praia do Per\u00f3, a maior e mais bela praia da Regi\u00e3o dos Lagos, fica o Hotel La Plage e oferece completa infraestrutura para lazer e neg\u00f3cios.","og_url":"https:\/\/clubedeviagensmoms.com.br\/homolog\/produto\/hotel-la-plage\/","og_site_name":"Clube Moms","article_modified_time":"2023-08-30T15:25:48+00:00","og_image":[{"width":1024,"height":536,"url":"https:\/\/clubedeviagensmoms.com.br\/homolog\/wp-content\/uploads\/2021\/10\/vista-cima-1024x536-1.jpg","type":"image\/jpeg"}],"twitter_card":"summary_large_image","twitter_misc":{"Est. tempo de leitura":"2 minutos"},"schema":{"@context":"https:\/\/schema.org","@graph":[{"@type":"WebPage","@id":"https:\/\/clubedeviagensmoms.com.br\/homolog\/produto\/hotel-la-plage\/","url":"https:\/\/clubedeviagensmoms.com.br\/homolog\/produto\/hotel-la-plage\/","name":"Hotel La Plage - Clube Moms","isPartOf":{"@id":"https:\/\/clubedeviagensmoms.com.br\/homolog\/#website"},"datePublished":"2021-10-29T22:55:39+00:00","dateModified":"2023-08-30T15:25:48+00:00","description":"Em frente \u00e0 Praia do Per\u00f3, a maior e mais bela praia da Regi\u00e3o dos Lagos, fica o Hotel La Plage e oferece completa infraestrutura para lazer e neg\u00f3cios.","breadcrumb":{"@id":"https:\/\/clubedeviagensmoms.com.br\/homolog\/produto\/hotel-la-plage\/#breadcrumb"},"inLanguage":"pt-BR","potentialAction":[{"@type":"ReadAction","target":["https:\/\/clubedeviagensmoms.com.br\/homolog\/produto\/hotel-la-plage\/"]}]},{"@type":"BreadcrumbList","@id":"https:\/\/clubedeviagensmoms.com.br\/homolog\/produto\/hotel-la-plage\/#breadcrumb","itemListElement":[{"@type":"ListItem","position":1,"name":"Home","item":"https:\/\/clubedeviagensmoms.com.br\/homolog\/"},{"@type":"ListItem","position":2,"name":"Vamos Viajar","item":"https:\/\/clubedeviagensmoms.com.br\/homolog\/shop\/"},{"@type":"ListItem","position":3,"name":"Hotel La Plage"}]},{"@type":"WebSite","@id":"https:\/\/clubedeviagensmoms.com.br\/homolog\/#website","url":"https:\/\/clubedeviagensmoms.com.br\/homolog\/","name":"Clube Moms","description":"O Clube Moms \u00e9 uma ag\u00eancia de turismo com foco em fam\u00edlias com crian\u00e7as, que uno os conceitos de Consultoria Especializada e Clube de Vantagens.","potentialAction":[{"@type":"SearchAction","target":{"@type":"EntryPoint","urlTemplate":"https:\/\/clubedeviagensmoms.com.br\/homolog\/?s={search_term_string}"},"query-input":"required name=search_term_string"}],"inLanguage":"pt-BR"}]}},"_links":{"self":[{"href":"https:\/\/clubedeviagensmoms.com.br\/homolog\/wp-json\/wp\/v2\/product\/4026","targetHints":{"allow":["GET"]}}],"collection":[{"href":"https:\/\/clubedeviagensmoms.com.br\/homolog\/wp-json\/wp\/v2\/product"}],"about":[{"href":"https:\/\/clubedeviagensmoms.com.br\/homolog\/wp-json\/wp\/v2\/types\/product"}],"replies":[{"embeddable":true,"href":"https:\/\/clubedeviagensmoms.com.br\/homolog\/wp-json\/wp\/v2\/comments?post=4026"}],"wp:featuredmedia":[{"embeddable":true,"href":"https:\/\/clubedeviagensmoms.com.br\/homolog\/wp-json\/wp\/v2\/media\/1561"}],"wp:attachment":[{"href":"https:\/\/clubedeviagensmoms.com.br\/homolog\/wp-json\/wp\/v2\/media?parent=4026"}],"wp:term":[{"taxonomy":"product_cat","embeddable":true,"href":"https:\/\/clubedeviagensmoms.com.br\/homolog\/wp-json\/wp\/v2\/product_cat?post=4026"},{"taxonomy":"product_tag","embeddable":true,"href":"https:\/\/clubedeviagensmoms.com.br\/homolog\/wp-json\/wp\/v2\/product_tag?post=4026"}],"curies":[{"name":"wp","href":"https:\/\/api.w.org\/{rel}","templated":true}]}}