{"id":4036,"date":"2021-10-29T19:55:39","date_gmt":"2021-10-29T22:55:39","guid":{"rendered":"http:\/\/clubedeviagensmoms.com.br\/homolog\/taober_wp\/?post_type=product&#038;p=4036"},"modified":"2023-08-30T12:26:13","modified_gmt":"2023-08-30T15:26:13","slug":"hotel-fazenda-solar-do-cedro","status":"publish","type":"product","link":"https:\/\/clubedeviagensmoms.com.br\/homolog\/produto\/hotel-fazenda-solar-do-cedro\/","title":{"rendered":"Solar Fazenda do Cedro"},"content":{"rendered":"<h4>Hotel Solar Fazenda do Cedro: Uma fazenda pequena, aconchegante, simples, r\u00fastica, com boa gastronomia, \u00f3tima recrea\u00e7\u00e3o e o melhor, pert\u00edssimo do Rio.<\/h4>\n<p>&nbsp;<\/p>\n<p>No Hotel Fazenda Solar do Cedro voc\u00ea pode contar com uma \u00f3tima estrutura de lazer para se divertir com a sua fam\u00edlia, sendo assim com muitos cantinhos agrad\u00e1veis e paisagens buc\u00f3licas para descansar. Tem uma pegada rom\u00e2ntica com op\u00e7\u00f5es de chal\u00e9s com lareira e hidro e um fondue que certamente dizem ser imperd\u00edvel.<\/p>\n<p>\u00c9 um hotel pra quem quer se sentir \u00fanico, especial (o atendimento carinhoso da Beatriz da um toque de exclusividade a estadia), para quem precisa dar uma fugida, quebrar a rotina sem ir muito longe, para quem gosta de fazenda e quer proporcionar as crian\u00e7as contato com os bichinhos, para quem est\u00e1 mais preocupado com conforto do que com luxo, para quem quer fazer uma viagem com filhos e ter um momento especial com o marido.<\/p>\n<p>Al\u00e9m da natureza privilegiada, o Hotel Fazenda Solar do Cedro disp\u00f5e de confort\u00e1veis acomoda\u00e7\u00f5es para atender pequenas e grandes fam\u00edlias. Desde apartamentos mais acolhedores at\u00e9 chal\u00e9s mais rebuscados, com hidromassagem dupla, telhado de vidro e sauna particular. Todas as nossas acomoda\u00e7\u00f5es possuem primordialmente uma cama Queen Size, ar condicionado, TV a cabo, frigobar, ramal de telefonia e banheiro privativo. Uma intera\u00e7\u00e3o entre o campo e o conforto para os momentos de paz e descanso.<\/p>\n<p>Respire fundo e sinta o clima de fazenda. Num local acolhedor onde todas as idades podem desfrutar de momentos inesquec\u00edveis. Uma equipe de recrea\u00e7\u00e3o que alegra os pequenos com v\u00e1rias atividades nos finais de semana, f\u00e9rias e feriados. Crian\u00e7as acima de 04 anos acompanham bem todas as atividades. Abaixo dessa idade, acompanhado de um respons\u00e1vel, assim descobrindo um mundo novo cheio de bichinhos fofos, num cen\u00e1rio inspirador, para ficar na lembran\u00e7a de quem vai ter inf\u00e2ncia com gosto de saudade.<\/p>\n<p>&nbsp;<\/p>\n<p>Venha conhecer e desfrutar do Solar do Cedro! Voc\u00ea n\u00e3o vai se arrepender!<\/p>\n<p>Se voc\u00ea ainda n\u00e3o conhece nossas redes sociais, vem dar uma conferida no nosso\u00a0<a href=\"https:\/\/www.instagram.com\/clubedeviagensmoms\/\">Instagram<\/a>\u00a0e tamb\u00e9m na nossa\u00a0<a href=\"https:\/\/www.facebook.com\/ClubeDeViagensMoms\/?hc_ref=ARREVFAUN6kemqQPikWPR6yOVqfolWuZ4Gm2u6EX4fJ2-jyHER8eDB5si8DvGkabbOE&amp;fref=nf&amp;__xts__[0]=68.ARAXJqd_Jm68dG9qh_a7A_hAS8hHGdRg1Cq8Je9my1EPnGBRo26TI37xs6IY6NhynKSzyIDhPcBRqvr6Nzuwi7g2W4UPO84T0-vU7mWKXia_C51FzzqVsE3HthHbuQetTo9gapY&amp;__tn__=kC-R\">p\u00e1gina do Facebook<\/a>! Ainda, temos um\u00a0<a href=\"https:\/\/www.facebook.com\/groups\/clubedeviagensmoms\/\">grupo do Facebook<\/a>, ent\u00e3o, venha fazer parte!<\/p>\n<p>E se voc\u00ea quiser conferir nossos outros hot\u00e9is parceiros, clique\u00a0<a href=\"http:\/\/clubedeviagensmoms.com.br\/homolog\/vamos-viajar\/hoteis\/\" target=\"_blank\" rel=\"noopener noreferrer\">aqui<\/a>!<\/p>\n","protected":false},"excerpt":{"rendered":"<p>Hotel Fazenda Solar do Cedro: uma fazenda pequena, aconchegante, simples, r\u00fastica, com boa gastronomia, \u00f3tima recrea\u00e7\u00e3o e o melhor, pert\u00edssimo do Rio.<\/p>\n","protected":false},"featured_media":1691,"comment_status":"closed","ping_status":"closed","template":"","meta":[],"product_cat":[21],"product_tag":[272,27,28,29,30,31,49,32,33,158,60,35,37,185,186,38,39,40],"class_list":["post-4036","product","type-product","status-publish","has-post-thumbnail","hentry","product_cat-hoteis","product_tag-areal","product_tag-clube-de-viagens-moms","product_tag-clube-moms","product_tag-criancas","product_tag-diversao","product_tag-diversao-em-familia","product_tag-fazendinha","product_tag-ferias","product_tag-ferias-em-familia","product_tag-hotel-fazenda","product_tag-petropolis","product_tag-recreacao","product_tag-rio-de-janeiro","product_tag-serra","product_tag-sudeste","product_tag-viagem","product_tag-viagem-com-criancas","product_tag-viagem-em-familia","pa_destino-brasil","pa_destino-petropolis","pa_destino-rio-de-janeiro","pa_estrutura-lazer-arco-e-flecha","pa_estrutura-lazer-bicicleta","pa_estrutura-lazer-campo-de-futebol","pa_estrutura-lazer-cavalos","pa_estrutura-lazer-centro-de-convencoes","pa_estrutura-lazer-cinema","pa_estrutura-lazer-copa-baby","pa_estrutura-lazer-esportes-radicais","pa_estrutura-lazer-estacionamento","pa_estrutura-lazer-fazendinha","pa_estrutura-lazer-kids-club","pa_estrutura-lazer-lago","pa_estrutura-lazer-piscina","pa_estrutura-lazer-playground","pa_estrutura-lazer-quadra-de-tenis","pa_estrutura-lazer-recreacao","pa_estrutura-lazer-restaurante","pa_estrutura-lazer-sala-de-tv","pa_estrutura-lazer-salao-de-jogos","pa_estrutura-lazer-sauna","pa_regime-de-alimentacao-pensao-completa","pa_servicos-opcionais-equitacao","pa_servicos-opcionais-lavanderia","pa_servicos-opcionais-servico-de-massagem","pa_servicos-opcionais-servico-de-traslado","pa_tipos-de-destinos-hotel-fazenda","pa_tipos-de-destinos-serra"],"acf":[],"yoast_head":"<!-- This site is optimized with the Yoast SEO Premium plugin v16.0.2 (Yoast SEO v21.2) - https:\/\/yoast.com\/wordpress\/plugins\/seo\/ -->\n<title>Solar Fazenda do Cedro - Clube Moms<\/title>\n<meta name=\"description\" content=\"Hotel Fazenda Solar do Cedro: uma fazenda pequena, aconchegante, simples, r\u00fastica, com boa gastronomia, \u00f3tima recrea\u00e7\u00e3o e o melhor, pert\u00edssimo do Rio.\" \/>\n<meta name=\"robots\" content=\"index, follow, max-snippet:-1, max-image-preview:large, max-video-preview:-1\" \/>\n<link rel=\"canonical\" href=\"https:\/\/clubedeviagensmoms.com.br\/homolog\/produto\/hotel-fazenda-solar-do-cedro\/\" \/>\n<meta property=\"og:locale\" content=\"pt_BR\" \/>\n<meta property=\"og:type\" content=\"article\" \/>\n<meta property=\"og:title\" content=\"Solar Fazenda do Cedro - Clube Moms\" \/>\n<meta property=\"og:description\" content=\"Hotel Fazenda Solar do Cedro: uma fazenda pequena, aconchegante, simples, r\u00fastica, com boa gastronomia, \u00f3tima recrea\u00e7\u00e3o e o melhor, pert\u00edssimo do Rio.\" \/>\n<meta property=\"og:url\" content=\"https:\/\/clubedeviagensmoms.com.br\/homolog\/produto\/hotel-fazenda-solar-do-cedro\/\" \/>\n<meta property=\"og:site_name\" content=\"Clube Moms\" \/>\n<meta property=\"article:modified_time\" content=\"2023-08-30T15:26:13+00:00\" \/>\n<meta property=\"og:image\" content=\"https:\/\/clubedeviagensmoms.com.br\/homolog\/wp-content\/uploads\/2021\/10\/Lazer5-1.jpg\" \/>\n\t<meta property=\"og:image:width\" content=\"777\" \/>\n\t<meta property=\"og:image:height\" content=\"518\" \/>\n\t<meta property=\"og:image:type\" content=\"image\/jpeg\" \/>\n<meta name=\"twitter:card\" content=\"summary_large_image\" \/>\n<meta name=\"twitter:label1\" content=\"Est. tempo de leitura\" \/>\n\t<meta name=\"twitter:data1\" content=\"2 minutos\" \/>\n<script type=\"application\/ld+json\" class=\"yoast-schema-graph\">{\"@context\":\"https:\/\/schema.org\",\"@graph\":[{\"@type\":\"WebPage\",\"@id\":\"https:\/\/clubedeviagensmoms.com.br\/homolog\/produto\/hotel-fazenda-solar-do-cedro\/\",\"url\":\"https:\/\/clubedeviagensmoms.com.br\/homolog\/produto\/hotel-fazenda-solar-do-cedro\/\",\"name\":\"Solar Fazenda do Cedro - Clube Moms\",\"isPartOf\":{\"@id\":\"https:\/\/clubedeviagensmoms.com.br\/homolog\/#website\"},\"datePublished\":\"2021-10-29T22:55:39+00:00\",\"dateModified\":\"2023-08-30T15:26:13+00:00\",\"description\":\"Hotel Fazenda Solar do Cedro: uma fazenda pequena, aconchegante, simples, r\u00fastica, com boa gastronomia, \u00f3tima recrea\u00e7\u00e3o e o melhor, pert\u00edssimo do Rio.\",\"breadcrumb\":{\"@id\":\"https:\/\/clubedeviagensmoms.com.br\/homolog\/produto\/hotel-fazenda-solar-do-cedro\/#breadcrumb\"},\"inLanguage\":\"pt-BR\",\"potentialAction\":[{\"@type\":\"ReadAction\",\"target\":[\"https:\/\/clubedeviagensmoms.com.br\/homolog\/produto\/hotel-fazenda-solar-do-cedro\/\"]}]},{\"@type\":\"BreadcrumbList\",\"@id\":\"https:\/\/clubedeviagensmoms.com.br\/homolog\/produto\/hotel-fazenda-solar-do-cedro\/#breadcrumb\",\"itemListElement\":[{\"@type\":\"ListItem\",\"position\":1,\"name\":\"Home\",\"item\":\"https:\/\/clubedeviagensmoms.com.br\/homolog\/\"},{\"@type\":\"ListItem\",\"position\":2,\"name\":\"Vamos Viajar\",\"item\":\"https:\/\/clubedeviagensmoms.com.br\/homolog\/shop\/\"},{\"@type\":\"ListItem\",\"position\":3,\"name\":\"Solar Fazenda do Cedro\"}]},{\"@type\":\"WebSite\",\"@id\":\"https:\/\/clubedeviagensmoms.com.br\/homolog\/#website\",\"url\":\"https:\/\/clubedeviagensmoms.com.br\/homolog\/\",\"name\":\"Clube Moms\",\"description\":\"O Clube Moms \u00e9 uma ag\u00eancia de turismo com foco em fam\u00edlias com crian\u00e7as, que uno os conceitos de Consultoria Especializada e Clube de Vantagens.\",\"potentialAction\":[{\"@type\":\"SearchAction\",\"target\":{\"@type\":\"EntryPoint\",\"urlTemplate\":\"https:\/\/clubedeviagensmoms.com.br\/homolog\/?s={search_term_string}\"},\"query-input\":\"required name=search_term_string\"}],\"inLanguage\":\"pt-BR\"}]}<\/script>\n<!-- \/ Yoast SEO Premium plugin. -->","yoast_head_json":{"title":"Solar Fazenda do Cedro - Clube Moms","description":"Hotel Fazenda Solar do Cedro: uma fazenda pequena, aconchegante, simples, r\u00fastica, com boa gastronomia, \u00f3tima recrea\u00e7\u00e3o e o melhor, pert\u00edssimo do Rio.","robots":{"index":"index","follow":"follow","max-snippet":"max-snippet:-1","max-image-preview":"max-image-preview:large","max-video-preview":"max-video-preview:-1"},"canonical":"https:\/\/clubedeviagensmoms.com.br\/homolog\/produto\/hotel-fazenda-solar-do-cedro\/","og_locale":"pt_BR","og_type":"article","og_title":"Solar Fazenda do Cedro - Clube Moms","og_description":"Hotel Fazenda Solar do Cedro: uma fazenda pequena, aconchegante, simples, r\u00fastica, com boa gastronomia, \u00f3tima recrea\u00e7\u00e3o e o melhor, pert\u00edssimo do Rio.","og_url":"https:\/\/clubedeviagensmoms.com.br\/homolog\/produto\/hotel-fazenda-solar-do-cedro\/","og_site_name":"Clube Moms","article_modified_time":"2023-08-30T15:26:13+00:00","og_image":[{"width":777,"height":518,"url":"https:\/\/clubedeviagensmoms.com.br\/homolog\/wp-content\/uploads\/2021\/10\/Lazer5-1.jpg","type":"image\/jpeg"}],"twitter_card":"summary_large_image","twitter_misc":{"Est. tempo de leitura":"2 minutos"},"schema":{"@context":"https:\/\/schema.org","@graph":[{"@type":"WebPage","@id":"https:\/\/clubedeviagensmoms.com.br\/homolog\/produto\/hotel-fazenda-solar-do-cedro\/","url":"https:\/\/clubedeviagensmoms.com.br\/homolog\/produto\/hotel-fazenda-solar-do-cedro\/","name":"Solar Fazenda do Cedro - Clube Moms","isPartOf":{"@id":"https:\/\/clubedeviagensmoms.com.br\/homolog\/#website"},"datePublished":"2021-10-29T22:55:39+00:00","dateModified":"2023-08-30T15:26:13+00:00","description":"Hotel Fazenda Solar do Cedro: uma fazenda pequena, aconchegante, simples, r\u00fastica, com boa gastronomia, \u00f3tima recrea\u00e7\u00e3o e o melhor, pert\u00edssimo do Rio.","breadcrumb":{"@id":"https:\/\/clubedeviagensmoms.com.br\/homolog\/produto\/hotel-fazenda-solar-do-cedro\/#breadcrumb"},"inLanguage":"pt-BR","potentialAction":[{"@type":"ReadAction","target":["https:\/\/clubedeviagensmoms.com.br\/homolog\/produto\/hotel-fazenda-solar-do-cedro\/"]}]},{"@type":"BreadcrumbList","@id":"https:\/\/clubedeviagensmoms.com.br\/homolog\/produto\/hotel-fazenda-solar-do-cedro\/#breadcrumb","itemListElement":[{"@type":"ListItem","position":1,"name":"Home","item":"https:\/\/clubedeviagensmoms.com.br\/homolog\/"},{"@type":"ListItem","position":2,"name":"Vamos Viajar","item":"https:\/\/clubedeviagensmoms.com.br\/homolog\/shop\/"},{"@type":"ListItem","position":3,"name":"Solar Fazenda do Cedro"}]},{"@type":"WebSite","@id":"https:\/\/clubedeviagensmoms.com.br\/homolog\/#website","url":"https:\/\/clubedeviagensmoms.com.br\/homolog\/","name":"Clube Moms","description":"O Clube Moms \u00e9 uma ag\u00eancia de turismo com foco em fam\u00edlias com crian\u00e7as, que uno os conceitos de Consultoria Especializada e Clube de Vantagens.","potentialAction":[{"@type":"SearchAction","target":{"@type":"EntryPoint","urlTemplate":"https:\/\/clubedeviagensmoms.com.br\/homolog\/?s={search_term_string}"},"query-input":"required name=search_term_string"}],"inLanguage":"pt-BR"}]}},"_links":{"self":[{"href":"https:\/\/clubedeviagensmoms.com.br\/homolog\/wp-json\/wp\/v2\/product\/4036","targetHints":{"allow":["GET"]}}],"collection":[{"href":"https:\/\/clubedeviagensmoms.com.br\/homolog\/wp-json\/wp\/v2\/product"}],"about":[{"href":"https:\/\/clubedeviagensmoms.com.br\/homolog\/wp-json\/wp\/v2\/types\/product"}],"replies":[{"embeddable":true,"href":"https:\/\/clubedeviagensmoms.com.br\/homolog\/wp-json\/wp\/v2\/comments?post=4036"}],"wp:featuredmedia":[{"embeddable":true,"href":"https:\/\/clubedeviagensmoms.com.br\/homolog\/wp-json\/wp\/v2\/media\/1691"}],"wp:attachment":[{"href":"https:\/\/clubedeviagensmoms.com.br\/homolog\/wp-json\/wp\/v2\/media?parent=4036"}],"wp:term":[{"taxonomy":"product_cat","embeddable":true,"href":"https:\/\/clubedeviagensmoms.com.br\/homolog\/wp-json\/wp\/v2\/product_cat?post=4036"},{"taxonomy":"product_tag","embeddable":true,"href":"https:\/\/clubedeviagensmoms.com.br\/homolog\/wp-json\/wp\/v2\/product_tag?post=4036"}],"curies":[{"name":"wp","href":"https:\/\/api.w.org\/{rel}","templated":true}]}}