{"id":4037,"date":"2021-10-29T19:55:39","date_gmt":"2021-10-29T22:55:39","guid":{"rendered":"http:\/\/clubedeviagensmoms.com.br\/homolog\/taober_wp\/?post_type=product&#038;p=4037"},"modified":"2023-08-30T12:25:35","modified_gmt":"2023-08-30T15:25:35","slug":"hotel-fazenda-sao-luiz-da-boa-sorte","status":"publish","type":"product","link":"https:\/\/clubedeviagensmoms.com.br\/homolog\/produto\/hotel-fazenda-sao-luiz-da-boa-sorte\/","title":{"rendered":"Hotel Fazenda S\u00e3o Luiz da Boa Sorte"},"content":{"rendered":"<h4>O Hotel Fazenda S\u00e3o Luiz da Boa Sorte, nossa preciosidade encravada na Imperial Cidade de Vassouras, na BR 393, Rodovia Lucio Meira, no Vale do Caf\u00e9 Fluminense, \u00e9 fruto da uni\u00e3o de duas importantes fazendas do Ciclo \u00c1ureo do Caf\u00e9, a S\u00e3o Luiz e a Boa Sorte.<\/h4>\n<p>&nbsp;<\/p>\n<p>O Hotel Fazenda S\u00e3o Luiz da Boa Sorte, \u00fanico das grandes fazendas do caf\u00e9 com esta localiza\u00e7\u00e3o privilegiada, \u00e9 um primor do s\u00e9culo XIX em plena forma, depois de restaura\u00e7\u00e3o meticulosa, tocada em diferentes fases pelos arquitetos Jo\u00e3o Reis e Gilmar Peres, com o patroc\u00ednio, tamb\u00e9m em fases diferentes, da CEG G\u00e1s Natural e da\u00a0Light.<\/p>\n<p class=\"brz-lh-lg-1_7 brz-lh-sm-im-1_6 brz-lh-xs-im-1_6 brz-ls-lg-0 brz-ls-sm-im-0 brz-ls-xs-im-0 brz-ff-noto_serif brz-fw-lg-300 brz-fw-sm-im-300 brz-fw-xs-im-300 brz-text-lg-justify brz-fs-lg-16 brz-fs-sm-im-15 brz-fs-xs-im-15\"><span class=\"brz-cp-color7\">Possui um total de 21 su\u00edtes igualmente estruturadas.\u00a0<\/span><span class=\"brz-cp-color7\">As su\u00edtes est\u00e3o ambientadas com m\u00f3veis de decora\u00e7\u00e3o de \u00e9poca, o que torna a experi\u00eancia de se hospedar na fazenda \u00fanica. Sendo assim, uma verdadeira viagem pelo tempo.\u00a0<\/span><span class=\"brz-cp-color7\">Para os que desejam ficar perto das principais atra\u00e7\u00f5es da fazenda, possu\u00edmos su\u00edtes na Casa de Vivenda. Para os que preferem algo mais intimista, oferecemos as su\u00edtes da h\u00edpica.<\/span><\/p>\n<p>Um lugar onde a beleza natural se encontra com a hist\u00f3ria, assim \u00e9 o\u00a0Hotel Fazenda S\u00e3o Luiz da Boa Sorte.<\/p>\n<h5><span style=\"font-size: 12pt;\">Nossa infraestrutura de lazer conta com:<\/span><\/h5>\n<p>-Museu do Caf\u00e9<\/p>\n<p>Uma exclusividade da Fazenda S\u00e3o Luiz da Boa Sorte. O museu foi concebido para que a historia dos escravos na \u00e9poca dos Bar\u00f5es do Caf\u00e9 fique preservada e seja contada por muitas gera\u00e7\u00f5es. Uma visita enriquecedora de cultura e conhecimento.<\/p>\n<p>-Piscinas e Prainha<\/p>\n<p>Uma prainha de \u00e1gua doce encantadora em meio a uma, acima de tudo, exuberante natureza, com stand up paddle, pedalinhos, b\u00f3ias e caiaque. Piscina aberta climatizada e uma aconchegante piscina t\u00e9rmica para dias mais frios.<\/p>\n<p>-Recrea\u00e7\u00e3o e Atividades<\/p>\n<p>Recrea\u00e7\u00e3o para crian\u00e7as e muitas atividades para todas as idades. Jantar do bar\u00e3o, Queijos e Vinhos e muitos eventos tem\u00e1ticos certamente especiais nos pacotes de hospedagem.<\/p>\n<p>&nbsp;<\/p>\n<p>Venha conhecer e desfrutar do Hotel Fazenda S\u00e3o Luiz da Boa Sorte! Voc\u00ea n\u00e3o vai se arrepender!<\/p>\n<p>Se voc\u00ea ainda n\u00e3o conhece nossas redes sociais, vem dar uma conferida no nosso\u00a0<a href=\"https:\/\/www.instagram.com\/clubedeviagensmoms\/\">Instagram<\/a>\u00a0e tamb\u00e9m na nossa\u00a0<a href=\"https:\/\/www.facebook.com\/ClubeDeViagensMoms\/?hc_ref=ARREVFAUN6kemqQPikWPR6yOVqfolWuZ4Gm2u6EX4fJ2-jyHER8eDB5si8DvGkabbOE&amp;fref=nf&amp;__xts__[0]=68.ARAXJqd_Jm68dG9qh_a7A_hAS8hHGdRg1Cq8Je9my1EPnGBRo26TI37xs6IY6NhynKSzyIDhPcBRqvr6Nzuwi7g2W4UPO84T0-vU7mWKXia_C51FzzqVsE3HthHbuQetTo9gapY&amp;__tn__=kC-R\">p\u00e1gina do Facebook<\/a>! Ainda, temos um\u00a0<a href=\"https:\/\/www.facebook.com\/groups\/clubedeviagensmoms\/\">grupo do Facebook<\/a>, ent\u00e3o, venha fazer parte!<\/p>\n<p>E se voc\u00ea quiser conferir nossos outros hot\u00e9is parceiros, clique\u00a0<a href=\"http:\/\/clubedeviagensmoms.com.br\/homolog\/vamos-viajar\/hoteis\/\" target=\"_blank\" rel=\"noopener noreferrer\">aqui<\/a>!<\/p>\n","protected":false},"excerpt":{"rendered":"<p>O lugar onde a beleza natural se encontra com a hist\u00f3ria, assim \u00e9 o Hotel Fazenda S\u00e3o Luiz da Boa Sorte, nossa preciosidade encravada em Vassouras.<\/p>\n","protected":false},"featured_media":1701,"comment_status":"closed","ping_status":"closed","template":"","meta":[],"product_cat":[21],"product_tag":[27,28,29,30,31,32,33,158,273,37,159,38,39,40],"class_list":["post-4037","product","type-product","status-publish","has-post-thumbnail","hentry","product_cat-hoteis","product_tag-clube-de-viagens-moms","product_tag-clube-moms","product_tag-criancas","product_tag-diversao","product_tag-diversao-em-familia","product_tag-ferias","product_tag-ferias-em-familia","product_tag-hotel-fazenda","product_tag-hotel-fazenda-sao-luiz-da-boa-sorte","product_tag-rio-de-janeiro","product_tag-vassouras","product_tag-viagem","product_tag-viagem-com-criancas","product_tag-viagem-em-familia","pa_destino-brasil","pa_destino-rio-de-janeiro","pa_destino-vassouras","pa_estrutura-lazer-brinquedoteca","pa_estrutura-lazer-caiaque","pa_estrutura-lazer-campo-de-futebol","pa_estrutura-lazer-cavalos","pa_estrutura-lazer-fazendinha","pa_estrutura-lazer-lago","pa_estrutura-lazer-museu","pa_estrutura-lazer-piscina","pa_estrutura-lazer-piscina-aquecida","pa_estrutura-lazer-prainha","pa_estrutura-lazer-sauna","pa_estrutura-lazer-tirolesa-molhada","pa_estrutura-lazer-trenzinho","pa_estrutura-lazer-trilhas","pa_regime-de-alimentacao-pensao-completa","pa_tipos-de-destinos-hotel-fazenda"],"acf":[],"yoast_head":"<!-- This site is optimized with the Yoast SEO Premium plugin v16.0.2 (Yoast SEO v21.2) - https:\/\/yoast.com\/wordpress\/plugins\/seo\/ -->\n<title>Hotel Fazenda S\u00e3o Luiz da Boa Sorte - Clube Moms<\/title>\n<meta name=\"description\" content=\"O lugar onde a beleza natural se encontra com a hist\u00f3ria, assim \u00e9 o Hotel Fazenda S\u00e3o Luiz da Boa Sorte, nossa preciosidade encravada em Vassouras.\" \/>\n<meta name=\"robots\" content=\"index, follow, max-snippet:-1, max-image-preview:large, max-video-preview:-1\" \/>\n<link rel=\"canonical\" href=\"https:\/\/clubedeviagensmoms.com.br\/homolog\/produto\/hotel-fazenda-sao-luiz-da-boa-sorte\/\" \/>\n<meta property=\"og:locale\" content=\"pt_BR\" \/>\n<meta property=\"og:type\" content=\"article\" \/>\n<meta property=\"og:title\" content=\"Hotel Fazenda S\u00e3o Luiz da Boa Sorte - Clube Moms\" \/>\n<meta property=\"og:description\" content=\"O lugar onde a beleza natural se encontra com a hist\u00f3ria, assim \u00e9 o Hotel Fazenda S\u00e3o Luiz da Boa Sorte, nossa preciosidade encravada em Vassouras.\" \/>\n<meta property=\"og:url\" content=\"https:\/\/clubedeviagensmoms.com.br\/homolog\/produto\/hotel-fazenda-sao-luiz-da-boa-sorte\/\" \/>\n<meta property=\"og:site_name\" content=\"Clube Moms\" \/>\n<meta property=\"article:modified_time\" content=\"2023-08-30T15:25:35+00:00\" \/>\n<meta property=\"og:image\" content=\"https:\/\/clubedeviagensmoms.com.br\/homolog\/wp-content\/uploads\/2021\/10\/jardim-do-Hotel-Fazenda-Sao-Luiz-da-Boa-Sorte-1024x536-2.jpg\" \/>\n\t<meta property=\"og:image:width\" content=\"1024\" \/>\n\t<meta property=\"og:image:height\" content=\"536\" \/>\n\t<meta property=\"og:image:type\" content=\"image\/jpeg\" \/>\n<meta name=\"twitter:card\" content=\"summary_large_image\" \/>\n<meta name=\"twitter:label1\" content=\"Est. tempo de leitura\" \/>\n\t<meta name=\"twitter:data1\" content=\"3 minutos\" \/>\n<script type=\"application\/ld+json\" class=\"yoast-schema-graph\">{\"@context\":\"https:\/\/schema.org\",\"@graph\":[{\"@type\":\"WebPage\",\"@id\":\"https:\/\/clubedeviagensmoms.com.br\/homolog\/produto\/hotel-fazenda-sao-luiz-da-boa-sorte\/\",\"url\":\"https:\/\/clubedeviagensmoms.com.br\/homolog\/produto\/hotel-fazenda-sao-luiz-da-boa-sorte\/\",\"name\":\"Hotel Fazenda S\u00e3o Luiz da Boa Sorte - Clube Moms\",\"isPartOf\":{\"@id\":\"https:\/\/clubedeviagensmoms.com.br\/homolog\/#website\"},\"datePublished\":\"2021-10-29T22:55:39+00:00\",\"dateModified\":\"2023-08-30T15:25:35+00:00\",\"description\":\"O lugar onde a beleza natural se encontra com a hist\u00f3ria, assim \u00e9 o Hotel Fazenda S\u00e3o Luiz da Boa Sorte, nossa preciosidade encravada em Vassouras.\",\"breadcrumb\":{\"@id\":\"https:\/\/clubedeviagensmoms.com.br\/homolog\/produto\/hotel-fazenda-sao-luiz-da-boa-sorte\/#breadcrumb\"},\"inLanguage\":\"pt-BR\",\"potentialAction\":[{\"@type\":\"ReadAction\",\"target\":[\"https:\/\/clubedeviagensmoms.com.br\/homolog\/produto\/hotel-fazenda-sao-luiz-da-boa-sorte\/\"]}]},{\"@type\":\"BreadcrumbList\",\"@id\":\"https:\/\/clubedeviagensmoms.com.br\/homolog\/produto\/hotel-fazenda-sao-luiz-da-boa-sorte\/#breadcrumb\",\"itemListElement\":[{\"@type\":\"ListItem\",\"position\":1,\"name\":\"Home\",\"item\":\"https:\/\/clubedeviagensmoms.com.br\/homolog\/\"},{\"@type\":\"ListItem\",\"position\":2,\"name\":\"Vamos Viajar\",\"item\":\"https:\/\/clubedeviagensmoms.com.br\/homolog\/shop\/\"},{\"@type\":\"ListItem\",\"position\":3,\"name\":\"Hotel Fazenda S\u00e3o Luiz da Boa Sorte\"}]},{\"@type\":\"WebSite\",\"@id\":\"https:\/\/clubedeviagensmoms.com.br\/homolog\/#website\",\"url\":\"https:\/\/clubedeviagensmoms.com.br\/homolog\/\",\"name\":\"Clube Moms\",\"description\":\"O Clube Moms \u00e9 uma ag\u00eancia de turismo com foco em fam\u00edlias com crian\u00e7as, que uno os conceitos de Consultoria Especializada e Clube de Vantagens.\",\"potentialAction\":[{\"@type\":\"SearchAction\",\"target\":{\"@type\":\"EntryPoint\",\"urlTemplate\":\"https:\/\/clubedeviagensmoms.com.br\/homolog\/?s={search_term_string}\"},\"query-input\":\"required name=search_term_string\"}],\"inLanguage\":\"pt-BR\"}]}<\/script>\n<!-- \/ Yoast SEO Premium plugin. -->","yoast_head_json":{"title":"Hotel Fazenda S\u00e3o Luiz da Boa Sorte - Clube Moms","description":"O lugar onde a beleza natural se encontra com a hist\u00f3ria, assim \u00e9 o Hotel Fazenda S\u00e3o Luiz da Boa Sorte, nossa preciosidade encravada em Vassouras.","robots":{"index":"index","follow":"follow","max-snippet":"max-snippet:-1","max-image-preview":"max-image-preview:large","max-video-preview":"max-video-preview:-1"},"canonical":"https:\/\/clubedeviagensmoms.com.br\/homolog\/produto\/hotel-fazenda-sao-luiz-da-boa-sorte\/","og_locale":"pt_BR","og_type":"article","og_title":"Hotel Fazenda S\u00e3o Luiz da Boa Sorte - Clube Moms","og_description":"O lugar onde a beleza natural se encontra com a hist\u00f3ria, assim \u00e9 o Hotel Fazenda S\u00e3o Luiz da Boa Sorte, nossa preciosidade encravada em Vassouras.","og_url":"https:\/\/clubedeviagensmoms.com.br\/homolog\/produto\/hotel-fazenda-sao-luiz-da-boa-sorte\/","og_site_name":"Clube Moms","article_modified_time":"2023-08-30T15:25:35+00:00","og_image":[{"width":1024,"height":536,"url":"https:\/\/clubedeviagensmoms.com.br\/homolog\/wp-content\/uploads\/2021\/10\/jardim-do-Hotel-Fazenda-Sao-Luiz-da-Boa-Sorte-1024x536-2.jpg","type":"image\/jpeg"}],"twitter_card":"summary_large_image","twitter_misc":{"Est. tempo de leitura":"3 minutos"},"schema":{"@context":"https:\/\/schema.org","@graph":[{"@type":"WebPage","@id":"https:\/\/clubedeviagensmoms.com.br\/homolog\/produto\/hotel-fazenda-sao-luiz-da-boa-sorte\/","url":"https:\/\/clubedeviagensmoms.com.br\/homolog\/produto\/hotel-fazenda-sao-luiz-da-boa-sorte\/","name":"Hotel Fazenda S\u00e3o Luiz da Boa Sorte - Clube Moms","isPartOf":{"@id":"https:\/\/clubedeviagensmoms.com.br\/homolog\/#website"},"datePublished":"2021-10-29T22:55:39+00:00","dateModified":"2023-08-30T15:25:35+00:00","description":"O lugar onde a beleza natural se encontra com a hist\u00f3ria, assim \u00e9 o Hotel Fazenda S\u00e3o Luiz da Boa Sorte, nossa preciosidade encravada em Vassouras.","breadcrumb":{"@id":"https:\/\/clubedeviagensmoms.com.br\/homolog\/produto\/hotel-fazenda-sao-luiz-da-boa-sorte\/#breadcrumb"},"inLanguage":"pt-BR","potentialAction":[{"@type":"ReadAction","target":["https:\/\/clubedeviagensmoms.com.br\/homolog\/produto\/hotel-fazenda-sao-luiz-da-boa-sorte\/"]}]},{"@type":"BreadcrumbList","@id":"https:\/\/clubedeviagensmoms.com.br\/homolog\/produto\/hotel-fazenda-sao-luiz-da-boa-sorte\/#breadcrumb","itemListElement":[{"@type":"ListItem","position":1,"name":"Home","item":"https:\/\/clubedeviagensmoms.com.br\/homolog\/"},{"@type":"ListItem","position":2,"name":"Vamos Viajar","item":"https:\/\/clubedeviagensmoms.com.br\/homolog\/shop\/"},{"@type":"ListItem","position":3,"name":"Hotel Fazenda S\u00e3o Luiz da Boa Sorte"}]},{"@type":"WebSite","@id":"https:\/\/clubedeviagensmoms.com.br\/homolog\/#website","url":"https:\/\/clubedeviagensmoms.com.br\/homolog\/","name":"Clube Moms","description":"O Clube Moms \u00e9 uma ag\u00eancia de turismo com foco em fam\u00edlias com crian\u00e7as, que uno os conceitos de Consultoria Especializada e Clube de Vantagens.","potentialAction":[{"@type":"SearchAction","target":{"@type":"EntryPoint","urlTemplate":"https:\/\/clubedeviagensmoms.com.br\/homolog\/?s={search_term_string}"},"query-input":"required name=search_term_string"}],"inLanguage":"pt-BR"}]}},"_links":{"self":[{"href":"https:\/\/clubedeviagensmoms.com.br\/homolog\/wp-json\/wp\/v2\/product\/4037","targetHints":{"allow":["GET"]}}],"collection":[{"href":"https:\/\/clubedeviagensmoms.com.br\/homolog\/wp-json\/wp\/v2\/product"}],"about":[{"href":"https:\/\/clubedeviagensmoms.com.br\/homolog\/wp-json\/wp\/v2\/types\/product"}],"replies":[{"embeddable":true,"href":"https:\/\/clubedeviagensmoms.com.br\/homolog\/wp-json\/wp\/v2\/comments?post=4037"}],"wp:featuredmedia":[{"embeddable":true,"href":"https:\/\/clubedeviagensmoms.com.br\/homolog\/wp-json\/wp\/v2\/media\/1701"}],"wp:attachment":[{"href":"https:\/\/clubedeviagensmoms.com.br\/homolog\/wp-json\/wp\/v2\/media?parent=4037"}],"wp:term":[{"taxonomy":"product_cat","embeddable":true,"href":"https:\/\/clubedeviagensmoms.com.br\/homolog\/wp-json\/wp\/v2\/product_cat?post=4037"},{"taxonomy":"product_tag","embeddable":true,"href":"https:\/\/clubedeviagensmoms.com.br\/homolog\/wp-json\/wp\/v2\/product_tag?post=4037"}],"curies":[{"name":"wp","href":"https:\/\/api.w.org\/{rel}","templated":true}]}}