{"id":4052,"date":"2021-10-29T19:55:57","date_gmt":"2021-10-29T22:55:57","guid":{"rendered":"http:\/\/clubedeviagensmoms.com.br\/homolog\/taober_wp\/?post_type=product&#038;p=4052"},"modified":"2023-08-30T12:25:16","modified_gmt":"2023-08-30T15:25:16","slug":"club-med-serre-chevalier","status":"publish","type":"product","link":"https:\/\/clubedeviagensmoms.com.br\/homolog\/produto\/club-med-serre-chevalier\/","title":{"rendered":"Club Med Serre-Chevalier"},"content":{"rendered":"<p>Quer realizar o sonho de esquiar na Europa? Com o Club Med, programe as suas f\u00e9rias all inclusive em Serre-Chevalier, uma das mais tradicionais esta\u00e7\u00f5es de esqui na Fran\u00e7a!<\/p>\n<p>A regi\u00e3o tem 250 quil\u00f4metros de pistas intocadas e est\u00e1 entre as maiores \u00e1reas esqui\u00e1veis dos Alpes. Localizado nas proximidades do Parque Nacional de \u00c9crins, a 1.400 metros de altitude, o Resort Club Med Serre-Chevalier \u00e9, portanto, o melhor lugar para voc\u00ea se aventurar nos esportes de inverno.<\/p>\n<p>Com a expertise do seu instrutor, experimente as pistas de esqui do Club Med Serre-Chevalier ou calce as raquetes de neve para explorar as trilhas escondidas entre os pinheiros. Ao retornar, mime-se com um tratamento rejuvenescedor no Club Med Spa by PAYOT e, depois, termine o dia na pista de dan\u00e7a com toda a sua turma. Na \u00e9poca do Natal, n\u00e3o deixe de levar seus filhos para ver a chegada do Papai Noel no Mini Club Med\u00ae.<\/p>\n<p>O Village oferece Clubes Infantis e de Adolescentes, inovadores e baseados na experi\u00eancia Club Med de mais de 40 anos, sendo assim, espa\u00e7os privilegiados, especialmente idealizados para as crian\u00e7as e com equipamentos adaptados ao seu conforto e \u00e0 sua seguran\u00e7a. Al\u00e9m de ter monitores, que s\u00e3o conhecidos como G.O.s, dedicados e motivados.<\/p>\n<p>Por fim, o hotel \u00e9 composto por dois chalets de Sab\u00f3ia, cada um com 5 andares e elevador, onde se misturam harmoniosamente a pedra e a madeira. Dessa forma, o\u00a0chalet complementar e o chalet principal s\u00e3o cont\u00edguos e est\u00e3o ligados por um corredor interior.<\/p>\n<p>Aeroportos: Paris Charles de Gaulle ou Genebra<\/p>\n<p>Quer conhecer nossos parceiros? Ent\u00e3o, clique<span>\u00a0<\/span><a href=\"http:\/\/clubedeviagensmoms.com.br\/homolog\/vamos-viajar\/hoteis\/\" target=\"_blank\" rel=\"noopener noreferrer\">aqui<\/a>!<\/p>\n<p>==========================<\/p>\n<p>J\u00e1 conhece as nossas redes sociais ou faz parte do nosso grupo do Facebook?<\/p>\n<p>Nos Siga:<\/p>\n<p><a href=\"https:\/\/www.instagram.com\/clubedeviagensmoms\/\">\u2013 Instagram<\/a><\/p>\n<p><a href=\"https:\/\/www.facebook.com\/ClubeDeViagensMoms\/?hc_ref=ARREVFAUN6kemqQPikWPR6yOVqfolWuZ4Gm2u6EX4fJ2-jyHER8eDB5si8DvGkabbOE&amp;fref=nf&amp;__xts__[0]=68.ARAXJqd_Jm68dG9qh_a7A_hAS8hHGdRg1Cq8Je9my1EPnGBRo26TI37xs6IY6NhynKSzyIDhPcBRqvr6Nzuwi7g2W4UPO84T0-vU7mWKXia_C51FzzqVsE3HthHbuQetTo9gapY&amp;__tn__=kC-R\">\u2013 P\u00e1gina do Facebook<\/a><\/p>\n<p>Fa\u00e7a parte:<\/p>\n<p><a href=\"https:\/\/www.facebook.com\/groups\/clubedeviagensmoms\/\">\u2013 Grupo do Facebook<\/a><\/p>\n","protected":false},"excerpt":{"rendered":"<p>F\u00e9rias de esqui em Serre-Chevalier par desfrutar dos prazeres do esqui no cora\u00e7\u00e3o dos Alpes do Sul!<\/p>\n","protected":false},"featured_media":1971,"comment_status":"closed","ping_status":"closed","template":"","meta":[],"product_cat":[21],"product_tag":[289,167,291,27,28,29,30,31,32,33,255,292,38,39,40],"class_list":["post-4052","product","type-product","status-publish","has-post-thumbnail","hentry","product_cat-hoteis","product_tag-alpes","product_tag-club-med","product_tag-club-med-serre-chevalier","product_tag-clube-de-viagens-moms","product_tag-clube-moms","product_tag-criancas","product_tag-diversao","product_tag-diversao-em-familia","product_tag-ferias","product_tag-ferias-em-familia","product_tag-neve","product_tag-serre-chevalier","product_tag-viagem","product_tag-viagem-com-criancas","product_tag-viagem-em-familia","pa_destino-club-med","pa_estrutura-lazer-academia","pa_estrutura-lazer-bar","pa_estrutura-lazer-centro-de-convencoes","pa_estrutura-lazer-copa-baby","pa_estrutura-lazer-esportes-radicais","pa_estrutura-lazer-kids-club","pa_estrutura-lazer-piscina","pa_estrutura-lazer-piscina-aquecida","pa_estrutura-lazer-recreacao","pa_estrutura-lazer-restaurante","pa_estrutura-lazer-restaurante-infantil","pa_estrutura-lazer-salao-de-jogos","pa_estrutura-lazer-sauna","pa_regime-de-alimentacao-all-inclusive","pa_servicos-opcionais-lavanderia","pa_servicos-opcionais-massagem","pa_servicos-opcionais-servico-de-babas","pa_servicos-opcionais-servico-de-massagem","pa_servicos-opcionais-servico-de-passar-roupas","pa_servicos-opcionais-spa","pa_servicos-opcionais-spa-para-pes-e-maos","pa_tipos-de-destinos-neve"],"acf":[],"yoast_head":"<!-- This site is optimized with the Yoast SEO Premium plugin v16.0.2 (Yoast SEO v21.2) - https:\/\/yoast.com\/wordpress\/plugins\/seo\/ -->\n<title>Club Med Serre-Chevalier - Clube Moms<\/title>\n<meta name=\"description\" content=\"Club Med Serre-Chevalier: Para suas f\u00e9rias de esqui, o Club Med o recebe no cora\u00e7\u00e3o dos Alpes do Sul, a 1400 metros de altitude, no Club Med Serre-Chevalier. Com as f\u00e9rias de esqui All Inclusive do Club Med voc\u00ea n\u00e3o precisa se preocupar com nada!\" \/>\n<meta name=\"robots\" content=\"index, follow, max-snippet:-1, max-image-preview:large, max-video-preview:-1\" \/>\n<link rel=\"canonical\" href=\"https:\/\/clubedeviagensmoms.com.br\/homolog\/produto\/club-med-serre-chevalier\/\" \/>\n<meta property=\"og:locale\" content=\"pt_BR\" \/>\n<meta property=\"og:type\" content=\"article\" \/>\n<meta property=\"og:title\" content=\"Club Med Serre-Chevalier - Clube Moms\" \/>\n<meta property=\"og:description\" content=\"Club Med Serre-Chevalier: Para suas f\u00e9rias de esqui, o Club Med o recebe no cora\u00e7\u00e3o dos Alpes do Sul, a 1400 metros de altitude, no Club Med Serre-Chevalier. Com as f\u00e9rias de esqui All Inclusive do Club Med voc\u00ea n\u00e3o precisa se preocupar com nada!\" \/>\n<meta property=\"og:url\" content=\"https:\/\/clubedeviagensmoms.com.br\/homolog\/produto\/club-med-serre-chevalier\/\" \/>\n<meta property=\"og:site_name\" content=\"Clube Moms\" \/>\n<meta property=\"article:modified_time\" content=\"2023-08-30T15:25:16+00:00\" \/>\n<meta property=\"og:image\" content=\"http:\/\/clubedeviagensmoms.com.br\/homolog\/wp-content\/uploads\/2021\/10\/ClubMedSerre-Chevalier_VistaGeralHotelNeve_18122017_1702-1024x536-1.jpg\" \/>\n\t<meta property=\"og:image:width\" content=\"1024\" \/>\n\t<meta property=\"og:image:height\" content=\"536\" \/>\n\t<meta property=\"og:image:type\" content=\"image\/jpeg\" \/>\n<meta name=\"twitter:card\" content=\"summary_large_image\" \/>\n<meta name=\"twitter:label1\" content=\"Est. tempo de leitura\" \/>\n\t<meta name=\"twitter:data1\" content=\"2 minutos\" \/>\n<script type=\"application\/ld+json\" class=\"yoast-schema-graph\">{\"@context\":\"https:\/\/schema.org\",\"@graph\":[{\"@type\":\"WebPage\",\"@id\":\"https:\/\/clubedeviagensmoms.com.br\/homolog\/produto\/club-med-serre-chevalier\/\",\"url\":\"https:\/\/clubedeviagensmoms.com.br\/homolog\/produto\/club-med-serre-chevalier\/\",\"name\":\"Club Med Serre-Chevalier - Clube Moms\",\"isPartOf\":{\"@id\":\"https:\/\/clubedeviagensmoms.com.br\/homolog\/#website\"},\"datePublished\":\"2021-10-29T22:55:57+00:00\",\"dateModified\":\"2023-08-30T15:25:16+00:00\",\"description\":\"Club Med Serre-Chevalier: Para suas f\u00e9rias de esqui, o Club Med o recebe no cora\u00e7\u00e3o dos Alpes do Sul, a 1400 metros de altitude, no Club Med Serre-Chevalier. Com as f\u00e9rias de esqui All Inclusive do Club Med voc\u00ea n\u00e3o precisa se preocupar com nada!\",\"breadcrumb\":{\"@id\":\"https:\/\/clubedeviagensmoms.com.br\/homolog\/produto\/club-med-serre-chevalier\/#breadcrumb\"},\"inLanguage\":\"pt-BR\",\"potentialAction\":[{\"@type\":\"ReadAction\",\"target\":[\"https:\/\/clubedeviagensmoms.com.br\/homolog\/produto\/club-med-serre-chevalier\/\"]}]},{\"@type\":\"BreadcrumbList\",\"@id\":\"https:\/\/clubedeviagensmoms.com.br\/homolog\/produto\/club-med-serre-chevalier\/#breadcrumb\",\"itemListElement\":[{\"@type\":\"ListItem\",\"position\":1,\"name\":\"Home\",\"item\":\"https:\/\/clubedeviagensmoms.com.br\/homolog\/\"},{\"@type\":\"ListItem\",\"position\":2,\"name\":\"Vamos Viajar\",\"item\":\"https:\/\/clubedeviagensmoms.com.br\/homolog\/shop\/\"},{\"@type\":\"ListItem\",\"position\":3,\"name\":\"Club Med Serre-Chevalier\"}]},{\"@type\":\"WebSite\",\"@id\":\"https:\/\/clubedeviagensmoms.com.br\/homolog\/#website\",\"url\":\"https:\/\/clubedeviagensmoms.com.br\/homolog\/\",\"name\":\"Clube Moms\",\"description\":\"O Clube Moms \u00e9 uma ag\u00eancia de turismo com foco em fam\u00edlias com crian\u00e7as, que uno os conceitos de Consultoria Especializada e Clube de Vantagens.\",\"potentialAction\":[{\"@type\":\"SearchAction\",\"target\":{\"@type\":\"EntryPoint\",\"urlTemplate\":\"https:\/\/clubedeviagensmoms.com.br\/homolog\/?s={search_term_string}\"},\"query-input\":\"required name=search_term_string\"}],\"inLanguage\":\"pt-BR\"}]}<\/script>\n<!-- \/ Yoast SEO Premium plugin. -->","yoast_head_json":{"title":"Club Med Serre-Chevalier - Clube Moms","description":"Club Med Serre-Chevalier: Para suas f\u00e9rias de esqui, o Club Med o recebe no cora\u00e7\u00e3o dos Alpes do Sul, a 1400 metros de altitude, no Club Med Serre-Chevalier. Com as f\u00e9rias de esqui All Inclusive do Club Med voc\u00ea n\u00e3o precisa se preocupar com nada!","robots":{"index":"index","follow":"follow","max-snippet":"max-snippet:-1","max-image-preview":"max-image-preview:large","max-video-preview":"max-video-preview:-1"},"canonical":"https:\/\/clubedeviagensmoms.com.br\/homolog\/produto\/club-med-serre-chevalier\/","og_locale":"pt_BR","og_type":"article","og_title":"Club Med Serre-Chevalier - Clube Moms","og_description":"Club Med Serre-Chevalier: Para suas f\u00e9rias de esqui, o Club Med o recebe no cora\u00e7\u00e3o dos Alpes do Sul, a 1400 metros de altitude, no Club Med Serre-Chevalier. Com as f\u00e9rias de esqui All Inclusive do Club Med voc\u00ea n\u00e3o precisa se preocupar com nada!","og_url":"https:\/\/clubedeviagensmoms.com.br\/homolog\/produto\/club-med-serre-chevalier\/","og_site_name":"Clube Moms","article_modified_time":"2023-08-30T15:25:16+00:00","og_image":[{"width":1024,"height":536,"url":"http:\/\/clubedeviagensmoms.com.br\/homolog\/wp-content\/uploads\/2021\/10\/ClubMedSerre-Chevalier_VistaGeralHotelNeve_18122017_1702-1024x536-1.jpg","type":"image\/jpeg"}],"twitter_card":"summary_large_image","twitter_misc":{"Est. tempo de leitura":"2 minutos"},"schema":{"@context":"https:\/\/schema.org","@graph":[{"@type":"WebPage","@id":"https:\/\/clubedeviagensmoms.com.br\/homolog\/produto\/club-med-serre-chevalier\/","url":"https:\/\/clubedeviagensmoms.com.br\/homolog\/produto\/club-med-serre-chevalier\/","name":"Club Med Serre-Chevalier - Clube Moms","isPartOf":{"@id":"https:\/\/clubedeviagensmoms.com.br\/homolog\/#website"},"datePublished":"2021-10-29T22:55:57+00:00","dateModified":"2023-08-30T15:25:16+00:00","description":"Club Med Serre-Chevalier: Para suas f\u00e9rias de esqui, o Club Med o recebe no cora\u00e7\u00e3o dos Alpes do Sul, a 1400 metros de altitude, no Club Med Serre-Chevalier. Com as f\u00e9rias de esqui All Inclusive do Club Med voc\u00ea n\u00e3o precisa se preocupar com nada!","breadcrumb":{"@id":"https:\/\/clubedeviagensmoms.com.br\/homolog\/produto\/club-med-serre-chevalier\/#breadcrumb"},"inLanguage":"pt-BR","potentialAction":[{"@type":"ReadAction","target":["https:\/\/clubedeviagensmoms.com.br\/homolog\/produto\/club-med-serre-chevalier\/"]}]},{"@type":"BreadcrumbList","@id":"https:\/\/clubedeviagensmoms.com.br\/homolog\/produto\/club-med-serre-chevalier\/#breadcrumb","itemListElement":[{"@type":"ListItem","position":1,"name":"Home","item":"https:\/\/clubedeviagensmoms.com.br\/homolog\/"},{"@type":"ListItem","position":2,"name":"Vamos Viajar","item":"https:\/\/clubedeviagensmoms.com.br\/homolog\/shop\/"},{"@type":"ListItem","position":3,"name":"Club Med Serre-Chevalier"}]},{"@type":"WebSite","@id":"https:\/\/clubedeviagensmoms.com.br\/homolog\/#website","url":"https:\/\/clubedeviagensmoms.com.br\/homolog\/","name":"Clube Moms","description":"O Clube Moms \u00e9 uma ag\u00eancia de turismo com foco em fam\u00edlias com crian\u00e7as, que uno os conceitos de Consultoria Especializada e Clube de Vantagens.","potentialAction":[{"@type":"SearchAction","target":{"@type":"EntryPoint","urlTemplate":"https:\/\/clubedeviagensmoms.com.br\/homolog\/?s={search_term_string}"},"query-input":"required name=search_term_string"}],"inLanguage":"pt-BR"}]}},"_links":{"self":[{"href":"https:\/\/clubedeviagensmoms.com.br\/homolog\/wp-json\/wp\/v2\/product\/4052","targetHints":{"allow":["GET"]}}],"collection":[{"href":"https:\/\/clubedeviagensmoms.com.br\/homolog\/wp-json\/wp\/v2\/product"}],"about":[{"href":"https:\/\/clubedeviagensmoms.com.br\/homolog\/wp-json\/wp\/v2\/types\/product"}],"replies":[{"embeddable":true,"href":"https:\/\/clubedeviagensmoms.com.br\/homolog\/wp-json\/wp\/v2\/comments?post=4052"}],"wp:featuredmedia":[{"embeddable":true,"href":"https:\/\/clubedeviagensmoms.com.br\/homolog\/wp-json\/wp\/v2\/media\/1971"}],"wp:attachment":[{"href":"https:\/\/clubedeviagensmoms.com.br\/homolog\/wp-json\/wp\/v2\/media?parent=4052"}],"wp:term":[{"taxonomy":"product_cat","embeddable":true,"href":"https:\/\/clubedeviagensmoms.com.br\/homolog\/wp-json\/wp\/v2\/product_cat?post=4052"},{"taxonomy":"product_tag","embeddable":true,"href":"https:\/\/clubedeviagensmoms.com.br\/homolog\/wp-json\/wp\/v2\/product_tag?post=4052"}],"curies":[{"name":"wp","href":"https:\/\/api.w.org\/{rel}","templated":true}]}}