{"id":4053,"date":"2021-10-29T19:55:57","date_gmt":"2021-10-29T22:55:57","guid":{"rendered":"http:\/\/clubedeviagensmoms.com.br\/homolog\/taober_wp\/?post_type=product&#038;p=4053"},"modified":"2023-08-30T14:53:23","modified_gmt":"2023-08-30T17:53:23","slug":"club-med-rio-das-pedras","status":"publish","type":"product","link":"https:\/\/clubedeviagensmoms.com.br\/homolog\/produto\/club-med-rio-das-pedras\/","title":{"rendered":"Club Med Rio das Pedras"},"content":{"rendered":"<p>O Club Med Rio das Pedras situado ao sul do Rio de Janeiro, no meio da<span>\u00a0<\/span>Mata Atl\u00e2ntica, o segundo ecossistema protegido do Brasil, mant\u00e9m sua pr\u00f3pria reserva ecol\u00f3gica e permite uma imers\u00e3o extraordin\u00e1ria no cora\u00e7\u00e3o da floresta prim\u00e1ria.<\/p>\n<p>Por estar no cora\u00e7\u00e3o da Mata Atl\u00e2ntica, o Club Med Rio das Pedras est\u00e1 rodeado do verde da floresta. Al\u00e9m disso, tamb\u00e9m proporciona ao h\u00f3spede visitar uma praia de areia dourada, sendo assim, um ref\u00fagio perfeito para voc\u00ea relaxar e se divertir.<\/p>\n<p>Aproveite, ent\u00e3o, as paisagens inspiradoras da Costa Verde fluminense para praticar seus esportes favoritos. No mar, viva as emo\u00e7\u00f5es do esqui aqu\u00e1tico e wakeboard com as aulas inclu\u00eddas no seu pacote. J\u00e1 em terra firme, as quadras de t\u00eanis, o tiro com arco e o v\u00f4lei de praia esperam por voc\u00ea.<\/p>\n<p>Participe, ainda, das excurs\u00f5es do Club Med para conhecer alguns lugares pr\u00f3ximos ao Resort! Voc\u00ea pode descobrir Ilha Grande, em Angra dos Reis, e, tamb\u00e9m, os famosos pontos tur\u00edsticos do Rio de Janeiro.<\/p>\n<p>Para mais privacidade e um toque extra de sofistica\u00e7\u00e3o, descubra o La R\u00e9serve, o espa\u00e7o Exclusive Collection de Rio das Pedras. Nele, voc\u00ea pode desfrutar da experi\u00eancia All Inclusive do Resort principal, al\u00e9m das vantagens adicionais \u2013 servi\u00e7os personalizados, acomoda\u00e7\u00f5es luxuosas e vista privilegiada da reserva ecol\u00f3gica \u2013, sem abrir m\u00e3o do esp\u00edrito acolhedor e amig\u00e1vel do Club Med.<\/p>\n<p>&nbsp;<\/p>\n<p>Venha conhecer e desfrutar do Club Med Rio das Pedras! Voc\u00ea n\u00e3o vai se arrepender!<\/p>\n<p>Se voc\u00ea ainda n\u00e3o conhece nossas redes sociais, vem dar uma conferida no nosso<span>\u00a0<\/span><a href=\"https:\/\/www.instagram.com\/clubedeviagensmoms\/\">Instagram<\/a><span>\u00a0<\/span>e tamb\u00e9m na nossa<span>\u00a0<\/span><a href=\"https:\/\/www.facebook.com\/ClubeDeViagensMoms\/?hc_ref=ARREVFAUN6kemqQPikWPR6yOVqfolWuZ4Gm2u6EX4fJ2-jyHER8eDB5si8DvGkabbOE&amp;fref=nf&amp;__xts__[0]=68.ARAXJqd_Jm68dG9qh_a7A_hAS8hHGdRg1Cq8Je9my1EPnGBRo26TI37xs6IY6NhynKSzyIDhPcBRqvr6Nzuwi7g2W4UPO84T0-vU7mWKXia_C51FzzqVsE3HthHbuQetTo9gapY&amp;__tn__=kC-R\">p\u00e1gina do Facebook<\/a>! Al\u00e9m disso, temos um<span>\u00a0<\/span><a href=\"https:\/\/www.facebook.com\/groups\/clubedeviagensmoms\/\">grupo do Facebook<\/a>, ent\u00e3o, venha fazer parte!<\/p>\n<p>E, por fim, se voc\u00ea quiser conferir nossos outros hot\u00e9is parceiros, clique<span>\u00a0<\/span><a href=\"http:\/\/clubedeviagensmoms.com.br\/homolog\/vamos-viajar\/hoteis\/\" target=\"_blank\" rel=\"noopener noreferrer\">aqui<\/a>!<\/p>\n<div class=\"SKUMaster\">H892378<\/div>\n","protected":false},"excerpt":{"rendered":"<p>O Club Med Rio das Pedras \u00e9 ideal par aqueles que procuram privacidade, um servi\u00e7o privilegiado sob medida, um conforto luxuoso sem renunciar ao esp\u00edrito de convivialidade do Club Med.<\/p>\n","protected":false},"featured_media":2510,"comment_status":"closed","ping_status":"closed","template":"","meta":[],"product_cat":[21],"product_tag":[181,167,293,27,28,30,31,294,32,33,174,156,35,36,168,37,38,40],"class_list":["post-4053","product","type-product","status-publish","has-post-thumbnail","hentry","product_cat-hoteis","product_tag-all-inclusive","product_tag-club-med","product_tag-club-med-rio-das-pedras","product_tag-clube-de-viagens-moms","product_tag-clube-moms","product_tag-diversao","product_tag-diversao-em-familia","product_tag-esportes-radicais","product_tag-ferias","product_tag-ferias-em-familia","product_tag-hoteis-que-indicamos","product_tag-mangaratiba","product_tag-recreacao","product_tag-resort","product_tag-rio-das-pedras","product_tag-rio-de-janeiro","product_tag-viagem","product_tag-viagem-em-familia","pa_destino-club-med","pa_estrutura-lazer-academia","pa_estrutura-lazer-campo-de-futebol","pa_estrutura-lazer-copa-baby","pa_estrutura-lazer-esportes-radicais","pa_estrutura-lazer-kids-club","pa_estrutura-lazer-lavanderia","pa_estrutura-lazer-piscina","pa_estrutura-lazer-quadra-de-tenis","pa_estrutura-lazer-quadra-de-volei","pa_estrutura-lazer-recreacao","pa_estrutura-lazer-salao-de-jogos","pa_estrutura-lazer-sauna","pa_estrutura-lazer-spa","pa_regime-de-alimentacao-all-inclusive","pa_servicos-opcionais-servico-de-massagem","pa_tipos-de-destinos-pe-na-areia","pa_tipos-de-destinos-praia","pa_tipos-de-destinos-resorts"],"acf":[],"yoast_head":"<!-- This site is optimized with the Yoast SEO Premium plugin v16.0.2 (Yoast SEO v21.2) - https:\/\/yoast.com\/wordpress\/plugins\/seo\/ -->\n<title>Club Med Rio das Pedras - Clube Moms<\/title>\n<meta name=\"description\" content=\"O Club Med Rio das Pedras \u00e9 ideal par aqueles que procuram privacidade, um servi\u00e7o privilegiado sob medida e um conforto luxuoso.\" \/>\n<meta name=\"robots\" content=\"index, follow, max-snippet:-1, max-image-preview:large, max-video-preview:-1\" \/>\n<link rel=\"canonical\" href=\"https:\/\/clubedeviagensmoms.com.br\/homolog\/produto\/club-med-rio-das-pedras\/\" \/>\n<meta property=\"og:locale\" content=\"pt_BR\" \/>\n<meta property=\"og:type\" content=\"article\" \/>\n<meta property=\"og:title\" content=\"Club Med Rio das Pedras - Clube Moms\" \/>\n<meta property=\"og:description\" content=\"O Club Med Rio das Pedras \u00e9 ideal par aqueles que procuram privacidade, um servi\u00e7o privilegiado sob medida e um conforto luxuoso.\" \/>\n<meta property=\"og:url\" content=\"https:\/\/clubedeviagensmoms.com.br\/homolog\/produto\/club-med-rio-das-pedras\/\" \/>\n<meta property=\"og:site_name\" content=\"Clube Moms\" \/>\n<meta property=\"article:modified_time\" content=\"2023-08-30T17:53:23+00:00\" \/>\n<meta name=\"twitter:card\" content=\"summary_large_image\" \/>\n<meta name=\"twitter:title\" content=\"Club Med Rio das Pedras - Clube Moms\" \/>\n<meta name=\"twitter:description\" content=\"O Club Med Rio das Pedras \u00e9 ideal par aqueles que procuram privacidade, um servi\u00e7o privilegiado sob medida e um conforto luxuoso.\" \/>\n<meta name=\"twitter:image\" content=\"https:\/\/clubedeviagensmoms.com.br\/homolog\/wp-content\/uploads\/2021\/10\/ClubMedRiodasPedras_PiscinaVistaFamilia_09052018_1425-1024x536-1.jpg\" \/>\n<meta name=\"twitter:label1\" content=\"Est. tempo de leitura\" \/>\n\t<meta name=\"twitter:data1\" content=\"2 minutos\" \/>\n<script type=\"application\/ld+json\" class=\"yoast-schema-graph\">{\"@context\":\"https:\/\/schema.org\",\"@graph\":[{\"@type\":\"WebPage\",\"@id\":\"https:\/\/clubedeviagensmoms.com.br\/homolog\/produto\/club-med-rio-das-pedras\/\",\"url\":\"https:\/\/clubedeviagensmoms.com.br\/homolog\/produto\/club-med-rio-das-pedras\/\",\"name\":\"Club Med Rio das Pedras - Clube Moms\",\"isPartOf\":{\"@id\":\"https:\/\/clubedeviagensmoms.com.br\/homolog\/#website\"},\"datePublished\":\"2021-10-29T22:55:57+00:00\",\"dateModified\":\"2023-08-30T17:53:23+00:00\",\"description\":\"O Club Med Rio das Pedras \u00e9 ideal par aqueles que procuram privacidade, um servi\u00e7o privilegiado sob medida e um conforto luxuoso.\",\"breadcrumb\":{\"@id\":\"https:\/\/clubedeviagensmoms.com.br\/homolog\/produto\/club-med-rio-das-pedras\/#breadcrumb\"},\"inLanguage\":\"pt-BR\",\"potentialAction\":[{\"@type\":\"ReadAction\",\"target\":[\"https:\/\/clubedeviagensmoms.com.br\/homolog\/produto\/club-med-rio-das-pedras\/\"]}]},{\"@type\":\"BreadcrumbList\",\"@id\":\"https:\/\/clubedeviagensmoms.com.br\/homolog\/produto\/club-med-rio-das-pedras\/#breadcrumb\",\"itemListElement\":[{\"@type\":\"ListItem\",\"position\":1,\"name\":\"Home\",\"item\":\"https:\/\/clubedeviagensmoms.com.br\/homolog\/\"},{\"@type\":\"ListItem\",\"position\":2,\"name\":\"Vamos Viajar\",\"item\":\"https:\/\/clubedeviagensmoms.com.br\/homolog\/shop\/\"},{\"@type\":\"ListItem\",\"position\":3,\"name\":\"Club Med Rio das Pedras\"}]},{\"@type\":\"WebSite\",\"@id\":\"https:\/\/clubedeviagensmoms.com.br\/homolog\/#website\",\"url\":\"https:\/\/clubedeviagensmoms.com.br\/homolog\/\",\"name\":\"Clube Moms\",\"description\":\"O Clube Moms \u00e9 uma ag\u00eancia de turismo com foco em fam\u00edlias com crian\u00e7as, que uno os conceitos de Consultoria Especializada e Clube de Vantagens.\",\"potentialAction\":[{\"@type\":\"SearchAction\",\"target\":{\"@type\":\"EntryPoint\",\"urlTemplate\":\"https:\/\/clubedeviagensmoms.com.br\/homolog\/?s={search_term_string}\"},\"query-input\":\"required name=search_term_string\"}],\"inLanguage\":\"pt-BR\"}]}<\/script>\n<!-- \/ Yoast SEO Premium plugin. -->","yoast_head_json":{"title":"Club Med Rio das Pedras - Clube Moms","description":"O Club Med Rio das Pedras \u00e9 ideal par aqueles que procuram privacidade, um servi\u00e7o privilegiado sob medida e um conforto luxuoso.","robots":{"index":"index","follow":"follow","max-snippet":"max-snippet:-1","max-image-preview":"max-image-preview:large","max-video-preview":"max-video-preview:-1"},"canonical":"https:\/\/clubedeviagensmoms.com.br\/homolog\/produto\/club-med-rio-das-pedras\/","og_locale":"pt_BR","og_type":"article","og_title":"Club Med Rio das Pedras - Clube Moms","og_description":"O Club Med Rio das Pedras \u00e9 ideal par aqueles que procuram privacidade, um servi\u00e7o privilegiado sob medida e um conforto luxuoso.","og_url":"https:\/\/clubedeviagensmoms.com.br\/homolog\/produto\/club-med-rio-das-pedras\/","og_site_name":"Clube Moms","article_modified_time":"2023-08-30T17:53:23+00:00","twitter_card":"summary_large_image","twitter_title":"Club Med Rio das Pedras - Clube Moms","twitter_description":"O Club Med Rio das Pedras \u00e9 ideal par aqueles que procuram privacidade, um servi\u00e7o privilegiado sob medida e um conforto luxuoso.","twitter_image":"https:\/\/clubedeviagensmoms.com.br\/homolog\/wp-content\/uploads\/2021\/10\/ClubMedRiodasPedras_PiscinaVistaFamilia_09052018_1425-1024x536-1.jpg","twitter_misc":{"Est. tempo de leitura":"2 minutos"},"schema":{"@context":"https:\/\/schema.org","@graph":[{"@type":"WebPage","@id":"https:\/\/clubedeviagensmoms.com.br\/homolog\/produto\/club-med-rio-das-pedras\/","url":"https:\/\/clubedeviagensmoms.com.br\/homolog\/produto\/club-med-rio-das-pedras\/","name":"Club Med Rio das Pedras - Clube Moms","isPartOf":{"@id":"https:\/\/clubedeviagensmoms.com.br\/homolog\/#website"},"datePublished":"2021-10-29T22:55:57+00:00","dateModified":"2023-08-30T17:53:23+00:00","description":"O Club Med Rio das Pedras \u00e9 ideal par aqueles que procuram privacidade, um servi\u00e7o privilegiado sob medida e um conforto luxuoso.","breadcrumb":{"@id":"https:\/\/clubedeviagensmoms.com.br\/homolog\/produto\/club-med-rio-das-pedras\/#breadcrumb"},"inLanguage":"pt-BR","potentialAction":[{"@type":"ReadAction","target":["https:\/\/clubedeviagensmoms.com.br\/homolog\/produto\/club-med-rio-das-pedras\/"]}]},{"@type":"BreadcrumbList","@id":"https:\/\/clubedeviagensmoms.com.br\/homolog\/produto\/club-med-rio-das-pedras\/#breadcrumb","itemListElement":[{"@type":"ListItem","position":1,"name":"Home","item":"https:\/\/clubedeviagensmoms.com.br\/homolog\/"},{"@type":"ListItem","position":2,"name":"Vamos Viajar","item":"https:\/\/clubedeviagensmoms.com.br\/homolog\/shop\/"},{"@type":"ListItem","position":3,"name":"Club Med Rio das Pedras"}]},{"@type":"WebSite","@id":"https:\/\/clubedeviagensmoms.com.br\/homolog\/#website","url":"https:\/\/clubedeviagensmoms.com.br\/homolog\/","name":"Clube Moms","description":"O Clube Moms \u00e9 uma ag\u00eancia de turismo com foco em fam\u00edlias com crian\u00e7as, que uno os conceitos de Consultoria Especializada e Clube de Vantagens.","potentialAction":[{"@type":"SearchAction","target":{"@type":"EntryPoint","urlTemplate":"https:\/\/clubedeviagensmoms.com.br\/homolog\/?s={search_term_string}"},"query-input":"required name=search_term_string"}],"inLanguage":"pt-BR"}]}},"_links":{"self":[{"href":"https:\/\/clubedeviagensmoms.com.br\/homolog\/wp-json\/wp\/v2\/product\/4053","targetHints":{"allow":["GET"]}}],"collection":[{"href":"https:\/\/clubedeviagensmoms.com.br\/homolog\/wp-json\/wp\/v2\/product"}],"about":[{"href":"https:\/\/clubedeviagensmoms.com.br\/homolog\/wp-json\/wp\/v2\/types\/product"}],"replies":[{"embeddable":true,"href":"https:\/\/clubedeviagensmoms.com.br\/homolog\/wp-json\/wp\/v2\/comments?post=4053"}],"wp:featuredmedia":[{"embeddable":true,"href":"https:\/\/clubedeviagensmoms.com.br\/homolog\/wp-json\/wp\/v2\/media\/2510"}],"wp:attachment":[{"href":"https:\/\/clubedeviagensmoms.com.br\/homolog\/wp-json\/wp\/v2\/media?parent=4053"}],"wp:term":[{"taxonomy":"product_cat","embeddable":true,"href":"https:\/\/clubedeviagensmoms.com.br\/homolog\/wp-json\/wp\/v2\/product_cat?post=4053"},{"taxonomy":"product_tag","embeddable":true,"href":"https:\/\/clubedeviagensmoms.com.br\/homolog\/wp-json\/wp\/v2\/product_tag?post=4053"}],"curies":[{"name":"wp","href":"https:\/\/api.w.org\/{rel}","templated":true}]}}