{"id":4054,"date":"2021-10-29T19:55:57","date_gmt":"2021-10-29T22:55:57","guid":{"rendered":"http:\/\/clubedeviagensmoms.com.br\/homolog\/taober_wp\/?post_type=product&#038;p=4054"},"modified":"2023-08-30T12:25:15","modified_gmt":"2023-08-30T15:25:15","slug":"club-med-pragelato-vialattea","status":"publish","type":"product","link":"https:\/\/clubedeviagensmoms.com.br\/homolog\/produto\/club-med-pragelato-vialattea\/","title":{"rendered":"Club Med Pragelato Vialattea"},"content":{"rendered":"<h4>Prepare-se para vivenciar o esp\u00edrito da \u201cDolce Vita\u201d italiana no Club Med Pragelato Vialattea.<\/h4>\n<p>&nbsp;<\/p>\n<p>Situado aos p\u00e9s das montanhas, na regi\u00e3o do Piemonte, norte da It\u00e1lia, o Resort Club Med Pragelato Vialattea convida voc\u00ea a se aventurar na Via Lattea, certamente um dos maiores dom\u00ednios esqui\u00e1veis dos Alpes Italianos. Em 2006, a esta\u00e7\u00e3o recebeu as provas de esqui cross country e salto de esqui das<span>\u00a0<\/span><a href=\"https:\/\/pt.wikipedia.org\/wiki\/Jogos_Ol%C3%ADmpicos_de_Inverno_de_2006\" target=\"_blank\" rel=\"noopener noreferrer\">Olimp\u00edadas de Inverno de Turim<\/a>. Aproveite a chance para mostrar as suas habilidades em algumas das 244 pistas sinalizadas. Coloque suas botas de neve para uma caminhada entre os pinheiros cobertos de neve e, posteriormente, aque\u00e7a o seu corpo na sauna finlandesa. \u00c0 noite, aproveite o conforto do seu chal\u00e9 de madeira ou sente-se em um sof\u00e1 para saborear um ch\u00e1 de frutas vermelhas.<\/p>\n<p>No cora\u00e7\u00e3o de um vale tranquilo do Piemonte, o Resort Club Med Pragelato Vialattea All Inclusive \u00e9 um conjunto de chal\u00e9s implantados em torno de uma fonte aut\u00eantica das pra\u00e7as dos vilarejos. Participe da arte de viver \u00e0 italiana, no meio de uma natureza primordialmente preservada. Deguste uma foccacia sob o sol antes de enfrentar as pistas ol\u00edmpicas em freestyle, slalom ou skicross, ou ainda ponha as raquetes nos p\u00e9s para passear entre os pinheiros nevados.<\/p>\n<p>Na regi\u00e3o do Piemonte,a 1600 m de altitude, a ViaLattea exibe seus 400 km de pistas. Aos p\u00e9s das montanhas nevadas, suas crian\u00e7as tem v\u00e1rias atividades no Petit Club Med\u00ae. Enquanto isso, no Mini Club Med\u00ae, eles s\u00e3o apresentados ao esqui. Os adolescentes, no Junior Club Med, fazem as curvas e aperfei\u00e7oam o seu estilo. Antes de se encontrar em torno de um copioso lanche e de saborear sobretudo a Dolce Vita.<\/p>\n<p class=\"last-child-mb-0 mt-0 mb-3\">Vacinas recomendadas:<\/p>\n<p class=\"last-child-mb-0 mt-0 mb-3\">-P\u00f3lio<\/p>\n<p>-T\u00e9tano<\/p>\n<p>-Hepatites A e B<\/p>\n<p class=\"last-child-mb-0 mt-0 mb-3\">Um centro hospitalar est\u00e1 situado em Sestri\u00e8res, a 10 minutos de carro do Club Med Pragelato Vialattea.<\/p>\n<p>Confira<span>\u00a0<\/span><a href=\"http:\/\/clubedeviagensmoms.com.br\/homolog\/vamos-viajar\/hoteis\/?swoof=1&amp;pa_destino=club-med&amp;really_curr_tax=35-product_cat\" target=\"_blank\" rel=\"noopener noreferrer\">AQUI<\/a><span>\u00a0<\/span>outro Club Med que possa ser o que voc\u00ea procura.<\/p>\n","protected":false},"excerpt":{"rendered":"<p>O Resort Club Med Pragelato Vialattea convida voc\u00ea a se aventurar na Via Lattea, um dos maiores dom\u00ednios esqui\u00e1veis dos Alpes Italianos.<\/p>\n","protected":false},"featured_media":2513,"comment_status":"closed","ping_status":"closed","template":"","meta":[],"product_cat":[21],"product_tag":[289,167,295,27,28,29,30,31,252,32,33,136,255,256,38,39,40],"class_list":["post-4054","product","type-product","status-publish","has-post-thumbnail","hentry","product_cat-hoteis","product_tag-alpes","product_tag-club-med","product_tag-club-med-pragelato-vialattea","product_tag-clube-de-viagens-moms","product_tag-clube-moms","product_tag-criancas","product_tag-diversao","product_tag-diversao-em-familia","product_tag-estacao-de-ski","product_tag-ferias","product_tag-ferias-em-familia","product_tag-italia","product_tag-neve","product_tag-ski","product_tag-viagem","product_tag-viagem-com-criancas","product_tag-viagem-em-familia","pa_destino-club-med","pa_destino-europa","pa_destino-italia","pa_estrutura-lazer-academia","pa_estrutura-lazer-bar","pa_estrutura-lazer-bicicleta","pa_estrutura-lazer-centro-de-convencoes","pa_estrutura-lazer-copa-baby","pa_estrutura-lazer-esportes-radicais","pa_estrutura-lazer-estacionamento","pa_estrutura-lazer-jacuzzi","pa_estrutura-lazer-kids-club","pa_estrutura-lazer-lavanderia","pa_estrutura-lazer-piscina","pa_estrutura-lazer-piscina-aquecida","pa_estrutura-lazer-recreacao","pa_estrutura-lazer-restaurante","pa_estrutura-lazer-restaurante-infantil","pa_estrutura-lazer-sala-de-estar","pa_estrutura-lazer-sala-de-reuniao","pa_estrutura-lazer-sala-de-tv","pa_estrutura-lazer-salao-de-jogos","pa_estrutura-lazer-sauna","pa_estrutura-lazer-spa","pa_estrutura-lazer-teatro","pa_estrutura-lazer-trilhas","pa_regime-de-alimentacao-all-inclusive","pa_servicos-opcionais-esportes-radicais","pa_servicos-opcionais-lavanderia","pa_servicos-opcionais-massagem","pa_servicos-opcionais-servico-de-babas","pa_servicos-opcionais-servico-de-massagem","pa_servicos-opcionais-servico-de-passar-roupas","pa_servicos-opcionais-servico-de-traslado","pa_servicos-opcionais-spa","pa_servicos-opcionais-spa-para-pes-e-maos","pa_tipos-de-destinos-neve"],"acf":[],"yoast_head":"<!-- This site is optimized with the Yoast SEO Premium plugin v16.0.2 (Yoast SEO v21.2) - https:\/\/yoast.com\/wordpress\/plugins\/seo\/ -->\n<title>Club Med Pragelato Vialattea - Clube Moms<\/title>\n<meta name=\"description\" content=\"O Resort Club Med Pragelato Vialattea convida voc\u00ea a se aventurar na Via Lattea, um dos maiores dom\u00ednios esqui\u00e1veis dos Alpes Italianos.\" \/>\n<meta name=\"robots\" content=\"index, follow, max-snippet:-1, max-image-preview:large, max-video-preview:-1\" \/>\n<link rel=\"canonical\" href=\"https:\/\/clubedeviagensmoms.com.br\/homolog\/produto\/club-med-pragelato-vialattea\/\" \/>\n<meta property=\"og:locale\" content=\"pt_BR\" \/>\n<meta property=\"og:type\" content=\"article\" \/>\n<meta property=\"og:title\" content=\"Club Med Pragelato Vialattea - Clube Moms\" \/>\n<meta property=\"og:description\" content=\"O Resort Club Med Pragelato Vialattea convida voc\u00ea a se aventurar na Via Lattea, um dos maiores dom\u00ednios esqui\u00e1veis dos Alpes Italianos.\" \/>\n<meta property=\"og:url\" content=\"https:\/\/clubedeviagensmoms.com.br\/homolog\/produto\/club-med-pragelato-vialattea\/\" \/>\n<meta property=\"og:site_name\" content=\"Clube Moms\" \/>\n<meta property=\"article:modified_time\" content=\"2023-08-30T15:25:15+00:00\" \/>\n<meta property=\"og:image\" content=\"http:\/\/clubedeviagensmoms.com.br\/homolog\/wp-content\/uploads\/2021\/10\/008-1024x536-1.jpg\" \/>\n\t<meta property=\"og:image:width\" content=\"1024\" \/>\n\t<meta property=\"og:image:height\" content=\"536\" \/>\n\t<meta property=\"og:image:type\" content=\"image\/jpeg\" \/>\n<meta name=\"twitter:card\" content=\"summary_large_image\" \/>\n<meta name=\"twitter:label1\" content=\"Est. tempo de leitura\" \/>\n\t<meta name=\"twitter:data1\" content=\"2 minutos\" \/>\n<script type=\"application\/ld+json\" class=\"yoast-schema-graph\">{\"@context\":\"https:\/\/schema.org\",\"@graph\":[{\"@type\":\"WebPage\",\"@id\":\"https:\/\/clubedeviagensmoms.com.br\/homolog\/produto\/club-med-pragelato-vialattea\/\",\"url\":\"https:\/\/clubedeviagensmoms.com.br\/homolog\/produto\/club-med-pragelato-vialattea\/\",\"name\":\"Club Med Pragelato Vialattea - Clube Moms\",\"isPartOf\":{\"@id\":\"https:\/\/clubedeviagensmoms.com.br\/homolog\/#website\"},\"datePublished\":\"2021-10-29T22:55:57+00:00\",\"dateModified\":\"2023-08-30T15:25:15+00:00\",\"description\":\"O Resort Club Med Pragelato Vialattea convida voc\u00ea a se aventurar na Via Lattea, um dos maiores dom\u00ednios esqui\u00e1veis dos Alpes Italianos.\",\"breadcrumb\":{\"@id\":\"https:\/\/clubedeviagensmoms.com.br\/homolog\/produto\/club-med-pragelato-vialattea\/#breadcrumb\"},\"inLanguage\":\"pt-BR\",\"potentialAction\":[{\"@type\":\"ReadAction\",\"target\":[\"https:\/\/clubedeviagensmoms.com.br\/homolog\/produto\/club-med-pragelato-vialattea\/\"]}]},{\"@type\":\"BreadcrumbList\",\"@id\":\"https:\/\/clubedeviagensmoms.com.br\/homolog\/produto\/club-med-pragelato-vialattea\/#breadcrumb\",\"itemListElement\":[{\"@type\":\"ListItem\",\"position\":1,\"name\":\"Home\",\"item\":\"https:\/\/clubedeviagensmoms.com.br\/homolog\/\"},{\"@type\":\"ListItem\",\"position\":2,\"name\":\"Vamos Viajar\",\"item\":\"https:\/\/clubedeviagensmoms.com.br\/homolog\/shop\/\"},{\"@type\":\"ListItem\",\"position\":3,\"name\":\"Club Med Pragelato Vialattea\"}]},{\"@type\":\"WebSite\",\"@id\":\"https:\/\/clubedeviagensmoms.com.br\/homolog\/#website\",\"url\":\"https:\/\/clubedeviagensmoms.com.br\/homolog\/\",\"name\":\"Clube Moms\",\"description\":\"O Clube Moms \u00e9 uma ag\u00eancia de turismo com foco em fam\u00edlias com crian\u00e7as, que uno os conceitos de Consultoria Especializada e Clube de Vantagens.\",\"potentialAction\":[{\"@type\":\"SearchAction\",\"target\":{\"@type\":\"EntryPoint\",\"urlTemplate\":\"https:\/\/clubedeviagensmoms.com.br\/homolog\/?s={search_term_string}\"},\"query-input\":\"required name=search_term_string\"}],\"inLanguage\":\"pt-BR\"}]}<\/script>\n<!-- \/ Yoast SEO Premium plugin. -->","yoast_head_json":{"title":"Club Med Pragelato Vialattea - Clube Moms","description":"O Resort Club Med Pragelato Vialattea convida voc\u00ea a se aventurar na Via Lattea, um dos maiores dom\u00ednios esqui\u00e1veis dos Alpes Italianos.","robots":{"index":"index","follow":"follow","max-snippet":"max-snippet:-1","max-image-preview":"max-image-preview:large","max-video-preview":"max-video-preview:-1"},"canonical":"https:\/\/clubedeviagensmoms.com.br\/homolog\/produto\/club-med-pragelato-vialattea\/","og_locale":"pt_BR","og_type":"article","og_title":"Club Med Pragelato Vialattea - Clube Moms","og_description":"O Resort Club Med Pragelato Vialattea convida voc\u00ea a se aventurar na Via Lattea, um dos maiores dom\u00ednios esqui\u00e1veis dos Alpes Italianos.","og_url":"https:\/\/clubedeviagensmoms.com.br\/homolog\/produto\/club-med-pragelato-vialattea\/","og_site_name":"Clube Moms","article_modified_time":"2023-08-30T15:25:15+00:00","og_image":[{"width":1024,"height":536,"url":"http:\/\/clubedeviagensmoms.com.br\/homolog\/wp-content\/uploads\/2021\/10\/008-1024x536-1.jpg","type":"image\/jpeg"}],"twitter_card":"summary_large_image","twitter_misc":{"Est. tempo de leitura":"2 minutos"},"schema":{"@context":"https:\/\/schema.org","@graph":[{"@type":"WebPage","@id":"https:\/\/clubedeviagensmoms.com.br\/homolog\/produto\/club-med-pragelato-vialattea\/","url":"https:\/\/clubedeviagensmoms.com.br\/homolog\/produto\/club-med-pragelato-vialattea\/","name":"Club Med Pragelato Vialattea - Clube Moms","isPartOf":{"@id":"https:\/\/clubedeviagensmoms.com.br\/homolog\/#website"},"datePublished":"2021-10-29T22:55:57+00:00","dateModified":"2023-08-30T15:25:15+00:00","description":"O Resort Club Med Pragelato Vialattea convida voc\u00ea a se aventurar na Via Lattea, um dos maiores dom\u00ednios esqui\u00e1veis dos Alpes Italianos.","breadcrumb":{"@id":"https:\/\/clubedeviagensmoms.com.br\/homolog\/produto\/club-med-pragelato-vialattea\/#breadcrumb"},"inLanguage":"pt-BR","potentialAction":[{"@type":"ReadAction","target":["https:\/\/clubedeviagensmoms.com.br\/homolog\/produto\/club-med-pragelato-vialattea\/"]}]},{"@type":"BreadcrumbList","@id":"https:\/\/clubedeviagensmoms.com.br\/homolog\/produto\/club-med-pragelato-vialattea\/#breadcrumb","itemListElement":[{"@type":"ListItem","position":1,"name":"Home","item":"https:\/\/clubedeviagensmoms.com.br\/homolog\/"},{"@type":"ListItem","position":2,"name":"Vamos Viajar","item":"https:\/\/clubedeviagensmoms.com.br\/homolog\/shop\/"},{"@type":"ListItem","position":3,"name":"Club Med Pragelato Vialattea"}]},{"@type":"WebSite","@id":"https:\/\/clubedeviagensmoms.com.br\/homolog\/#website","url":"https:\/\/clubedeviagensmoms.com.br\/homolog\/","name":"Clube Moms","description":"O Clube Moms \u00e9 uma ag\u00eancia de turismo com foco em fam\u00edlias com crian\u00e7as, que uno os conceitos de Consultoria Especializada e Clube de Vantagens.","potentialAction":[{"@type":"SearchAction","target":{"@type":"EntryPoint","urlTemplate":"https:\/\/clubedeviagensmoms.com.br\/homolog\/?s={search_term_string}"},"query-input":"required name=search_term_string"}],"inLanguage":"pt-BR"}]}},"_links":{"self":[{"href":"https:\/\/clubedeviagensmoms.com.br\/homolog\/wp-json\/wp\/v2\/product\/4054","targetHints":{"allow":["GET"]}}],"collection":[{"href":"https:\/\/clubedeviagensmoms.com.br\/homolog\/wp-json\/wp\/v2\/product"}],"about":[{"href":"https:\/\/clubedeviagensmoms.com.br\/homolog\/wp-json\/wp\/v2\/types\/product"}],"replies":[{"embeddable":true,"href":"https:\/\/clubedeviagensmoms.com.br\/homolog\/wp-json\/wp\/v2\/comments?post=4054"}],"wp:featuredmedia":[{"embeddable":true,"href":"https:\/\/clubedeviagensmoms.com.br\/homolog\/wp-json\/wp\/v2\/media\/2513"}],"wp:attachment":[{"href":"https:\/\/clubedeviagensmoms.com.br\/homolog\/wp-json\/wp\/v2\/media?parent=4054"}],"wp:term":[{"taxonomy":"product_cat","embeddable":true,"href":"https:\/\/clubedeviagensmoms.com.br\/homolog\/wp-json\/wp\/v2\/product_cat?post=4054"},{"taxonomy":"product_tag","embeddable":true,"href":"https:\/\/clubedeviagensmoms.com.br\/homolog\/wp-json\/wp\/v2\/product_tag?post=4054"}],"curies":[{"name":"wp","href":"https:\/\/api.w.org\/{rel}","templated":true}]}}