{"id":4094,"date":"2021-10-29T19:57:40","date_gmt":"2021-10-29T22:57:40","guid":{"rendered":"http:\/\/clubedeviagensmoms.com.br\/homolog\/taober_wp\/?post_type=product&#038;p=4094"},"modified":"2023-08-30T12:26:45","modified_gmt":"2023-08-30T15:26:45","slug":"nova-york","status":"publish","type":"product","link":"https:\/\/clubedeviagensmoms.com.br\/homolog\/produto\/nova-york\/","title":{"rendered":"Nova York"},"content":{"rendered":"<p>Muito al\u00e9m da Est\u00e1tua da Liberdade e do Empire State Building, Nova York possui lugares encantadores que n\u00e3o podem ficar de fora do seu roteiro. Do Central Park ao alto de seus arranha-c\u00e9us, dif\u00edcil \u00e9 n\u00e3o se apaixonar pela cidade!<\/p>\n<p>Ela \u00e9 formada por 5 distritos, The Bronx, Brooklyn, Manhattan, Queens e Staten Island, e, tamb\u00e9m por isso, tem atra\u00e7\u00e3o para todos os gostos.<\/p>\n<p>Possui uma diversidade de museus, abrigando alguns dos mais importantes e influentes do mundo, como o Museu Guggenheim e o Metropolitan Museum of Art, mais conhecido como The MET. Ainda, tem uma das mais famosas \u00e1reas verdes do mundo, o Central Park, que al\u00e9m de proporcionar um momento de conex\u00e3o com a natureza, oferece diversas atividades para os frequentadores!<\/p>\n<p>Al\u00e9m disso, \u00e9 um polo bastante significativo de moda e gastronomia, unindo, dessa forma, v\u00e1rias culturas em um s\u00f3 lugar!<\/p>\n<p>Por fim, \u00e9 imposs\u00edvel falar em Nova York e n\u00e3o mencionar a Broadway! Aqui, voc\u00ea poder\u00e1 ter a experi\u00eancia \u00fanica de sentar em um teatro e vivenciar\u00a0um espet\u00e1culo musical que vai te impressionar!<\/p>\n<p>&nbsp;<\/p>\n<p>N\u00e3o deixe de visitar a cidade que nunca dorme! Fa\u00e7a uma <a href=\"https:\/\/wa.me\/5521964046487\" target=\"_blank\" rel=\"noopener noreferrer\">cota\u00e7\u00e3o<\/a> e viaje com a gente!<\/p>\n<p>E, ainda, se voc\u00ea tiver interesse em conhecer mais destinos internacionais incr\u00edveis, <a href=\"http:\/\/clubedeviagensmoms.com.br\/homolog\/vamos-viajar\/pacotes-internacionais\/\" target=\"_blank\" rel=\"noopener noreferrer\">clique aqui<\/a>!<\/p>\n","protected":false},"excerpt":{"rendered":"<p>Terra dos arranha-c\u00e9us, da moda, da gastronomia e do espet\u00e1culo, Nova York vai te impressionar! Venha desfrutar da cidade que nunca dorme!<\/p>\n","protected":false},"featured_media":488,"comment_status":"closed","ping_status":"closed","template":"","meta":[],"product_cat":[19],"product_tag":[131,27,28,29,30,96,116,32,117,111,132,133,112,38,54],"class_list":["post-4094","product","type-product","status-publish","has-post-thumbnail","hentry","product_cat-pacotes-internacionais","product_tag-central-park","product_tag-clube-de-viagens-moms","product_tag-clube-moms","product_tag-criancas","product_tag-diversao","product_tag-diversao-com-a-familia","product_tag-familia","product_tag-ferias","product_tag-ferias-com-a-familia","product_tag-internacional","product_tag-new-york","product_tag-nova-york","product_tag-pacote","product_tag-viagem","product_tag-viagem-com-a-familia","pa_destino-estados-unidos"],"acf":[],"yoast_head":"<!-- This site is optimized with the Yoast SEO Premium plugin v16.0.2 (Yoast SEO v21.2) - https:\/\/yoast.com\/wordpress\/plugins\/seo\/ -->\n<title>Nova York - Clube Moms<\/title>\n<meta name=\"description\" content=\"Terra dos arranha-c\u00e9us, da moda, da gastronomia e do espet\u00e1culo, Nova York vai te impressionar! Venha desfrutar da cidade que nunca dorme!\" \/>\n<meta name=\"robots\" content=\"index, follow, max-snippet:-1, max-image-preview:large, max-video-preview:-1\" \/>\n<link rel=\"canonical\" href=\"https:\/\/clubedeviagensmoms.com.br\/homolog\/produto\/nova-york\/\" \/>\n<meta property=\"og:locale\" content=\"pt_BR\" \/>\n<meta property=\"og:type\" content=\"article\" \/>\n<meta property=\"og:title\" content=\"Nova York - Clube Moms\" \/>\n<meta property=\"og:description\" content=\"Terra dos arranha-c\u00e9us, da moda, da gastronomia e do espet\u00e1culo, Nova York vai te impressionar! Venha desfrutar da cidade que nunca dorme!\" \/>\n<meta property=\"og:url\" content=\"https:\/\/clubedeviagensmoms.com.br\/homolog\/produto\/nova-york\/\" \/>\n<meta property=\"og:site_name\" content=\"Clube Moms\" \/>\n<meta property=\"article:modified_time\" content=\"2023-08-30T15:26:45+00:00\" \/>\n<meta property=\"og:image\" content=\"https:\/\/clubedeviagensmoms.com.br\/homolog\/wp-content\/uploads\/2021\/09\/PacoteInternacional_NovaYork_03042018_1843-1024x536-1.jpg\" \/>\n\t<meta property=\"og:image:width\" content=\"1024\" \/>\n\t<meta property=\"og:image:height\" content=\"536\" \/>\n\t<meta property=\"og:image:type\" content=\"image\/jpeg\" \/>\n<meta name=\"twitter:card\" content=\"summary_large_image\" \/>\n<meta name=\"twitter:label1\" content=\"Est. tempo de leitura\" \/>\n\t<meta name=\"twitter:data1\" content=\"1 minuto\" \/>\n<script type=\"application\/ld+json\" class=\"yoast-schema-graph\">{\"@context\":\"https:\/\/schema.org\",\"@graph\":[{\"@type\":\"WebPage\",\"@id\":\"https:\/\/clubedeviagensmoms.com.br\/homolog\/produto\/nova-york\/\",\"url\":\"https:\/\/clubedeviagensmoms.com.br\/homolog\/produto\/nova-york\/\",\"name\":\"Nova York - Clube Moms\",\"isPartOf\":{\"@id\":\"https:\/\/clubedeviagensmoms.com.br\/homolog\/#website\"},\"datePublished\":\"2021-10-29T22:57:40+00:00\",\"dateModified\":\"2023-08-30T15:26:45+00:00\",\"description\":\"Terra dos arranha-c\u00e9us, da moda, da gastronomia e do espet\u00e1culo, Nova York vai te impressionar! Venha desfrutar da cidade que nunca dorme!\",\"breadcrumb\":{\"@id\":\"https:\/\/clubedeviagensmoms.com.br\/homolog\/produto\/nova-york\/#breadcrumb\"},\"inLanguage\":\"pt-BR\",\"potentialAction\":[{\"@type\":\"ReadAction\",\"target\":[\"https:\/\/clubedeviagensmoms.com.br\/homolog\/produto\/nova-york\/\"]}]},{\"@type\":\"BreadcrumbList\",\"@id\":\"https:\/\/clubedeviagensmoms.com.br\/homolog\/produto\/nova-york\/#breadcrumb\",\"itemListElement\":[{\"@type\":\"ListItem\",\"position\":1,\"name\":\"Home\",\"item\":\"https:\/\/clubedeviagensmoms.com.br\/homolog\/\"},{\"@type\":\"ListItem\",\"position\":2,\"name\":\"Vamos Viajar\",\"item\":\"https:\/\/clubedeviagensmoms.com.br\/homolog\/shop\/\"},{\"@type\":\"ListItem\",\"position\":3,\"name\":\"Nova York\"}]},{\"@type\":\"WebSite\",\"@id\":\"https:\/\/clubedeviagensmoms.com.br\/homolog\/#website\",\"url\":\"https:\/\/clubedeviagensmoms.com.br\/homolog\/\",\"name\":\"Clube Moms\",\"description\":\"O Clube Moms \u00e9 uma ag\u00eancia de turismo com foco em fam\u00edlias com crian\u00e7as, que uno os conceitos de Consultoria Especializada e Clube de Vantagens.\",\"potentialAction\":[{\"@type\":\"SearchAction\",\"target\":{\"@type\":\"EntryPoint\",\"urlTemplate\":\"https:\/\/clubedeviagensmoms.com.br\/homolog\/?s={search_term_string}\"},\"query-input\":\"required name=search_term_string\"}],\"inLanguage\":\"pt-BR\"}]}<\/script>\n<!-- \/ Yoast SEO Premium plugin. -->","yoast_head_json":{"title":"Nova York - Clube Moms","description":"Terra dos arranha-c\u00e9us, da moda, da gastronomia e do espet\u00e1culo, Nova York vai te impressionar! Venha desfrutar da cidade que nunca dorme!","robots":{"index":"index","follow":"follow","max-snippet":"max-snippet:-1","max-image-preview":"max-image-preview:large","max-video-preview":"max-video-preview:-1"},"canonical":"https:\/\/clubedeviagensmoms.com.br\/homolog\/produto\/nova-york\/","og_locale":"pt_BR","og_type":"article","og_title":"Nova York - Clube Moms","og_description":"Terra dos arranha-c\u00e9us, da moda, da gastronomia e do espet\u00e1culo, Nova York vai te impressionar! Venha desfrutar da cidade que nunca dorme!","og_url":"https:\/\/clubedeviagensmoms.com.br\/homolog\/produto\/nova-york\/","og_site_name":"Clube Moms","article_modified_time":"2023-08-30T15:26:45+00:00","og_image":[{"width":1024,"height":536,"url":"https:\/\/clubedeviagensmoms.com.br\/homolog\/wp-content\/uploads\/2021\/09\/PacoteInternacional_NovaYork_03042018_1843-1024x536-1.jpg","type":"image\/jpeg"}],"twitter_card":"summary_large_image","twitter_misc":{"Est. tempo de leitura":"1 minuto"},"schema":{"@context":"https:\/\/schema.org","@graph":[{"@type":"WebPage","@id":"https:\/\/clubedeviagensmoms.com.br\/homolog\/produto\/nova-york\/","url":"https:\/\/clubedeviagensmoms.com.br\/homolog\/produto\/nova-york\/","name":"Nova York - Clube Moms","isPartOf":{"@id":"https:\/\/clubedeviagensmoms.com.br\/homolog\/#website"},"datePublished":"2021-10-29T22:57:40+00:00","dateModified":"2023-08-30T15:26:45+00:00","description":"Terra dos arranha-c\u00e9us, da moda, da gastronomia e do espet\u00e1culo, Nova York vai te impressionar! Venha desfrutar da cidade que nunca dorme!","breadcrumb":{"@id":"https:\/\/clubedeviagensmoms.com.br\/homolog\/produto\/nova-york\/#breadcrumb"},"inLanguage":"pt-BR","potentialAction":[{"@type":"ReadAction","target":["https:\/\/clubedeviagensmoms.com.br\/homolog\/produto\/nova-york\/"]}]},{"@type":"BreadcrumbList","@id":"https:\/\/clubedeviagensmoms.com.br\/homolog\/produto\/nova-york\/#breadcrumb","itemListElement":[{"@type":"ListItem","position":1,"name":"Home","item":"https:\/\/clubedeviagensmoms.com.br\/homolog\/"},{"@type":"ListItem","position":2,"name":"Vamos Viajar","item":"https:\/\/clubedeviagensmoms.com.br\/homolog\/shop\/"},{"@type":"ListItem","position":3,"name":"Nova York"}]},{"@type":"WebSite","@id":"https:\/\/clubedeviagensmoms.com.br\/homolog\/#website","url":"https:\/\/clubedeviagensmoms.com.br\/homolog\/","name":"Clube Moms","description":"O Clube Moms \u00e9 uma ag\u00eancia de turismo com foco em fam\u00edlias com crian\u00e7as, que uno os conceitos de Consultoria Especializada e Clube de Vantagens.","potentialAction":[{"@type":"SearchAction","target":{"@type":"EntryPoint","urlTemplate":"https:\/\/clubedeviagensmoms.com.br\/homolog\/?s={search_term_string}"},"query-input":"required name=search_term_string"}],"inLanguage":"pt-BR"}]}},"_links":{"self":[{"href":"https:\/\/clubedeviagensmoms.com.br\/homolog\/wp-json\/wp\/v2\/product\/4094","targetHints":{"allow":["GET"]}}],"collection":[{"href":"https:\/\/clubedeviagensmoms.com.br\/homolog\/wp-json\/wp\/v2\/product"}],"about":[{"href":"https:\/\/clubedeviagensmoms.com.br\/homolog\/wp-json\/wp\/v2\/types\/product"}],"replies":[{"embeddable":true,"href":"https:\/\/clubedeviagensmoms.com.br\/homolog\/wp-json\/wp\/v2\/comments?post=4094"}],"wp:featuredmedia":[{"embeddable":true,"href":"https:\/\/clubedeviagensmoms.com.br\/homolog\/wp-json\/wp\/v2\/media\/488"}],"wp:attachment":[{"href":"https:\/\/clubedeviagensmoms.com.br\/homolog\/wp-json\/wp\/v2\/media?parent=4094"}],"wp:term":[{"taxonomy":"product_cat","embeddable":true,"href":"https:\/\/clubedeviagensmoms.com.br\/homolog\/wp-json\/wp\/v2\/product_cat?post=4094"},{"taxonomy":"product_tag","embeddable":true,"href":"https:\/\/clubedeviagensmoms.com.br\/homolog\/wp-json\/wp\/v2\/product_tag?post=4094"}],"curies":[{"name":"wp","href":"https:\/\/api.w.org\/{rel}","templated":true}]}}