{"id":4096,"date":"2021-10-29T19:57:40","date_gmt":"2021-10-29T22:57:40","guid":{"rendered":"http:\/\/clubedeviagensmoms.com.br\/homolog\/taober_wp\/?post_type=product&#038;p=4096"},"modified":"2023-08-30T12:26:46","modified_gmt":"2023-08-30T15:26:46","slug":"porto","status":"publish","type":"product","link":"https:\/\/clubedeviagensmoms.com.br\/homolog\/produto\/porto\/","title":{"rendered":"Porto"},"content":{"rendered":"<p>A cidade do Porto est\u00e1 localizada no noroeste de Portugal. \u00c9 conhecida por conta de suas muitas e imponentes pontes, sua arquitetura caracter\u00edstica, principalmente da era medieval, e sua impressionante produ\u00e7\u00e3o de vinhos.<\/p>\n<p>Com ares de cidade que cresceu sem se esquecer de suas ra\u00edzes, o \u00e9 uma metr\u00f3pole com alma de povoado buc\u00f3lico que cativa os visitantes do momento da chegada \u00e0 hora da partida. Alegre e carism\u00e1tico, o segundo destino mais visitado do pa\u00eds equilibra com maestria hist\u00f3ria e atualidade. Assim, tem como pano de fundo cen\u00e1rios majestosos, que certamente ficar\u00e3o para sempre na mem\u00f3ria de seus espectadores.<\/p>\n<p>O Porto possui uma cena gastron\u00f4mica bastante presente, com mercados e caf\u00e9s espalhados pela cidade que valem a pena serem visitados. Al\u00e9m disso, n\u00e3o podemos deixar de mencionar todas as galerias de artes que encontramos, principalmente na Rua Miguel Bombarda!<\/p>\n<p>Ainda, possui um centro hist\u00f3rico muito vibrante e conta com pontos tur\u00edsticos bastante famosos, como o Pal\u00e1cio de Cristal e a Igreja do Carmo. E, por fim, n\u00e3o podemos deixar de fora a majestosa Livraria Lello. Com uma fachada neog\u00f3tica e um estilo que mistura o ecl\u00e9tico com a Art Nouveau, ela se faz bastante imponente na cidade do Porto. Vale ressaltar tamb\u00e9m que ela serviu de inspira\u00e7\u00e3o a autora dos livros de Harry Potter, J.K. Rowling, ao imaginar a famosa Escola de Magia e Bruxaria de Hogwarts. Demais, n\u00e3o?!<\/p>\n<p>Repleta de hist\u00f3ria e beleza, o Porto ir\u00e1 te impressionar, ent\u00e3o fa\u00e7a uma <a href=\"https:\/\/wa.me\/5521964046487\" target=\"_blank\" rel=\"noopener noreferrer\">cota\u00e7\u00e3o<\/a> e viaje com a gente!<\/p>\n<p>E, ainda, se voc\u00ea tiver interesse em conhecer mais destinos internacionais incr\u00edveis, <a href=\"http:\/\/clubedeviagensmoms.com.br\/homolog\/vamos-viajar\/pacotes-internacionais\/\" target=\"_blank\" rel=\"noopener noreferrer\">clique aqui<\/a>!<\/p>\n","protected":false},"excerpt":{"rendered":"<p style=\"text-align: left;\">Porto: onde a beleza e a hist\u00f3ria falam mais alto! Venha descobrir essa cidade que une gera\u00e7\u00f5es e agrada a todos os tipos de p\u00fablico!<\/p>\n","protected":false},"featured_media":514,"comment_status":"closed","ping_status":"closed","template":"","meta":[],"product_cat":[19],"product_tag":[121,27,28,29,30,31,122,32,33,72,124,38,40],"class_list":["post-4096","product","type-product","status-publish","has-post-thumbnail","hentry","product_cat-pacotes-internacionais","product_tag-clube-de-viagens","product_tag-clube-de-viagens-moms","product_tag-clube-moms","product_tag-criancas","product_tag-diversao","product_tag-diversao-em-familia","product_tag-europa","product_tag-ferias","product_tag-ferias-em-familia","product_tag-porto","product_tag-portugal","product_tag-viagem","product_tag-viagem-em-familia","pa_destino-portugal"],"acf":[],"yoast_head":"<!-- This site is optimized with the Yoast SEO Premium plugin v16.0.2 (Yoast SEO v21.2) - https:\/\/yoast.com\/wordpress\/plugins\/seo\/ -->\n<title>Porto - Clube Moms<\/title>\n<meta name=\"description\" content=\"Porto: onde a beleza e a hist\u00f3ria falam mais alto! Venha descobrir essa cidade que une gera\u00e7\u00f5es e agrada a todos os tipos de p\u00fablico!\" \/>\n<meta name=\"robots\" content=\"index, follow, max-snippet:-1, max-image-preview:large, max-video-preview:-1\" \/>\n<link rel=\"canonical\" href=\"https:\/\/clubedeviagensmoms.com.br\/homolog\/produto\/porto\/\" \/>\n<meta property=\"og:locale\" content=\"pt_BR\" \/>\n<meta property=\"og:type\" content=\"article\" \/>\n<meta property=\"og:title\" content=\"Porto - Clube Moms\" \/>\n<meta property=\"og:description\" content=\"Porto: onde a beleza e a hist\u00f3ria falam mais alto! Venha descobrir essa cidade que une gera\u00e7\u00f5es e agrada a todos os tipos de p\u00fablico!\" \/>\n<meta property=\"og:url\" content=\"https:\/\/clubedeviagensmoms.com.br\/homolog\/produto\/porto\/\" \/>\n<meta property=\"og:site_name\" content=\"Clube Moms\" \/>\n<meta property=\"article:modified_time\" content=\"2023-08-30T15:26:46+00:00\" \/>\n<meta property=\"og:image\" content=\"https:\/\/clubedeviagensmoms.com.br\/homolog\/wp-content\/uploads\/2021\/09\/PacoteInternacional_Porto_02042018_2135-1024x536-1.jpg\" \/>\n\t<meta property=\"og:image:width\" content=\"1024\" \/>\n\t<meta property=\"og:image:height\" content=\"536\" \/>\n\t<meta property=\"og:image:type\" content=\"image\/jpeg\" \/>\n<meta name=\"twitter:card\" content=\"summary_large_image\" \/>\n<meta name=\"twitter:label1\" content=\"Est. tempo de leitura\" \/>\n\t<meta name=\"twitter:data1\" content=\"1 minuto\" \/>\n<script type=\"application\/ld+json\" class=\"yoast-schema-graph\">{\"@context\":\"https:\/\/schema.org\",\"@graph\":[{\"@type\":\"WebPage\",\"@id\":\"https:\/\/clubedeviagensmoms.com.br\/homolog\/produto\/porto\/\",\"url\":\"https:\/\/clubedeviagensmoms.com.br\/homolog\/produto\/porto\/\",\"name\":\"Porto - Clube Moms\",\"isPartOf\":{\"@id\":\"https:\/\/clubedeviagensmoms.com.br\/homolog\/#website\"},\"datePublished\":\"2021-10-29T22:57:40+00:00\",\"dateModified\":\"2023-08-30T15:26:46+00:00\",\"description\":\"Porto: onde a beleza e a hist\u00f3ria falam mais alto! Venha descobrir essa cidade que une gera\u00e7\u00f5es e agrada a todos os tipos de p\u00fablico!\",\"breadcrumb\":{\"@id\":\"https:\/\/clubedeviagensmoms.com.br\/homolog\/produto\/porto\/#breadcrumb\"},\"inLanguage\":\"pt-BR\",\"potentialAction\":[{\"@type\":\"ReadAction\",\"target\":[\"https:\/\/clubedeviagensmoms.com.br\/homolog\/produto\/porto\/\"]}]},{\"@type\":\"BreadcrumbList\",\"@id\":\"https:\/\/clubedeviagensmoms.com.br\/homolog\/produto\/porto\/#breadcrumb\",\"itemListElement\":[{\"@type\":\"ListItem\",\"position\":1,\"name\":\"Home\",\"item\":\"https:\/\/clubedeviagensmoms.com.br\/homolog\/\"},{\"@type\":\"ListItem\",\"position\":2,\"name\":\"Vamos Viajar\",\"item\":\"https:\/\/clubedeviagensmoms.com.br\/homolog\/shop\/\"},{\"@type\":\"ListItem\",\"position\":3,\"name\":\"Porto\"}]},{\"@type\":\"WebSite\",\"@id\":\"https:\/\/clubedeviagensmoms.com.br\/homolog\/#website\",\"url\":\"https:\/\/clubedeviagensmoms.com.br\/homolog\/\",\"name\":\"Clube Moms\",\"description\":\"O Clube Moms \u00e9 uma ag\u00eancia de turismo com foco em fam\u00edlias com crian\u00e7as, que uno os conceitos de Consultoria Especializada e Clube de Vantagens.\",\"potentialAction\":[{\"@type\":\"SearchAction\",\"target\":{\"@type\":\"EntryPoint\",\"urlTemplate\":\"https:\/\/clubedeviagensmoms.com.br\/homolog\/?s={search_term_string}\"},\"query-input\":\"required name=search_term_string\"}],\"inLanguage\":\"pt-BR\"}]}<\/script>\n<!-- \/ Yoast SEO Premium plugin. -->","yoast_head_json":{"title":"Porto - Clube Moms","description":"Porto: onde a beleza e a hist\u00f3ria falam mais alto! Venha descobrir essa cidade que une gera\u00e7\u00f5es e agrada a todos os tipos de p\u00fablico!","robots":{"index":"index","follow":"follow","max-snippet":"max-snippet:-1","max-image-preview":"max-image-preview:large","max-video-preview":"max-video-preview:-1"},"canonical":"https:\/\/clubedeviagensmoms.com.br\/homolog\/produto\/porto\/","og_locale":"pt_BR","og_type":"article","og_title":"Porto - Clube Moms","og_description":"Porto: onde a beleza e a hist\u00f3ria falam mais alto! Venha descobrir essa cidade que une gera\u00e7\u00f5es e agrada a todos os tipos de p\u00fablico!","og_url":"https:\/\/clubedeviagensmoms.com.br\/homolog\/produto\/porto\/","og_site_name":"Clube Moms","article_modified_time":"2023-08-30T15:26:46+00:00","og_image":[{"width":1024,"height":536,"url":"https:\/\/clubedeviagensmoms.com.br\/homolog\/wp-content\/uploads\/2021\/09\/PacoteInternacional_Porto_02042018_2135-1024x536-1.jpg","type":"image\/jpeg"}],"twitter_card":"summary_large_image","twitter_misc":{"Est. tempo de leitura":"1 minuto"},"schema":{"@context":"https:\/\/schema.org","@graph":[{"@type":"WebPage","@id":"https:\/\/clubedeviagensmoms.com.br\/homolog\/produto\/porto\/","url":"https:\/\/clubedeviagensmoms.com.br\/homolog\/produto\/porto\/","name":"Porto - Clube Moms","isPartOf":{"@id":"https:\/\/clubedeviagensmoms.com.br\/homolog\/#website"},"datePublished":"2021-10-29T22:57:40+00:00","dateModified":"2023-08-30T15:26:46+00:00","description":"Porto: onde a beleza e a hist\u00f3ria falam mais alto! Venha descobrir essa cidade que une gera\u00e7\u00f5es e agrada a todos os tipos de p\u00fablico!","breadcrumb":{"@id":"https:\/\/clubedeviagensmoms.com.br\/homolog\/produto\/porto\/#breadcrumb"},"inLanguage":"pt-BR","potentialAction":[{"@type":"ReadAction","target":["https:\/\/clubedeviagensmoms.com.br\/homolog\/produto\/porto\/"]}]},{"@type":"BreadcrumbList","@id":"https:\/\/clubedeviagensmoms.com.br\/homolog\/produto\/porto\/#breadcrumb","itemListElement":[{"@type":"ListItem","position":1,"name":"Home","item":"https:\/\/clubedeviagensmoms.com.br\/homolog\/"},{"@type":"ListItem","position":2,"name":"Vamos Viajar","item":"https:\/\/clubedeviagensmoms.com.br\/homolog\/shop\/"},{"@type":"ListItem","position":3,"name":"Porto"}]},{"@type":"WebSite","@id":"https:\/\/clubedeviagensmoms.com.br\/homolog\/#website","url":"https:\/\/clubedeviagensmoms.com.br\/homolog\/","name":"Clube Moms","description":"O Clube Moms \u00e9 uma ag\u00eancia de turismo com foco em fam\u00edlias com crian\u00e7as, que uno os conceitos de Consultoria Especializada e Clube de Vantagens.","potentialAction":[{"@type":"SearchAction","target":{"@type":"EntryPoint","urlTemplate":"https:\/\/clubedeviagensmoms.com.br\/homolog\/?s={search_term_string}"},"query-input":"required name=search_term_string"}],"inLanguage":"pt-BR"}]}},"_links":{"self":[{"href":"https:\/\/clubedeviagensmoms.com.br\/homolog\/wp-json\/wp\/v2\/product\/4096","targetHints":{"allow":["GET"]}}],"collection":[{"href":"https:\/\/clubedeviagensmoms.com.br\/homolog\/wp-json\/wp\/v2\/product"}],"about":[{"href":"https:\/\/clubedeviagensmoms.com.br\/homolog\/wp-json\/wp\/v2\/types\/product"}],"replies":[{"embeddable":true,"href":"https:\/\/clubedeviagensmoms.com.br\/homolog\/wp-json\/wp\/v2\/comments?post=4096"}],"wp:featuredmedia":[{"embeddable":true,"href":"https:\/\/clubedeviagensmoms.com.br\/homolog\/wp-json\/wp\/v2\/media\/514"}],"wp:attachment":[{"href":"https:\/\/clubedeviagensmoms.com.br\/homolog\/wp-json\/wp\/v2\/media?parent=4096"}],"wp:term":[{"taxonomy":"product_cat","embeddable":true,"href":"https:\/\/clubedeviagensmoms.com.br\/homolog\/wp-json\/wp\/v2\/product_cat?post=4096"},{"taxonomy":"product_tag","embeddable":true,"href":"https:\/\/clubedeviagensmoms.com.br\/homolog\/wp-json\/wp\/v2\/product_tag?post=4096"}],"curies":[{"name":"wp","href":"https:\/\/api.w.org\/{rel}","templated":true}]}}