{"id":4098,"date":"2021-10-29T19:57:41","date_gmt":"2021-10-29T22:57:41","guid":{"rendered":"http:\/\/clubedeviagensmoms.com.br\/homolog\/taober_wp\/?post_type=product&#038;p=4098"},"modified":"2023-08-30T12:26:47","modified_gmt":"2023-08-30T15:26:47","slug":"santiago","status":"publish","type":"product","link":"https:\/\/clubedeviagensmoms.com.br\/homolog\/produto\/santiago\/","title":{"rendered":"Santiago"},"content":{"rendered":"<p>Santiago, no Chile, impressiona por sua modernidade, mas ganha o cora\u00e7\u00e3o de quem visita por conta de sua paisagem natural deslumbrante!<\/p>\n<p>A cidade \u00e9 cercada pela famosa e imponente Cordilheira dos Andes, que proporciona um cen\u00e1rio de tirar o f\u00f4lego e encanta quem a presencia em toda sua majestade.<\/p>\n<p>O territ\u00f3rio \u00e9 super privilegiado, por estar entre os Andes e o Pac\u00edfico, e, por isso, pr\u00f3ximo \u00e0 Santiago, \u00e9 poss\u00edvel visitar uma diversidade de vin\u00edcolas! Al\u00e9m de conhecer todo o processo de fabrica\u00e7\u00e3o do vinho, voc\u00ea poder\u00e1 degust\u00e1-los ao final da visita! Voc\u00ea n\u00e3o pode deixar de conferir!!<\/p>\n<p>Santiago tamb\u00e9m foi casa por muitos anos do escritor Pablo Neruda. Aqui, ele viveu com sua esposa e pode visitar sua inusitada casa! Constru\u00edda em forma de barco, por conta de seu amor pelos mares, La Chascona abriga um rico acervo! Inclusive, voc\u00ea poder\u00e1 ver, em exposi\u00e7\u00e3o permanente, o Pr\u00eamio Nobel de Literatura, recebido por Neruda em 1971.<\/p>\n<p>Por fim, destacamos que Santiago est\u00e1 pr\u00f3xima do mar e da montanha e, por isso, a partir dela, \u00e9 poss\u00edvel visitar praias de lugares como Valpara\u00edso e Vi\u00f1a del Mar, ou esta\u00e7\u00f5es de esqui, como Valle Nevado ou Portillo! Vale muito a pena!<\/p>\n<p>&nbsp;<\/p>\n<p>N\u00e3o deixe de visitar Santiago! Fa\u00e7a uma <a href=\"https:\/\/wa.me\/5521964046487\" target=\"_blank\" rel=\"noopener noreferrer\">cota\u00e7\u00e3o<\/a> e viaje com a gente!<\/p>\n<p>E, ainda, se voc\u00ea tiver interesse em conhecer mais destinos internacionais incr\u00edveis, <a href=\"http:\/\/clubedeviagensmoms.com.br\/homolog\/vamos-viajar\/pacotes-internacionais\/\" target=\"_blank\" rel=\"noopener noreferrer\">clique aqui<\/a>!<\/p>\n","protected":false},"excerpt":{"rendered":"<p>Cercada pela Cordilheira dos Andes, Santiago possui uma rica cultura e belezas naturais, ent\u00e3o, ela n\u00e3o pode ficar de fora do seu roteiro!<\/p>\n","protected":false},"featured_media":797,"comment_status":"closed","ping_status":"closed","template":"","meta":[],"product_cat":[19],"product_tag":[138,139,27,28,30,31,32,33,111,140,38,40],"class_list":["post-4098","product","type-product","status-publish","has-post-thumbnail","hentry","product_cat-pacotes-internacionais","product_tag-america-do-sul","product_tag-chile","product_tag-clube-de-viagens-moms","product_tag-clube-moms","product_tag-diversao","product_tag-diversao-em-familia","product_tag-ferias","product_tag-ferias-em-familia","product_tag-internacional","product_tag-santiago","product_tag-viagem","product_tag-viagem-em-familia","pa_destino-chile"],"acf":[],"yoast_head":"<!-- This site is optimized with the Yoast SEO Premium plugin v16.0.2 (Yoast SEO v21.2) - https:\/\/yoast.com\/wordpress\/plugins\/seo\/ -->\n<title>Santiago - Clube Moms<\/title>\n<meta name=\"description\" content=\"Cercada pela Cordilheira dos Andes, Santiago possui uma rica cultura e belezas naturais, ent\u00e3o, ela n\u00e3o pode ficar de fora do seu roteiro!\" \/>\n<meta name=\"robots\" content=\"index, follow, max-snippet:-1, max-image-preview:large, max-video-preview:-1\" \/>\n<link rel=\"canonical\" href=\"https:\/\/clubedeviagensmoms.com.br\/homolog\/produto\/santiago\/\" \/>\n<meta property=\"og:locale\" content=\"pt_BR\" \/>\n<meta property=\"og:type\" content=\"article\" \/>\n<meta property=\"og:title\" content=\"Santiago - Clube Moms\" \/>\n<meta property=\"og:description\" content=\"Cercada pela Cordilheira dos Andes, Santiago possui uma rica cultura e belezas naturais, ent\u00e3o, ela n\u00e3o pode ficar de fora do seu roteiro!\" \/>\n<meta property=\"og:url\" content=\"https:\/\/clubedeviagensmoms.com.br\/homolog\/produto\/santiago\/\" \/>\n<meta property=\"og:site_name\" content=\"Clube Moms\" \/>\n<meta property=\"article:modified_time\" content=\"2023-08-30T15:26:47+00:00\" \/>\n<meta property=\"og:image\" content=\"https:\/\/clubedeviagensmoms.com.br\/homolog\/wp-content\/uploads\/2021\/10\/Santiago_VistaGeral_26032018_1412.jpg\" \/>\n\t<meta property=\"og:image:width\" content=\"1200\" \/>\n\t<meta property=\"og:image:height\" content=\"628\" \/>\n\t<meta property=\"og:image:type\" content=\"image\/jpeg\" \/>\n<meta name=\"twitter:card\" content=\"summary_large_image\" \/>\n<meta name=\"twitter:label1\" content=\"Est. tempo de leitura\" \/>\n\t<meta name=\"twitter:data1\" content=\"1 minuto\" \/>\n<script type=\"application\/ld+json\" class=\"yoast-schema-graph\">{\"@context\":\"https:\/\/schema.org\",\"@graph\":[{\"@type\":\"WebPage\",\"@id\":\"https:\/\/clubedeviagensmoms.com.br\/homolog\/produto\/santiago\/\",\"url\":\"https:\/\/clubedeviagensmoms.com.br\/homolog\/produto\/santiago\/\",\"name\":\"Santiago - Clube Moms\",\"isPartOf\":{\"@id\":\"https:\/\/clubedeviagensmoms.com.br\/homolog\/#website\"},\"datePublished\":\"2021-10-29T22:57:41+00:00\",\"dateModified\":\"2023-08-30T15:26:47+00:00\",\"description\":\"Cercada pela Cordilheira dos Andes, Santiago possui uma rica cultura e belezas naturais, ent\u00e3o, ela n\u00e3o pode ficar de fora do seu roteiro!\",\"breadcrumb\":{\"@id\":\"https:\/\/clubedeviagensmoms.com.br\/homolog\/produto\/santiago\/#breadcrumb\"},\"inLanguage\":\"pt-BR\",\"potentialAction\":[{\"@type\":\"ReadAction\",\"target\":[\"https:\/\/clubedeviagensmoms.com.br\/homolog\/produto\/santiago\/\"]}]},{\"@type\":\"BreadcrumbList\",\"@id\":\"https:\/\/clubedeviagensmoms.com.br\/homolog\/produto\/santiago\/#breadcrumb\",\"itemListElement\":[{\"@type\":\"ListItem\",\"position\":1,\"name\":\"Home\",\"item\":\"https:\/\/clubedeviagensmoms.com.br\/homolog\/\"},{\"@type\":\"ListItem\",\"position\":2,\"name\":\"Vamos Viajar\",\"item\":\"https:\/\/clubedeviagensmoms.com.br\/homolog\/shop\/\"},{\"@type\":\"ListItem\",\"position\":3,\"name\":\"Santiago\"}]},{\"@type\":\"WebSite\",\"@id\":\"https:\/\/clubedeviagensmoms.com.br\/homolog\/#website\",\"url\":\"https:\/\/clubedeviagensmoms.com.br\/homolog\/\",\"name\":\"Clube Moms\",\"description\":\"O Clube Moms \u00e9 uma ag\u00eancia de turismo com foco em fam\u00edlias com crian\u00e7as, que uno os conceitos de Consultoria Especializada e Clube de Vantagens.\",\"potentialAction\":[{\"@type\":\"SearchAction\",\"target\":{\"@type\":\"EntryPoint\",\"urlTemplate\":\"https:\/\/clubedeviagensmoms.com.br\/homolog\/?s={search_term_string}\"},\"query-input\":\"required name=search_term_string\"}],\"inLanguage\":\"pt-BR\"}]}<\/script>\n<!-- \/ Yoast SEO Premium plugin. -->","yoast_head_json":{"title":"Santiago - Clube Moms","description":"Cercada pela Cordilheira dos Andes, Santiago possui uma rica cultura e belezas naturais, ent\u00e3o, ela n\u00e3o pode ficar de fora do seu roteiro!","robots":{"index":"index","follow":"follow","max-snippet":"max-snippet:-1","max-image-preview":"max-image-preview:large","max-video-preview":"max-video-preview:-1"},"canonical":"https:\/\/clubedeviagensmoms.com.br\/homolog\/produto\/santiago\/","og_locale":"pt_BR","og_type":"article","og_title":"Santiago - Clube Moms","og_description":"Cercada pela Cordilheira dos Andes, Santiago possui uma rica cultura e belezas naturais, ent\u00e3o, ela n\u00e3o pode ficar de fora do seu roteiro!","og_url":"https:\/\/clubedeviagensmoms.com.br\/homolog\/produto\/santiago\/","og_site_name":"Clube Moms","article_modified_time":"2023-08-30T15:26:47+00:00","og_image":[{"width":1200,"height":628,"url":"https:\/\/clubedeviagensmoms.com.br\/homolog\/wp-content\/uploads\/2021\/10\/Santiago_VistaGeral_26032018_1412.jpg","type":"image\/jpeg"}],"twitter_card":"summary_large_image","twitter_misc":{"Est. tempo de leitura":"1 minuto"},"schema":{"@context":"https:\/\/schema.org","@graph":[{"@type":"WebPage","@id":"https:\/\/clubedeviagensmoms.com.br\/homolog\/produto\/santiago\/","url":"https:\/\/clubedeviagensmoms.com.br\/homolog\/produto\/santiago\/","name":"Santiago - Clube Moms","isPartOf":{"@id":"https:\/\/clubedeviagensmoms.com.br\/homolog\/#website"},"datePublished":"2021-10-29T22:57:41+00:00","dateModified":"2023-08-30T15:26:47+00:00","description":"Cercada pela Cordilheira dos Andes, Santiago possui uma rica cultura e belezas naturais, ent\u00e3o, ela n\u00e3o pode ficar de fora do seu roteiro!","breadcrumb":{"@id":"https:\/\/clubedeviagensmoms.com.br\/homolog\/produto\/santiago\/#breadcrumb"},"inLanguage":"pt-BR","potentialAction":[{"@type":"ReadAction","target":["https:\/\/clubedeviagensmoms.com.br\/homolog\/produto\/santiago\/"]}]},{"@type":"BreadcrumbList","@id":"https:\/\/clubedeviagensmoms.com.br\/homolog\/produto\/santiago\/#breadcrumb","itemListElement":[{"@type":"ListItem","position":1,"name":"Home","item":"https:\/\/clubedeviagensmoms.com.br\/homolog\/"},{"@type":"ListItem","position":2,"name":"Vamos Viajar","item":"https:\/\/clubedeviagensmoms.com.br\/homolog\/shop\/"},{"@type":"ListItem","position":3,"name":"Santiago"}]},{"@type":"WebSite","@id":"https:\/\/clubedeviagensmoms.com.br\/homolog\/#website","url":"https:\/\/clubedeviagensmoms.com.br\/homolog\/","name":"Clube Moms","description":"O Clube Moms \u00e9 uma ag\u00eancia de turismo com foco em fam\u00edlias com crian\u00e7as, que uno os conceitos de Consultoria Especializada e Clube de Vantagens.","potentialAction":[{"@type":"SearchAction","target":{"@type":"EntryPoint","urlTemplate":"https:\/\/clubedeviagensmoms.com.br\/homolog\/?s={search_term_string}"},"query-input":"required name=search_term_string"}],"inLanguage":"pt-BR"}]}},"_links":{"self":[{"href":"https:\/\/clubedeviagensmoms.com.br\/homolog\/wp-json\/wp\/v2\/product\/4098","targetHints":{"allow":["GET"]}}],"collection":[{"href":"https:\/\/clubedeviagensmoms.com.br\/homolog\/wp-json\/wp\/v2\/product"}],"about":[{"href":"https:\/\/clubedeviagensmoms.com.br\/homolog\/wp-json\/wp\/v2\/types\/product"}],"replies":[{"embeddable":true,"href":"https:\/\/clubedeviagensmoms.com.br\/homolog\/wp-json\/wp\/v2\/comments?post=4098"}],"wp:featuredmedia":[{"embeddable":true,"href":"https:\/\/clubedeviagensmoms.com.br\/homolog\/wp-json\/wp\/v2\/media\/797"}],"wp:attachment":[{"href":"https:\/\/clubedeviagensmoms.com.br\/homolog\/wp-json\/wp\/v2\/media?parent=4098"}],"wp:term":[{"taxonomy":"product_cat","embeddable":true,"href":"https:\/\/clubedeviagensmoms.com.br\/homolog\/wp-json\/wp\/v2\/product_cat?post=4098"},{"taxonomy":"product_tag","embeddable":true,"href":"https:\/\/clubedeviagensmoms.com.br\/homolog\/wp-json\/wp\/v2\/product_tag?post=4098"}],"curies":[{"name":"wp","href":"https:\/\/api.w.org\/{rel}","templated":true}]}}