{"id":4102,"date":"2021-10-29T19:59:08","date_gmt":"2021-10-29T22:59:08","guid":{"rendered":"http:\/\/clubedeviagensmoms.com.br\/homolog\/taober_wp\/?post_type=product&#038;p=4102"},"modified":"2023-08-30T12:26:50","modified_gmt":"2023-08-30T15:26:50","slug":"beach-park","status":"publish","type":"product","link":"https:\/\/clubedeviagensmoms.com.br\/homolog\/produto\/beach-park\/","title":{"rendered":"Beach Park"},"content":{"rendered":"<p>A paisagem paradis\u00edaca do Porto das Dunas n\u00e3o nega: o Beach Park n\u00e3o poderia ter outro endere\u00e7o.<\/p>\n<p>Milhares de turistas conhecem, aprovam e voltam ao Beach Park todos os anos. A estrutura de mais de 200.000 m\u00b2 une Parque, tr\u00eas Resorts e um hotel, al\u00e9m de um agrad\u00e1vel espa\u00e7o na praia, onde os visitantes podem ter uma inesquec\u00edvel experi\u00eancia gastron\u00f4mica.<\/p>\n<p>Os mais de 1000 colaboradores entendem e contribuem com a filosofia do parque: fazer as pessoas felizes. E n\u00e3o s\u00f3 os visitantes. Aqui todo mundo merece ser feliz e foi por isso que, em 2016, o Beach Park ganhou o selo Great Place to Work e foi considerado uma das melhores empresas para se trabalhar no pa\u00eds.<\/p>\n<p>Diferente de outros parques aqu\u00e1ticos do mundo, constru\u00eddos longe da praia, fora das cidades e junto \u00e0s estradas, o Beach Park tem o DNA tropical. A cada ano, estrangeiros e brasileiros comprovam: a praia \u00e9 o melhor lugar para ser feliz e a felicidade aumenta quando se tem uma f\u00e1brica de sorrisos \u00e0 beira-mar.<\/p>\n<p>O parque re\u00fane mais de 18 atra\u00e7\u00f5es inesquec\u00edveis, classificadas em radicais, moderadas e para toda a fam\u00edlia. Mais de 7.793.000 litros de \u00e1gua garantem muita divers\u00e3o e adrenalina aos visitantes.<\/p>\n<p>Al\u00e9m da seguran\u00e7a e qualidade das nossas atra\u00e7\u00f5es, \u00e9 imposs\u00edvel n\u00e3o notar toda a atmosfera do lugar. Seus funcion\u00e1rios trabalham com o prazer de levar a felicidade at\u00e9 voc\u00ea. E a praia, al\u00e9m de trazer boa energia, tamb\u00e9m \u00e9 um diferencial. E \u00e9 um dos poucos parques aqu\u00e1ticos \u00e0 beira-mar no mundo.<\/p>\n<p>O Beach Park tem o compromisso de sempre atender as normas e legisla\u00e7\u00f5es aplic\u00e1veis, por isso lidera o desenvolvimento socioambiental de Porto das Dunas com grandes iniciativas.<\/p>\n<p>Por isso, a sua pol\u00edtica Ambiental incentiva o uso sustent\u00e1vel dos recursos naturais, o consumo consciente de \u00e1gua e energia, a destina\u00e7\u00e3o adequeada dos res\u00edduos, a preven\u00e7\u00e3o da polui\u00e7\u00e3o e a melhoria continua dos processos de gest\u00e3o. O Escopo do Sistema de Gest\u00e3o Ambiental engloba o complexo tur\u00edstico de lazer e entretenimento, isto \u00e9: Parque Aqu\u00e1tico Tem\u00e1tico, Praia, Vila Azul do Mar e administra\u00e7\u00e3o.<\/p>\n<p>E quem quer curtir a beira-mar mas n\u00e3o abre m\u00e3o de um servi\u00e7o de qualidade vai adorar o Restaurante da Praia. Localizado entre o Suites Beach Park Resort e o Acqua Beach Park Resort, o espa\u00e7o traz a melhor vista paradis\u00edaca de Porto das Dunas. Os visitantes ainda podem conferir a deliciosa culin\u00e1ria e o espa\u00e7o Bubble Lounge. Divers\u00e3o na praia de um jeito que voc\u00ea nunca viu!<\/p>\n<p>&#8211;<\/p>\n<p>Para conhecer mais sobre os Resorts do Beach Park <a href=\"http:\/\/clubedeviagensmoms.com.br\/homolog\/vamos-viajar\/hoteis\/\">clique aqui<\/a>!<\/p>\n<p>Decida o seu resort Beach Park preferido e mande um <a href=\"https:\/\/api.whatsapp.com\/send?1=pt_BR&amp;phone=5521964046487\">Whatsapp<\/a> pra gente!!<\/p>\n","protected":false},"excerpt":{"rendered":"<p>A paisagem paradis\u00edaca do Porto das Dunas n\u00e3o nega: o Beach Park n\u00e3o poderia ter outro endere\u00e7o. Milhares de turistas conhecem, aprovam e voltam ao Beach Park todos os anos. A estrutura de mais de 200.000 m\u00b2 une Parque, tr\u00eas Resorts e um hotel, al\u00e9m de um agrad\u00e1vel espa\u00e7o na praia, onde os visitantes podem [&hellip;]<\/p>\n","protected":false},"featured_media":234,"comment_status":"closed","ping_status":"closed","template":"","meta":[],"product_cat":[17],"product_tag":[],"class_list":["post-4102","product","type-product","status-publish","has-post-thumbnail","hentry","product_cat-parques","pa_destino-ceara"],"acf":[],"yoast_head":"<!-- This site is optimized with the Yoast SEO Premium plugin v16.0.2 (Yoast SEO v21.2) - https:\/\/yoast.com\/wordpress\/plugins\/seo\/ -->\n<title>Beach Park - Clube Moms<\/title>\n<meta name=\"description\" content=\"Beach Park: O Beach Park re\u00fane mais de 18 atra\u00e7\u00f5es inesquec\u00edveis, classificadas em radicais, moderadas e para toda a fam\u00edlia.\" \/>\n<meta name=\"robots\" content=\"index, follow, max-snippet:-1, max-image-preview:large, max-video-preview:-1\" \/>\n<link rel=\"canonical\" href=\"https:\/\/clubedeviagensmoms.com.br\/homolog\/produto\/beach-park\/\" \/>\n<meta property=\"og:locale\" content=\"pt_BR\" \/>\n<meta property=\"og:type\" content=\"article\" \/>\n<meta property=\"og:title\" content=\"Beach Park - Clube Moms\" \/>\n<meta property=\"og:description\" content=\"Beach Park: O Beach Park re\u00fane mais de 18 atra\u00e7\u00f5es inesquec\u00edveis, classificadas em radicais, moderadas e para toda a fam\u00edlia.\" \/>\n<meta property=\"og:url\" content=\"https:\/\/clubedeviagensmoms.com.br\/homolog\/produto\/beach-park\/\" \/>\n<meta property=\"og:site_name\" content=\"Clube Moms\" \/>\n<meta property=\"article:modified_time\" content=\"2023-08-30T15:26:50+00:00\" \/>\n<meta property=\"og:image\" content=\"https:\/\/clubedeviagensmoms.com.br\/homolog\/wp-content\/uploads\/2021\/09\/Beach-Park-Visao-Geral-1024x536-1.jpg\" \/>\n\t<meta property=\"og:image:width\" content=\"1024\" \/>\n\t<meta property=\"og:image:height\" content=\"536\" \/>\n\t<meta property=\"og:image:type\" content=\"image\/jpeg\" \/>\n<meta name=\"twitter:card\" content=\"summary_large_image\" \/>\n<meta name=\"twitter:label1\" content=\"Est. tempo de leitura\" \/>\n\t<meta name=\"twitter:data1\" content=\"2 minutos\" \/>\n<script type=\"application\/ld+json\" class=\"yoast-schema-graph\">{\"@context\":\"https:\/\/schema.org\",\"@graph\":[{\"@type\":\"WebPage\",\"@id\":\"https:\/\/clubedeviagensmoms.com.br\/homolog\/produto\/beach-park\/\",\"url\":\"https:\/\/clubedeviagensmoms.com.br\/homolog\/produto\/beach-park\/\",\"name\":\"Beach Park - Clube Moms\",\"isPartOf\":{\"@id\":\"https:\/\/clubedeviagensmoms.com.br\/homolog\/#website\"},\"datePublished\":\"2021-10-29T22:59:08+00:00\",\"dateModified\":\"2023-08-30T15:26:50+00:00\",\"description\":\"Beach Park: O Beach Park re\u00fane mais de 18 atra\u00e7\u00f5es inesquec\u00edveis, classificadas em radicais, moderadas e para toda a fam\u00edlia.\",\"breadcrumb\":{\"@id\":\"https:\/\/clubedeviagensmoms.com.br\/homolog\/produto\/beach-park\/#breadcrumb\"},\"inLanguage\":\"pt-BR\",\"potentialAction\":[{\"@type\":\"ReadAction\",\"target\":[\"https:\/\/clubedeviagensmoms.com.br\/homolog\/produto\/beach-park\/\"]}]},{\"@type\":\"BreadcrumbList\",\"@id\":\"https:\/\/clubedeviagensmoms.com.br\/homolog\/produto\/beach-park\/#breadcrumb\",\"itemListElement\":[{\"@type\":\"ListItem\",\"position\":1,\"name\":\"Home\",\"item\":\"https:\/\/clubedeviagensmoms.com.br\/homolog\/\"},{\"@type\":\"ListItem\",\"position\":2,\"name\":\"Vamos Viajar\",\"item\":\"https:\/\/clubedeviagensmoms.com.br\/homolog\/shop\/\"},{\"@type\":\"ListItem\",\"position\":3,\"name\":\"Beach Park\"}]},{\"@type\":\"WebSite\",\"@id\":\"https:\/\/clubedeviagensmoms.com.br\/homolog\/#website\",\"url\":\"https:\/\/clubedeviagensmoms.com.br\/homolog\/\",\"name\":\"Clube Moms\",\"description\":\"O Clube Moms \u00e9 uma ag\u00eancia de turismo com foco em fam\u00edlias com crian\u00e7as, que uno os conceitos de Consultoria Especializada e Clube de Vantagens.\",\"potentialAction\":[{\"@type\":\"SearchAction\",\"target\":{\"@type\":\"EntryPoint\",\"urlTemplate\":\"https:\/\/clubedeviagensmoms.com.br\/homolog\/?s={search_term_string}\"},\"query-input\":\"required name=search_term_string\"}],\"inLanguage\":\"pt-BR\"}]}<\/script>\n<!-- \/ Yoast SEO Premium plugin. -->","yoast_head_json":{"title":"Beach Park - Clube Moms","description":"Beach Park: O Beach Park re\u00fane mais de 18 atra\u00e7\u00f5es inesquec\u00edveis, classificadas em radicais, moderadas e para toda a fam\u00edlia.","robots":{"index":"index","follow":"follow","max-snippet":"max-snippet:-1","max-image-preview":"max-image-preview:large","max-video-preview":"max-video-preview:-1"},"canonical":"https:\/\/clubedeviagensmoms.com.br\/homolog\/produto\/beach-park\/","og_locale":"pt_BR","og_type":"article","og_title":"Beach Park - Clube Moms","og_description":"Beach Park: O Beach Park re\u00fane mais de 18 atra\u00e7\u00f5es inesquec\u00edveis, classificadas em radicais, moderadas e para toda a fam\u00edlia.","og_url":"https:\/\/clubedeviagensmoms.com.br\/homolog\/produto\/beach-park\/","og_site_name":"Clube Moms","article_modified_time":"2023-08-30T15:26:50+00:00","og_image":[{"width":1024,"height":536,"url":"https:\/\/clubedeviagensmoms.com.br\/homolog\/wp-content\/uploads\/2021\/09\/Beach-Park-Visao-Geral-1024x536-1.jpg","type":"image\/jpeg"}],"twitter_card":"summary_large_image","twitter_misc":{"Est. tempo de leitura":"2 minutos"},"schema":{"@context":"https:\/\/schema.org","@graph":[{"@type":"WebPage","@id":"https:\/\/clubedeviagensmoms.com.br\/homolog\/produto\/beach-park\/","url":"https:\/\/clubedeviagensmoms.com.br\/homolog\/produto\/beach-park\/","name":"Beach Park - Clube Moms","isPartOf":{"@id":"https:\/\/clubedeviagensmoms.com.br\/homolog\/#website"},"datePublished":"2021-10-29T22:59:08+00:00","dateModified":"2023-08-30T15:26:50+00:00","description":"Beach Park: O Beach Park re\u00fane mais de 18 atra\u00e7\u00f5es inesquec\u00edveis, classificadas em radicais, moderadas e para toda a fam\u00edlia.","breadcrumb":{"@id":"https:\/\/clubedeviagensmoms.com.br\/homolog\/produto\/beach-park\/#breadcrumb"},"inLanguage":"pt-BR","potentialAction":[{"@type":"ReadAction","target":["https:\/\/clubedeviagensmoms.com.br\/homolog\/produto\/beach-park\/"]}]},{"@type":"BreadcrumbList","@id":"https:\/\/clubedeviagensmoms.com.br\/homolog\/produto\/beach-park\/#breadcrumb","itemListElement":[{"@type":"ListItem","position":1,"name":"Home","item":"https:\/\/clubedeviagensmoms.com.br\/homolog\/"},{"@type":"ListItem","position":2,"name":"Vamos Viajar","item":"https:\/\/clubedeviagensmoms.com.br\/homolog\/shop\/"},{"@type":"ListItem","position":3,"name":"Beach Park"}]},{"@type":"WebSite","@id":"https:\/\/clubedeviagensmoms.com.br\/homolog\/#website","url":"https:\/\/clubedeviagensmoms.com.br\/homolog\/","name":"Clube Moms","description":"O Clube Moms \u00e9 uma ag\u00eancia de turismo com foco em fam\u00edlias com crian\u00e7as, que uno os conceitos de Consultoria Especializada e Clube de Vantagens.","potentialAction":[{"@type":"SearchAction","target":{"@type":"EntryPoint","urlTemplate":"https:\/\/clubedeviagensmoms.com.br\/homolog\/?s={search_term_string}"},"query-input":"required name=search_term_string"}],"inLanguage":"pt-BR"}]}},"_links":{"self":[{"href":"https:\/\/clubedeviagensmoms.com.br\/homolog\/wp-json\/wp\/v2\/product\/4102","targetHints":{"allow":["GET"]}}],"collection":[{"href":"https:\/\/clubedeviagensmoms.com.br\/homolog\/wp-json\/wp\/v2\/product"}],"about":[{"href":"https:\/\/clubedeviagensmoms.com.br\/homolog\/wp-json\/wp\/v2\/types\/product"}],"replies":[{"embeddable":true,"href":"https:\/\/clubedeviagensmoms.com.br\/homolog\/wp-json\/wp\/v2\/comments?post=4102"}],"wp:featuredmedia":[{"embeddable":true,"href":"https:\/\/clubedeviagensmoms.com.br\/homolog\/wp-json\/wp\/v2\/media\/234"}],"wp:attachment":[{"href":"https:\/\/clubedeviagensmoms.com.br\/homolog\/wp-json\/wp\/v2\/media?parent=4102"}],"wp:term":[{"taxonomy":"product_cat","embeddable":true,"href":"https:\/\/clubedeviagensmoms.com.br\/homolog\/wp-json\/wp\/v2\/product_cat?post=4102"},{"taxonomy":"product_tag","embeddable":true,"href":"https:\/\/clubedeviagensmoms.com.br\/homolog\/wp-json\/wp\/v2\/product_tag?post=4102"}],"curies":[{"name":"wp","href":"https:\/\/api.w.org\/{rel}","templated":true}]}}