{"id":4108,"date":"2021-10-29T19:59:09","date_gmt":"2021-10-29T22:59:09","guid":{"rendered":"http:\/\/clubedeviagensmoms.com.br\/homolog\/taober_wp\/?post_type=product&#038;p=4108"},"modified":"2023-08-30T12:26:52","modified_gmt":"2023-08-30T15:26:52","slug":"knotts-berry-farm","status":"publish","type":"product","link":"https:\/\/clubedeviagensmoms.com.br\/homolog\/produto\/knotts-berry-farm\/","title":{"rendered":"Knott\u2019s Berry Farm"},"content":{"rendered":"<p>Descubra toda a aventura e a emo\u00e7\u00e3o de passar um dia de divers\u00e3o no parque Knott\u2019s Berry Farm Theme Park. Situado junto ao Knott\u2019s Soak City, a menos de meia hora do centro de Los Angeles, este parque tem\u00e1tico tem mais de 165 jogos, espet\u00e1culos e atra\u00e7\u00f5es para toda a fam\u00edlia. O parque est\u00e1 dividido em cinco \u00e1reas tem\u00e1ticas independentes e oferece divers\u00e3o para todas as idades. Seus filhos adorar\u00e3o conhecer o Camp Snoopy enquanto exploram as atra\u00e7\u00f5es dispon\u00edveis no Old West Ghost Town, Fiesta Village, The Boardwalk ou The Indian Trails, al\u00e9m de brincar em diferentes jogos, montanhas-russas e no carrossel, para curtir em dia inesquec\u00edvel em fam\u00edlia.<\/p>\n<p>Solicite seu ingresso por qualquer canal de atendimento do Clube de Viagens Moms ou envie um email para reservas@clubemoms.com.br informando a data da viagem, quantidade de pessoas, nomes e datas de nascimento.<\/p>\n<p>Se preferir voc\u00ea pode comprar seu ingresso por conta pr\u00f3pria em nosso portal de ingressos, pagando no cart\u00e3o de cr\u00e9dito parcelado em at\u00e9 10x em R$ e sem IOF. Para isso acesse:\u00a0<a href=\"https:\/\/clubedeviagensmoms.minhaviagem.com.br\/\">https:\/\/clubedeviagensmoms.minhaviagem.com.br\/<\/a><\/p>\n","protected":false},"excerpt":{"rendered":"<p>Descubra toda a aventura e a emo\u00e7\u00e3o de passar um dia de divers\u00e3o no parque Knott&#8217;s Berry Farm Theme Park. Situado junto ao Knott&#8217;s Soak City, a menos de meia hora do centro de Los Angeles, este parque tem\u00e1tico tem mais de 165 jogos, espet\u00e1culos e atra\u00e7\u00f5es para toda a fam\u00edlia. O parque est\u00e1 dividido em cinco \u00e1reas tem\u00e1ticas independentes e oferece divers\u00e3o para todas as idades. Seus filhos adorar\u00e3o conhecer o Camp Snoopy enquanto exploram as atra\u00e7\u00f5es dispon\u00edveis no Old West Ghost Town, Fiesta Village, The Boardwalk ou The Indian Trails, al\u00e9m de brincar em diferentes jogos, montanhas-russas e no carrossel, para curtir em dia inesquec\u00edvel em fam\u00edlia.<\/p>\n","protected":false},"featured_media":293,"comment_status":"closed","ping_status":"closed","template":"","meta":[],"product_cat":[17],"product_tag":[73,27,28,29,66,30,31,62,67,32,33,80,36,38,39,40],"class_list":["post-4108","product","type-product","status-publish","has-post-thumbnail","hentry","product_cat-parques","product_tag-california","product_tag-clube-de-viagens-moms","product_tag-clube-moms","product_tag-criancas","product_tag-discovery-cove","product_tag-diversao","product_tag-diversao-em-familia","product_tag-estados-unidos","product_tag-eua","product_tag-ferias","product_tag-ferias-em-familia","product_tag-knotts-berry-farm","product_tag-resort","product_tag-viagem","product_tag-viagem-com-criancas","product_tag-viagem-em-familia","pa_destino-california","pa_tipos-de-destinos-parque"],"acf":[],"yoast_head":"<!-- This site is optimized with the Yoast SEO Premium plugin v16.0.2 (Yoast SEO v21.2) - https:\/\/yoast.com\/wordpress\/plugins\/seo\/ -->\n<title>Knott\u2019s Berry Farm - Clube Moms<\/title>\n<meta name=\"robots\" content=\"index, follow, max-snippet:-1, max-image-preview:large, max-video-preview:-1\" \/>\n<link rel=\"canonical\" href=\"https:\/\/clubedeviagensmoms.com.br\/homolog\/produto\/knotts-berry-farm\/\" \/>\n<meta property=\"og:locale\" content=\"pt_BR\" \/>\n<meta property=\"og:type\" content=\"article\" \/>\n<meta property=\"og:title\" content=\"Knott\u2019s Berry Farm - Clube Moms\" \/>\n<meta property=\"og:description\" content=\"Descubra toda a aventura e a emo\u00e7\u00e3o de passar um dia de divers\u00e3o no parque Knott&#039;s Berry Farm Theme Park. Situado junto ao Knott&#039;s Soak City, a menos de meia hora do centro de Los Angeles, este parque tem\u00e1tico tem mais de 165 jogos, espet\u00e1culos e atra\u00e7\u00f5es para toda a fam\u00edlia. O parque est\u00e1 dividido em cinco \u00e1reas tem\u00e1ticas independentes e oferece divers\u00e3o para todas as idades. Seus filhos adorar\u00e3o conhecer o Camp Snoopy enquanto exploram as atra\u00e7\u00f5es dispon\u00edveis no Old West Ghost Town, Fiesta Village, The Boardwalk ou The Indian Trails, al\u00e9m de brincar em diferentes jogos, montanhas-russas e no carrossel, para curtir em dia inesquec\u00edvel em fam\u00edlia.\" \/>\n<meta property=\"og:url\" content=\"https:\/\/clubedeviagensmoms.com.br\/homolog\/produto\/knotts-berry-farm\/\" \/>\n<meta property=\"og:site_name\" content=\"Clube Moms\" \/>\n<meta property=\"article:modified_time\" content=\"2023-08-30T15:26:52+00:00\" \/>\n<meta property=\"og:image\" content=\"https:\/\/clubedeviagensmoms.com.br\/homolog\/wp-content\/uploads\/2021\/09\/ParqueKnottsBerryFarm_VistaGeral_18102017_1734.jpg\" \/>\n\t<meta property=\"og:image:width\" content=\"1200\" \/>\n\t<meta property=\"og:image:height\" content=\"628\" \/>\n\t<meta property=\"og:image:type\" content=\"image\/jpeg\" \/>\n<meta name=\"twitter:card\" content=\"summary_large_image\" \/>\n<meta name=\"twitter:label1\" content=\"Est. tempo de leitura\" \/>\n\t<meta name=\"twitter:data1\" content=\"1 minuto\" \/>\n<script type=\"application\/ld+json\" class=\"yoast-schema-graph\">{\"@context\":\"https:\/\/schema.org\",\"@graph\":[{\"@type\":\"WebPage\",\"@id\":\"https:\/\/clubedeviagensmoms.com.br\/homolog\/produto\/knotts-berry-farm\/\",\"url\":\"https:\/\/clubedeviagensmoms.com.br\/homolog\/produto\/knotts-berry-farm\/\",\"name\":\"Knott\u2019s Berry Farm - Clube Moms\",\"isPartOf\":{\"@id\":\"https:\/\/clubedeviagensmoms.com.br\/homolog\/#website\"},\"datePublished\":\"2021-10-29T22:59:09+00:00\",\"dateModified\":\"2023-08-30T15:26:52+00:00\",\"breadcrumb\":{\"@id\":\"https:\/\/clubedeviagensmoms.com.br\/homolog\/produto\/knotts-berry-farm\/#breadcrumb\"},\"inLanguage\":\"pt-BR\",\"potentialAction\":[{\"@type\":\"ReadAction\",\"target\":[\"https:\/\/clubedeviagensmoms.com.br\/homolog\/produto\/knotts-berry-farm\/\"]}]},{\"@type\":\"BreadcrumbList\",\"@id\":\"https:\/\/clubedeviagensmoms.com.br\/homolog\/produto\/knotts-berry-farm\/#breadcrumb\",\"itemListElement\":[{\"@type\":\"ListItem\",\"position\":1,\"name\":\"Home\",\"item\":\"https:\/\/clubedeviagensmoms.com.br\/homolog\/\"},{\"@type\":\"ListItem\",\"position\":2,\"name\":\"Vamos Viajar\",\"item\":\"https:\/\/clubedeviagensmoms.com.br\/homolog\/shop\/\"},{\"@type\":\"ListItem\",\"position\":3,\"name\":\"Knott\u2019s Berry Farm\"}]},{\"@type\":\"WebSite\",\"@id\":\"https:\/\/clubedeviagensmoms.com.br\/homolog\/#website\",\"url\":\"https:\/\/clubedeviagensmoms.com.br\/homolog\/\",\"name\":\"Clube Moms\",\"description\":\"O Clube Moms \u00e9 uma ag\u00eancia de turismo com foco em fam\u00edlias com crian\u00e7as, que uno os conceitos de Consultoria Especializada e Clube de Vantagens.\",\"potentialAction\":[{\"@type\":\"SearchAction\",\"target\":{\"@type\":\"EntryPoint\",\"urlTemplate\":\"https:\/\/clubedeviagensmoms.com.br\/homolog\/?s={search_term_string}\"},\"query-input\":\"required name=search_term_string\"}],\"inLanguage\":\"pt-BR\"}]}<\/script>\n<!-- \/ Yoast SEO Premium plugin. -->","yoast_head_json":{"title":"Knott\u2019s Berry Farm - Clube Moms","robots":{"index":"index","follow":"follow","max-snippet":"max-snippet:-1","max-image-preview":"max-image-preview:large","max-video-preview":"max-video-preview:-1"},"canonical":"https:\/\/clubedeviagensmoms.com.br\/homolog\/produto\/knotts-berry-farm\/","og_locale":"pt_BR","og_type":"article","og_title":"Knott\u2019s Berry Farm - Clube Moms","og_description":"Descubra toda a aventura e a emo\u00e7\u00e3o de passar um dia de divers\u00e3o no parque Knott's Berry Farm Theme Park. Situado junto ao Knott's Soak City, a menos de meia hora do centro de Los Angeles, este parque tem\u00e1tico tem mais de 165 jogos, espet\u00e1culos e atra\u00e7\u00f5es para toda a fam\u00edlia. O parque est\u00e1 dividido em cinco \u00e1reas tem\u00e1ticas independentes e oferece divers\u00e3o para todas as idades. Seus filhos adorar\u00e3o conhecer o Camp Snoopy enquanto exploram as atra\u00e7\u00f5es dispon\u00edveis no Old West Ghost Town, Fiesta Village, The Boardwalk ou The Indian Trails, al\u00e9m de brincar em diferentes jogos, montanhas-russas e no carrossel, para curtir em dia inesquec\u00edvel em fam\u00edlia.","og_url":"https:\/\/clubedeviagensmoms.com.br\/homolog\/produto\/knotts-berry-farm\/","og_site_name":"Clube Moms","article_modified_time":"2023-08-30T15:26:52+00:00","og_image":[{"width":1200,"height":628,"url":"https:\/\/clubedeviagensmoms.com.br\/homolog\/wp-content\/uploads\/2021\/09\/ParqueKnottsBerryFarm_VistaGeral_18102017_1734.jpg","type":"image\/jpeg"}],"twitter_card":"summary_large_image","twitter_misc":{"Est. tempo de leitura":"1 minuto"},"schema":{"@context":"https:\/\/schema.org","@graph":[{"@type":"WebPage","@id":"https:\/\/clubedeviagensmoms.com.br\/homolog\/produto\/knotts-berry-farm\/","url":"https:\/\/clubedeviagensmoms.com.br\/homolog\/produto\/knotts-berry-farm\/","name":"Knott\u2019s Berry Farm - Clube Moms","isPartOf":{"@id":"https:\/\/clubedeviagensmoms.com.br\/homolog\/#website"},"datePublished":"2021-10-29T22:59:09+00:00","dateModified":"2023-08-30T15:26:52+00:00","breadcrumb":{"@id":"https:\/\/clubedeviagensmoms.com.br\/homolog\/produto\/knotts-berry-farm\/#breadcrumb"},"inLanguage":"pt-BR","potentialAction":[{"@type":"ReadAction","target":["https:\/\/clubedeviagensmoms.com.br\/homolog\/produto\/knotts-berry-farm\/"]}]},{"@type":"BreadcrumbList","@id":"https:\/\/clubedeviagensmoms.com.br\/homolog\/produto\/knotts-berry-farm\/#breadcrumb","itemListElement":[{"@type":"ListItem","position":1,"name":"Home","item":"https:\/\/clubedeviagensmoms.com.br\/homolog\/"},{"@type":"ListItem","position":2,"name":"Vamos Viajar","item":"https:\/\/clubedeviagensmoms.com.br\/homolog\/shop\/"},{"@type":"ListItem","position":3,"name":"Knott\u2019s Berry Farm"}]},{"@type":"WebSite","@id":"https:\/\/clubedeviagensmoms.com.br\/homolog\/#website","url":"https:\/\/clubedeviagensmoms.com.br\/homolog\/","name":"Clube Moms","description":"O Clube Moms \u00e9 uma ag\u00eancia de turismo com foco em fam\u00edlias com crian\u00e7as, que uno os conceitos de Consultoria Especializada e Clube de Vantagens.","potentialAction":[{"@type":"SearchAction","target":{"@type":"EntryPoint","urlTemplate":"https:\/\/clubedeviagensmoms.com.br\/homolog\/?s={search_term_string}"},"query-input":"required name=search_term_string"}],"inLanguage":"pt-BR"}]}},"_links":{"self":[{"href":"https:\/\/clubedeviagensmoms.com.br\/homolog\/wp-json\/wp\/v2\/product\/4108","targetHints":{"allow":["GET"]}}],"collection":[{"href":"https:\/\/clubedeviagensmoms.com.br\/homolog\/wp-json\/wp\/v2\/product"}],"about":[{"href":"https:\/\/clubedeviagensmoms.com.br\/homolog\/wp-json\/wp\/v2\/types\/product"}],"replies":[{"embeddable":true,"href":"https:\/\/clubedeviagensmoms.com.br\/homolog\/wp-json\/wp\/v2\/comments?post=4108"}],"wp:featuredmedia":[{"embeddable":true,"href":"https:\/\/clubedeviagensmoms.com.br\/homolog\/wp-json\/wp\/v2\/media\/293"}],"wp:attachment":[{"href":"https:\/\/clubedeviagensmoms.com.br\/homolog\/wp-json\/wp\/v2\/media?parent=4108"}],"wp:term":[{"taxonomy":"product_cat","embeddable":true,"href":"https:\/\/clubedeviagensmoms.com.br\/homolog\/wp-json\/wp\/v2\/product_cat?post=4108"},{"taxonomy":"product_tag","embeddable":true,"href":"https:\/\/clubedeviagensmoms.com.br\/homolog\/wp-json\/wp\/v2\/product_tag?post=4108"}],"curies":[{"name":"wp","href":"https:\/\/api.w.org\/{rel}","templated":true}]}}