{"id":4113,"date":"2021-10-29T19:59:09","date_gmt":"2021-10-29T22:59:09","guid":{"rendered":"http:\/\/clubedeviagensmoms.com.br\/homolog\/taober_wp\/?post_type=product&#038;p=4113"},"modified":"2023-08-30T12:26:55","modified_gmt":"2023-08-30T15:26:55","slug":"six-flags-magic-mountain","status":"publish","type":"product","link":"https:\/\/clubedeviagensmoms.com.br\/homolog\/produto\/six-flags-magic-mountain\/","title":{"rendered":"Six Flags Magic Mountain"},"content":{"rendered":"<p>Se voc\u00ea est\u00e1 procurando por um dia de divers\u00e3o e pura adrenalina, siga para o lugar que possui mais passeios emocionantes do que qualquer outro lugar na terra, o Six Flags Magic Mountain em Los Angeles! Com mais de 100 passeios, o Six Flags Magic Mountain \u00e9 um dos principais parques tem\u00e1ticos da Am\u00e9rica.\u00a0O Six Flags Magic Mountain possui alguns dos passeios na \u00e1gua e montanhas russas mais eletrizantes da Am\u00e9rica, incluindo o Colossus, Viper, Golias, X2 e a nov\u00edssima Scream!<\/p>\n<p>Para quem prefere algo um pouco mais tranquilo, existem dezenas de passeios e atra\u00e7\u00f5es para toda a fam\u00edlia. Visite a nova \u00e1rea tem\u00e1tica High Sierra Territory, perfeita para crian\u00e7as de todas as idades e curta seus personagens favoritos dos desenhos da Warner Brothers.\u00a0O Six Flags Magic Mountain tem como forte atrativo as suas enormes montanhas Russas, ao todo s\u00e3o 16 montanhas russas e algumas outras atra\u00e7\u00f5es. N\u00e3o deixe de conhecer e passar fortes emo\u00e7\u00f5es no Six Flags Magic Mountain.<\/p>\n<p>Todo um universo de a\u00e7\u00e3o, emo\u00e7\u00e3o e excita\u00e7\u00e3o est\u00e1 esperando por voc\u00ea no Six Flags Magic Mountain Theme Park.<\/p>\n<p>Solicite seu ingresso por qualquer canal de atendimento do Clube de Viagens Moms ou envie um email para reservas@clubemoms.com.br informando a data da viagem, quantidade de pessoas, nomes e datas de nascimento.<\/p>\n<p>Se preferir voc\u00ea pode comprar seu ingresso por conta pr\u00f3pria em nosso portal de ingressos, pagando no cart\u00e3o de cr\u00e9dito parcelado em at\u00e9 10x em R$ e sem IOF. Para isso acesse:\u00a0<a href=\"https:\/\/clubedeviagensmoms.minhaviagem.com.br\/\">https:\/\/clubedeviagensmoms.minhaviagem.com.br\/<\/a><\/p>\n","protected":false},"excerpt":{"rendered":"<p>Se voc\u00ea est\u00e1 procurando por um dia de divers\u00e3o e pura adrenalina, siga para o lugar que possui mais passeios emocionantes do que qualquer outro lugar na terra, o Six Flags Magic Mountain em Los Angeles! Com mais de 100 passeios, o Six Flags Magic Mountain \u00e9 um dos principais parques tem\u00e1ticos da Am\u00e9rica.\u00a0O Six Flags Magic Mountain possui alguns dos passeios na \u00e1gua e montanhas russas mais eletrizantes da Am\u00e9rica, incluindo o Colossus, Viper, Golias, X2 e a nov\u00edssima Scream!<\/p>\n<p>Para quem prefere algo um pouco mais tranquilo, existem dezenas de passeios e atra\u00e7\u00f5es para toda a fam\u00edlia. Visite a nova \u00e1rea tem\u00e1tica High Sierra Territory, perfeita para crian\u00e7as de todas as idades e curta seus personagens favoritos dos desenhos da Warner Brothers.\u00a0O Six Flags Magic Mountain tem como forte atrativo as suas enormes montanhas Russas, ao todo s\u00e3o 16 montanhas russas e algumas outras atra\u00e7\u00f5es. N\u00e3o deixe de conhecer e passar fortes emo\u00e7\u00f5es no Six Flags Magic Mountain.<\/p>\n<p>Todo um universo de a\u00e7\u00e3o, emo\u00e7\u00e3o e excita\u00e7\u00e3o est\u00e1 esperando por voc\u00ea no Six Flags Magic Mountain Theme Park.<\/p>\n","protected":false},"featured_media":332,"comment_status":"closed","ping_status":"closed","template":"","meta":[],"product_cat":[17],"product_tag":[73,27,28,29,66,30,31,62,67,32,33,84,85,36,86,87,38,39,40],"class_list":["post-4113","product","type-product","status-publish","has-post-thumbnail","hentry","product_cat-parques","product_tag-california","product_tag-clube-de-viagens-moms","product_tag-clube-moms","product_tag-criancas","product_tag-discovery-cove","product_tag-diversao","product_tag-diversao-em-familia","product_tag-estados-unidos","product_tag-eua","product_tag-ferias","product_tag-ferias-em-familia","product_tag-la","product_tag-los-angeles","product_tag-resort","product_tag-six-flags","product_tag-six-flags-magic-mountain","product_tag-viagem","product_tag-viagem-com-criancas","product_tag-viagem-em-familia","pa_destino-california","pa_tipos-de-destinos-parque"],"acf":[],"yoast_head":"<!-- This site is optimized with the Yoast SEO Premium plugin v16.0.2 (Yoast SEO v21.2) - https:\/\/yoast.com\/wordpress\/plugins\/seo\/ -->\n<title>Six Flags Magic Mountain - Clube Moms<\/title>\n<meta name=\"robots\" content=\"index, follow, max-snippet:-1, max-image-preview:large, max-video-preview:-1\" \/>\n<link rel=\"canonical\" href=\"https:\/\/clubedeviagensmoms.com.br\/homolog\/produto\/six-flags-magic-mountain\/\" \/>\n<meta property=\"og:locale\" content=\"pt_BR\" \/>\n<meta property=\"og:type\" content=\"article\" \/>\n<meta property=\"og:title\" content=\"Six Flags Magic Mountain - Clube Moms\" \/>\n<meta property=\"og:description\" content=\"Se voc\u00ea est\u00e1 procurando por um dia de divers\u00e3o e pura adrenalina, siga para o lugar que possui mais passeios emocionantes do que qualquer outro lugar na terra, o Six Flags Magic Mountain em Los Angeles! Com mais de 100 passeios, o Six Flags Magic Mountain \u00e9 um dos principais parques tem\u00e1ticos da Am\u00e9rica.\u00a0O Six Flags Magic Mountain possui alguns dos passeios na \u00e1gua e montanhas russas mais eletrizantes da Am\u00e9rica, incluindo o Colossus, Viper, Golias, X2 e a nov\u00edssima Scream!  Para quem prefere algo um pouco mais tranquilo, existem dezenas de passeios e atra\u00e7\u00f5es para toda a fam\u00edlia. Visite a nova \u00e1rea tem\u00e1tica High Sierra Territory, perfeita para crian\u00e7as de todas as idades e curta seus personagens favoritos dos desenhos da Warner Brothers.\u00a0O Six Flags Magic Mountain tem como forte atrativo as suas enormes montanhas Russas, ao todo s\u00e3o 16 montanhas russas e algumas outras atra\u00e7\u00f5es. N\u00e3o deixe de conhecer e passar fortes emo\u00e7\u00f5es no Six Flags Magic Mountain.  Todo um universo de a\u00e7\u00e3o, emo\u00e7\u00e3o e excita\u00e7\u00e3o est\u00e1 esperando por voc\u00ea no Six Flags Magic Mountain Theme Park.\" \/>\n<meta property=\"og:url\" content=\"https:\/\/clubedeviagensmoms.com.br\/homolog\/produto\/six-flags-magic-mountain\/\" \/>\n<meta property=\"og:site_name\" content=\"Clube Moms\" \/>\n<meta property=\"article:modified_time\" content=\"2023-08-30T15:26:55+00:00\" \/>\n<meta property=\"og:image\" content=\"https:\/\/clubedeviagensmoms.com.br\/homolog\/wp-content\/uploads\/2021\/09\/Parque-Six-Flags-Magic-Mountain-Montanha-Russa.jpg\" \/>\n\t<meta property=\"og:image:width\" content=\"1200\" \/>\n\t<meta property=\"og:image:height\" content=\"628\" \/>\n\t<meta property=\"og:image:type\" content=\"image\/jpeg\" \/>\n<meta name=\"twitter:card\" content=\"summary_large_image\" \/>\n<meta name=\"twitter:label1\" content=\"Est. tempo de leitura\" \/>\n\t<meta name=\"twitter:data1\" content=\"1 minuto\" \/>\n<script type=\"application\/ld+json\" class=\"yoast-schema-graph\">{\"@context\":\"https:\/\/schema.org\",\"@graph\":[{\"@type\":\"WebPage\",\"@id\":\"https:\/\/clubedeviagensmoms.com.br\/homolog\/produto\/six-flags-magic-mountain\/\",\"url\":\"https:\/\/clubedeviagensmoms.com.br\/homolog\/produto\/six-flags-magic-mountain\/\",\"name\":\"Six Flags Magic Mountain - Clube Moms\",\"isPartOf\":{\"@id\":\"https:\/\/clubedeviagensmoms.com.br\/homolog\/#website\"},\"datePublished\":\"2021-10-29T22:59:09+00:00\",\"dateModified\":\"2023-08-30T15:26:55+00:00\",\"breadcrumb\":{\"@id\":\"https:\/\/clubedeviagensmoms.com.br\/homolog\/produto\/six-flags-magic-mountain\/#breadcrumb\"},\"inLanguage\":\"pt-BR\",\"potentialAction\":[{\"@type\":\"ReadAction\",\"target\":[\"https:\/\/clubedeviagensmoms.com.br\/homolog\/produto\/six-flags-magic-mountain\/\"]}]},{\"@type\":\"BreadcrumbList\",\"@id\":\"https:\/\/clubedeviagensmoms.com.br\/homolog\/produto\/six-flags-magic-mountain\/#breadcrumb\",\"itemListElement\":[{\"@type\":\"ListItem\",\"position\":1,\"name\":\"Home\",\"item\":\"https:\/\/clubedeviagensmoms.com.br\/homolog\/\"},{\"@type\":\"ListItem\",\"position\":2,\"name\":\"Vamos Viajar\",\"item\":\"https:\/\/clubedeviagensmoms.com.br\/homolog\/shop\/\"},{\"@type\":\"ListItem\",\"position\":3,\"name\":\"Six Flags Magic Mountain\"}]},{\"@type\":\"WebSite\",\"@id\":\"https:\/\/clubedeviagensmoms.com.br\/homolog\/#website\",\"url\":\"https:\/\/clubedeviagensmoms.com.br\/homolog\/\",\"name\":\"Clube Moms\",\"description\":\"O Clube Moms \u00e9 uma ag\u00eancia de turismo com foco em fam\u00edlias com crian\u00e7as, que uno os conceitos de Consultoria Especializada e Clube de Vantagens.\",\"potentialAction\":[{\"@type\":\"SearchAction\",\"target\":{\"@type\":\"EntryPoint\",\"urlTemplate\":\"https:\/\/clubedeviagensmoms.com.br\/homolog\/?s={search_term_string}\"},\"query-input\":\"required name=search_term_string\"}],\"inLanguage\":\"pt-BR\"}]}<\/script>\n<!-- \/ Yoast SEO Premium plugin. -->","yoast_head_json":{"title":"Six Flags Magic Mountain - Clube Moms","robots":{"index":"index","follow":"follow","max-snippet":"max-snippet:-1","max-image-preview":"max-image-preview:large","max-video-preview":"max-video-preview:-1"},"canonical":"https:\/\/clubedeviagensmoms.com.br\/homolog\/produto\/six-flags-magic-mountain\/","og_locale":"pt_BR","og_type":"article","og_title":"Six Flags Magic Mountain - Clube Moms","og_description":"Se voc\u00ea est\u00e1 procurando por um dia de divers\u00e3o e pura adrenalina, siga para o lugar que possui mais passeios emocionantes do que qualquer outro lugar na terra, o Six Flags Magic Mountain em Los Angeles! Com mais de 100 passeios, o Six Flags Magic Mountain \u00e9 um dos principais parques tem\u00e1ticos da Am\u00e9rica.\u00a0O Six Flags Magic Mountain possui alguns dos passeios na \u00e1gua e montanhas russas mais eletrizantes da Am\u00e9rica, incluindo o Colossus, Viper, Golias, X2 e a nov\u00edssima Scream!  Para quem prefere algo um pouco mais tranquilo, existem dezenas de passeios e atra\u00e7\u00f5es para toda a fam\u00edlia. Visite a nova \u00e1rea tem\u00e1tica High Sierra Territory, perfeita para crian\u00e7as de todas as idades e curta seus personagens favoritos dos desenhos da Warner Brothers.\u00a0O Six Flags Magic Mountain tem como forte atrativo as suas enormes montanhas Russas, ao todo s\u00e3o 16 montanhas russas e algumas outras atra\u00e7\u00f5es. N\u00e3o deixe de conhecer e passar fortes emo\u00e7\u00f5es no Six Flags Magic Mountain.  Todo um universo de a\u00e7\u00e3o, emo\u00e7\u00e3o e excita\u00e7\u00e3o est\u00e1 esperando por voc\u00ea no Six Flags Magic Mountain Theme Park.","og_url":"https:\/\/clubedeviagensmoms.com.br\/homolog\/produto\/six-flags-magic-mountain\/","og_site_name":"Clube Moms","article_modified_time":"2023-08-30T15:26:55+00:00","og_image":[{"width":1200,"height":628,"url":"https:\/\/clubedeviagensmoms.com.br\/homolog\/wp-content\/uploads\/2021\/09\/Parque-Six-Flags-Magic-Mountain-Montanha-Russa.jpg","type":"image\/jpeg"}],"twitter_card":"summary_large_image","twitter_misc":{"Est. tempo de leitura":"1 minuto"},"schema":{"@context":"https:\/\/schema.org","@graph":[{"@type":"WebPage","@id":"https:\/\/clubedeviagensmoms.com.br\/homolog\/produto\/six-flags-magic-mountain\/","url":"https:\/\/clubedeviagensmoms.com.br\/homolog\/produto\/six-flags-magic-mountain\/","name":"Six Flags Magic Mountain - Clube Moms","isPartOf":{"@id":"https:\/\/clubedeviagensmoms.com.br\/homolog\/#website"},"datePublished":"2021-10-29T22:59:09+00:00","dateModified":"2023-08-30T15:26:55+00:00","breadcrumb":{"@id":"https:\/\/clubedeviagensmoms.com.br\/homolog\/produto\/six-flags-magic-mountain\/#breadcrumb"},"inLanguage":"pt-BR","potentialAction":[{"@type":"ReadAction","target":["https:\/\/clubedeviagensmoms.com.br\/homolog\/produto\/six-flags-magic-mountain\/"]}]},{"@type":"BreadcrumbList","@id":"https:\/\/clubedeviagensmoms.com.br\/homolog\/produto\/six-flags-magic-mountain\/#breadcrumb","itemListElement":[{"@type":"ListItem","position":1,"name":"Home","item":"https:\/\/clubedeviagensmoms.com.br\/homolog\/"},{"@type":"ListItem","position":2,"name":"Vamos Viajar","item":"https:\/\/clubedeviagensmoms.com.br\/homolog\/shop\/"},{"@type":"ListItem","position":3,"name":"Six Flags Magic Mountain"}]},{"@type":"WebSite","@id":"https:\/\/clubedeviagensmoms.com.br\/homolog\/#website","url":"https:\/\/clubedeviagensmoms.com.br\/homolog\/","name":"Clube Moms","description":"O Clube Moms \u00e9 uma ag\u00eancia de turismo com foco em fam\u00edlias com crian\u00e7as, que uno os conceitos de Consultoria Especializada e Clube de Vantagens.","potentialAction":[{"@type":"SearchAction","target":{"@type":"EntryPoint","urlTemplate":"https:\/\/clubedeviagensmoms.com.br\/homolog\/?s={search_term_string}"},"query-input":"required name=search_term_string"}],"inLanguage":"pt-BR"}]}},"_links":{"self":[{"href":"https:\/\/clubedeviagensmoms.com.br\/homolog\/wp-json\/wp\/v2\/product\/4113","targetHints":{"allow":["GET"]}}],"collection":[{"href":"https:\/\/clubedeviagensmoms.com.br\/homolog\/wp-json\/wp\/v2\/product"}],"about":[{"href":"https:\/\/clubedeviagensmoms.com.br\/homolog\/wp-json\/wp\/v2\/types\/product"}],"replies":[{"embeddable":true,"href":"https:\/\/clubedeviagensmoms.com.br\/homolog\/wp-json\/wp\/v2\/comments?post=4113"}],"wp:featuredmedia":[{"embeddable":true,"href":"https:\/\/clubedeviagensmoms.com.br\/homolog\/wp-json\/wp\/v2\/media\/332"}],"wp:attachment":[{"href":"https:\/\/clubedeviagensmoms.com.br\/homolog\/wp-json\/wp\/v2\/media?parent=4113"}],"wp:term":[{"taxonomy":"product_cat","embeddable":true,"href":"https:\/\/clubedeviagensmoms.com.br\/homolog\/wp-json\/wp\/v2\/product_cat?post=4113"},{"taxonomy":"product_tag","embeddable":true,"href":"https:\/\/clubedeviagensmoms.com.br\/homolog\/wp-json\/wp\/v2\/product_tag?post=4113"}],"curies":[{"name":"wp","href":"https:\/\/api.w.org\/{rel}","templated":true}]}}