{"id":4115,"date":"2021-10-29T19:59:09","date_gmt":"2021-10-29T22:59:09","guid":{"rendered":"http:\/\/clubedeviagensmoms.com.br\/homolog\/taober_wp\/?post_type=product&#038;p=4115"},"modified":"2023-08-30T12:27:01","modified_gmt":"2023-08-30T15:27:01","slug":"universal-studios-2","status":"publish","type":"product","link":"https:\/\/clubedeviagensmoms.com.br\/homolog\/produto\/universal-studios-2\/","title":{"rendered":"Universal Studios"},"content":{"rendered":"<p>Na Universal Studios Hollywood, existe um mundo de aventuras cheias de divers\u00e3o que a fam\u00edlia inteira vai adorar. Fa\u00e7a o Studio Tour mundialmente famoso, experimente as emo\u00e7\u00f5es e sensa\u00e7\u00f5es em passeios tem\u00e1ticos empolgantes e junte-se \u00e0 fam\u00edlia Simpson em uma aventura hist\u00e9rica totalmente nova. N\u00e3o perca a oportunidade de visitar o maior est\u00fadio de filmes e parque tem\u00e1tico do mundo! Prepare-se para a experi\u00eancia definitiva em filmes de Hollywood! Veja os bastidores da mundialmente famosa Studio Tour para explorar o local onde os filmes de Hollywood s\u00e3o feitos e veja em primeira m\u00e3o a maior experi\u00eancia em 3-D do mundo: \u201cKing Kong 360 3-D\u201d, de Peter Jackson. Enfrente a a\u00e7\u00e3o de frente em passeios, shows e atra\u00e7\u00f5es de tirar o f\u00f4lego que o colocam dentro de alguns dos maiores filmes do mundo. Fa\u00e7a parte da batalha intergal\u00e1ctica ao embarcar em uma miss\u00e3o para defender o Allspark das garras dos DECEPTICONS\u00ae em Transformers\u2122: The Ride 3D!<\/p>\n<p>Solicite seu ingresso por qualquer canal de atendimento do Clube de Viagens Moms ou envie um email para reservas@clubemoms.com.br informando a data da viagem, quantidade de pessoas, nomes e datas de nascimento.<\/p>\n<p>Se preferir voc\u00ea pode comprar seu ingresso por conta pr\u00f3pria em nosso portal de ingressos, pagando no cart\u00e3o de cr\u00e9dito parcelado em at\u00e9 10x em R$ e sem IOF. Para isso acesse:\u00a0<a href=\"https:\/\/clubedeviagensmoms.minhaviagem.com.br\/\">https:\/\/clubedeviagensmoms.minhaviagem.com.br\/<\/a><\/p>\n","protected":false},"excerpt":{"rendered":"<p>Na Universal Studios Hollywood, existe um mundo de aventuras cheias de divers\u00e3o que a fam\u00edlia inteira vai adorar. Fa\u00e7a o Studio Tour mundialmente famoso, experimente as emo\u00e7\u00f5es e sensa\u00e7\u00f5es em passeios tem\u00e1ticos empolgantes e junte-se \u00e0 fam\u00edlia Simpson em uma aventura hist\u00e9rica totalmente nova. N\u00e3o perca a oportunidade de visitar o maior est\u00fadio de filmes e parque tem\u00e1tico do mundo! Prepare-se para a experi\u00eancia definitiva em filmes de Hollywood! Veja os bastidores da mundialmente famosa Studio Tour para explorar o local onde os filmes de Hollywood s\u00e3o feitos e veja em primeira m\u00e3o a maior experi\u00eancia em 3-D do mundo: &#8220;King Kong 360 3-D&#8221;, de Peter Jackson. Enfrente a a\u00e7\u00e3o de frente em passeios, shows e atra\u00e7\u00f5es de tirar o f\u00f4lego que o colocam dentro de alguns dos maiores filmes do mundo. Fa\u00e7a parte da batalha intergal\u00e1ctica ao embarcar em uma miss\u00e3o para defender o Allspark das garras dos DECEPTICONS\u00ae em Transformers\u2122: The Ride 3D!<\/p>\n","protected":false},"featured_media":354,"comment_status":"closed","ping_status":"closed","template":"","meta":[],"product_cat":[17],"product_tag":[27,28,29,30,31,62,32,33,88,89,38,39,40],"class_list":["post-4115","product","type-product","status-publish","has-post-thumbnail","hentry","product_cat-parques","product_tag-clube-de-viagens-moms","product_tag-clube-moms","product_tag-criancas","product_tag-diversao","product_tag-diversao-em-familia","product_tag-estados-unidos","product_tag-ferias","product_tag-ferias-em-familia","product_tag-universal","product_tag-universal-studios","product_tag-viagem","product_tag-viagem-com-criancas","product_tag-viagem-em-familia","pa_destino-orlando","pa_tipos-de-destinos-parque"],"acf":[],"yoast_head":"<!-- This site is optimized with the Yoast SEO Premium plugin v16.0.2 (Yoast SEO v21.2) - https:\/\/yoast.com\/wordpress\/plugins\/seo\/ -->\n<title>Universal Studios - Clube Moms<\/title>\n<meta name=\"robots\" content=\"index, follow, max-snippet:-1, max-image-preview:large, max-video-preview:-1\" \/>\n<link rel=\"canonical\" href=\"https:\/\/clubedeviagensmoms.com.br\/homolog\/produto\/universal-studios-2\/\" \/>\n<meta property=\"og:locale\" content=\"pt_BR\" \/>\n<meta property=\"og:type\" content=\"article\" \/>\n<meta property=\"og:title\" content=\"Universal Studios - Clube Moms\" \/>\n<meta property=\"og:description\" content=\"Na Universal Studios Hollywood, existe um mundo de aventuras cheias de divers\u00e3o que a fam\u00edlia inteira vai adorar. Fa\u00e7a o Studio Tour mundialmente famoso, experimente as emo\u00e7\u00f5es e sensa\u00e7\u00f5es em passeios tem\u00e1ticos empolgantes e junte-se \u00e0 fam\u00edlia Simpson em uma aventura hist\u00e9rica totalmente nova. N\u00e3o perca a oportunidade de visitar o maior est\u00fadio de filmes e parque tem\u00e1tico do mundo! Prepare-se para a experi\u00eancia definitiva em filmes de Hollywood! Veja os bastidores da mundialmente famosa Studio Tour para explorar o local onde os filmes de Hollywood s\u00e3o feitos e veja em primeira m\u00e3o a maior experi\u00eancia em 3-D do mundo: &quot;King Kong 360 3-D&quot;, de Peter Jackson. Enfrente a a\u00e7\u00e3o de frente em passeios, shows e atra\u00e7\u00f5es de tirar o f\u00f4lego que o colocam dentro de alguns dos maiores filmes do mundo. Fa\u00e7a parte da batalha intergal\u00e1ctica ao embarcar em uma miss\u00e3o para defender o Allspark das garras dos DECEPTICONS\u00ae em Transformers\u2122: The Ride 3D!\" \/>\n<meta property=\"og:url\" content=\"https:\/\/clubedeviagensmoms.com.br\/homolog\/produto\/universal-studios-2\/\" \/>\n<meta property=\"og:site_name\" content=\"Clube Moms\" \/>\n<meta property=\"article:modified_time\" content=\"2023-08-30T15:27:01+00:00\" \/>\n<meta property=\"og:image\" content=\"https:\/\/clubedeviagensmoms.com.br\/homolog\/wp-content\/uploads\/2021\/09\/ParqueUniversalStudiosHollywood_JurassicPark_17102017_1756.jpg\" \/>\n\t<meta property=\"og:image:width\" content=\"1200\" \/>\n\t<meta property=\"og:image:height\" content=\"628\" \/>\n\t<meta property=\"og:image:type\" content=\"image\/jpeg\" \/>\n<meta name=\"twitter:card\" content=\"summary_large_image\" \/>\n<meta name=\"twitter:label1\" content=\"Est. tempo de leitura\" \/>\n\t<meta name=\"twitter:data1\" content=\"1 minuto\" \/>\n<script type=\"application\/ld+json\" class=\"yoast-schema-graph\">{\"@context\":\"https:\/\/schema.org\",\"@graph\":[{\"@type\":\"WebPage\",\"@id\":\"https:\/\/clubedeviagensmoms.com.br\/homolog\/produto\/universal-studios-2\/\",\"url\":\"https:\/\/clubedeviagensmoms.com.br\/homolog\/produto\/universal-studios-2\/\",\"name\":\"Universal Studios - Clube Moms\",\"isPartOf\":{\"@id\":\"https:\/\/clubedeviagensmoms.com.br\/homolog\/#website\"},\"datePublished\":\"2021-10-29T22:59:09+00:00\",\"dateModified\":\"2023-08-30T15:27:01+00:00\",\"breadcrumb\":{\"@id\":\"https:\/\/clubedeviagensmoms.com.br\/homolog\/produto\/universal-studios-2\/#breadcrumb\"},\"inLanguage\":\"pt-BR\",\"potentialAction\":[{\"@type\":\"ReadAction\",\"target\":[\"https:\/\/clubedeviagensmoms.com.br\/homolog\/produto\/universal-studios-2\/\"]}]},{\"@type\":\"BreadcrumbList\",\"@id\":\"https:\/\/clubedeviagensmoms.com.br\/homolog\/produto\/universal-studios-2\/#breadcrumb\",\"itemListElement\":[{\"@type\":\"ListItem\",\"position\":1,\"name\":\"Home\",\"item\":\"https:\/\/clubedeviagensmoms.com.br\/homolog\/\"},{\"@type\":\"ListItem\",\"position\":2,\"name\":\"Vamos Viajar\",\"item\":\"https:\/\/clubedeviagensmoms.com.br\/homolog\/shop\/\"},{\"@type\":\"ListItem\",\"position\":3,\"name\":\"Universal Studios\"}]},{\"@type\":\"WebSite\",\"@id\":\"https:\/\/clubedeviagensmoms.com.br\/homolog\/#website\",\"url\":\"https:\/\/clubedeviagensmoms.com.br\/homolog\/\",\"name\":\"Clube Moms\",\"description\":\"O Clube Moms \u00e9 uma ag\u00eancia de turismo com foco em fam\u00edlias com crian\u00e7as, que uno os conceitos de Consultoria Especializada e Clube de Vantagens.\",\"potentialAction\":[{\"@type\":\"SearchAction\",\"target\":{\"@type\":\"EntryPoint\",\"urlTemplate\":\"https:\/\/clubedeviagensmoms.com.br\/homolog\/?s={search_term_string}\"},\"query-input\":\"required name=search_term_string\"}],\"inLanguage\":\"pt-BR\"}]}<\/script>\n<!-- \/ Yoast SEO Premium plugin. -->","yoast_head_json":{"title":"Universal Studios - Clube Moms","robots":{"index":"index","follow":"follow","max-snippet":"max-snippet:-1","max-image-preview":"max-image-preview:large","max-video-preview":"max-video-preview:-1"},"canonical":"https:\/\/clubedeviagensmoms.com.br\/homolog\/produto\/universal-studios-2\/","og_locale":"pt_BR","og_type":"article","og_title":"Universal Studios - Clube Moms","og_description":"Na Universal Studios Hollywood, existe um mundo de aventuras cheias de divers\u00e3o que a fam\u00edlia inteira vai adorar. Fa\u00e7a o Studio Tour mundialmente famoso, experimente as emo\u00e7\u00f5es e sensa\u00e7\u00f5es em passeios tem\u00e1ticos empolgantes e junte-se \u00e0 fam\u00edlia Simpson em uma aventura hist\u00e9rica totalmente nova. N\u00e3o perca a oportunidade de visitar o maior est\u00fadio de filmes e parque tem\u00e1tico do mundo! Prepare-se para a experi\u00eancia definitiva em filmes de Hollywood! Veja os bastidores da mundialmente famosa Studio Tour para explorar o local onde os filmes de Hollywood s\u00e3o feitos e veja em primeira m\u00e3o a maior experi\u00eancia em 3-D do mundo: \"King Kong 360 3-D\", de Peter Jackson. Enfrente a a\u00e7\u00e3o de frente em passeios, shows e atra\u00e7\u00f5es de tirar o f\u00f4lego que o colocam dentro de alguns dos maiores filmes do mundo. Fa\u00e7a parte da batalha intergal\u00e1ctica ao embarcar em uma miss\u00e3o para defender o Allspark das garras dos DECEPTICONS\u00ae em Transformers\u2122: The Ride 3D!","og_url":"https:\/\/clubedeviagensmoms.com.br\/homolog\/produto\/universal-studios-2\/","og_site_name":"Clube Moms","article_modified_time":"2023-08-30T15:27:01+00:00","og_image":[{"width":1200,"height":628,"url":"https:\/\/clubedeviagensmoms.com.br\/homolog\/wp-content\/uploads\/2021\/09\/ParqueUniversalStudiosHollywood_JurassicPark_17102017_1756.jpg","type":"image\/jpeg"}],"twitter_card":"summary_large_image","twitter_misc":{"Est. tempo de leitura":"1 minuto"},"schema":{"@context":"https:\/\/schema.org","@graph":[{"@type":"WebPage","@id":"https:\/\/clubedeviagensmoms.com.br\/homolog\/produto\/universal-studios-2\/","url":"https:\/\/clubedeviagensmoms.com.br\/homolog\/produto\/universal-studios-2\/","name":"Universal Studios - Clube Moms","isPartOf":{"@id":"https:\/\/clubedeviagensmoms.com.br\/homolog\/#website"},"datePublished":"2021-10-29T22:59:09+00:00","dateModified":"2023-08-30T15:27:01+00:00","breadcrumb":{"@id":"https:\/\/clubedeviagensmoms.com.br\/homolog\/produto\/universal-studios-2\/#breadcrumb"},"inLanguage":"pt-BR","potentialAction":[{"@type":"ReadAction","target":["https:\/\/clubedeviagensmoms.com.br\/homolog\/produto\/universal-studios-2\/"]}]},{"@type":"BreadcrumbList","@id":"https:\/\/clubedeviagensmoms.com.br\/homolog\/produto\/universal-studios-2\/#breadcrumb","itemListElement":[{"@type":"ListItem","position":1,"name":"Home","item":"https:\/\/clubedeviagensmoms.com.br\/homolog\/"},{"@type":"ListItem","position":2,"name":"Vamos Viajar","item":"https:\/\/clubedeviagensmoms.com.br\/homolog\/shop\/"},{"@type":"ListItem","position":3,"name":"Universal Studios"}]},{"@type":"WebSite","@id":"https:\/\/clubedeviagensmoms.com.br\/homolog\/#website","url":"https:\/\/clubedeviagensmoms.com.br\/homolog\/","name":"Clube Moms","description":"O Clube Moms \u00e9 uma ag\u00eancia de turismo com foco em fam\u00edlias com crian\u00e7as, que uno os conceitos de Consultoria Especializada e Clube de Vantagens.","potentialAction":[{"@type":"SearchAction","target":{"@type":"EntryPoint","urlTemplate":"https:\/\/clubedeviagensmoms.com.br\/homolog\/?s={search_term_string}"},"query-input":"required name=search_term_string"}],"inLanguage":"pt-BR"}]}},"_links":{"self":[{"href":"https:\/\/clubedeviagensmoms.com.br\/homolog\/wp-json\/wp\/v2\/product\/4115","targetHints":{"allow":["GET"]}}],"collection":[{"href":"https:\/\/clubedeviagensmoms.com.br\/homolog\/wp-json\/wp\/v2\/product"}],"about":[{"href":"https:\/\/clubedeviagensmoms.com.br\/homolog\/wp-json\/wp\/v2\/types\/product"}],"replies":[{"embeddable":true,"href":"https:\/\/clubedeviagensmoms.com.br\/homolog\/wp-json\/wp\/v2\/comments?post=4115"}],"wp:featuredmedia":[{"embeddable":true,"href":"https:\/\/clubedeviagensmoms.com.br\/homolog\/wp-json\/wp\/v2\/media\/354"}],"wp:attachment":[{"href":"https:\/\/clubedeviagensmoms.com.br\/homolog\/wp-json\/wp\/v2\/media?parent=4115"}],"wp:term":[{"taxonomy":"product_cat","embeddable":true,"href":"https:\/\/clubedeviagensmoms.com.br\/homolog\/wp-json\/wp\/v2\/product_cat?post=4115"},{"taxonomy":"product_tag","embeddable":true,"href":"https:\/\/clubedeviagensmoms.com.br\/homolog\/wp-json\/wp\/v2\/product_tag?post=4115"}],"curies":[{"name":"wp","href":"https:\/\/api.w.org\/{rel}","templated":true}]}}