{"id":5055,"date":"2023-07-27T12:38:08","date_gmt":"2023-07-27T15:38:08","guid":{"rendered":"http:\/\/clubedeviagensmoms.com.br\/homolog\/?post_type=product&#038;p=5055"},"modified":"2023-09-04T11:01:38","modified_gmt":"2023-09-04T14:01:38","slug":"dia-das-criancas-bourbon-atibaia-resort","status":"publish","type":"product","link":"https:\/\/clubedeviagensmoms.com.br\/homolog\/produto\/dia-das-criancas-bourbon-atibaia-resort\/","title":{"rendered":"Dia das Crian\u00e7as &#8211; Bourbon Atibaia Resort"},"content":{"rendered":"<p>Dia das Crian\u00e7as &#8211; Bourbon Atibaia Resort<\/p>\n<p>Quem a\u00ed t\u00e1 pronto para um dia das crian\u00e7as de tirar o f\u00f4lego? \ud83d\ude0d\ud83c\udf05<\/p>\n<p>Se liga nessa novidade fresquinha que a nossa temos para voc\u00ea: uma op\u00e7\u00e3o incr\u00edvel para curtir o feriado prolongado no maravilhoso Bourbon Atibaia Resort! \ud83c\udf34\ud83c\udf38<\/p>\n<p>Sem contar na divers\u00e3o garantida com os espa\u00e7os da Turma da M\u00f4nica!!<\/p>\n<p>Confira \u2b07<\/p>\n<p>\ud83d\udea9Jardim Boa Vista, Atibaia &#8211; SP<\/p>\n<p>Bourbon Atibaia Resort promete uma experi\u00eancia inesquec\u00edvel! Conta com uma surpreendente estrutura de lazer e conven\u00e7\u00f5es, fora todo o contato com a natureza! Um super destino a apenas 60 km de S\u00e3o Paulo. SPA, sauna, complexo de piscinas, teatro, recrea\u00e7\u00e3o, trilhas, boliche, cinema, diversas \u00e1reas no tema da Turma da M\u00f4nica e diversas quadras! Uma super dica para passar dias incr\u00edveis com a fam\u00edlia toda!<\/p>\n<p>\ud83d\udd39Equipe de Recrea\u00e7\u00e3o;<\/p>\n<p>\ud83d\udd39Stand de Arco e Flecha;<\/p>\n<p>\ud83d\udd39Trilhas ecol\u00f3gicas;<\/p>\n<p>\ud83d\udd39S\u00edtio do Vov\u00f4;<\/p>\n<p>\ud83d\udd39Pared\u00e3o de Escalada;<\/p>\n<p>\ud83d\udd39Cinema;<\/p>\n<p>\ud83d\udd39Playground;<\/p>\n<p>\ud83d\udd39Brinquedoteca;<\/p>\n<p>\ud83d\udd39Arvorismo.<\/p>\n<p>\ud83c\udf74Pens\u00e3o completa com bebidas pagas \u00e0 parte<\/p>\n<p>\u270511 a 15 de outubro<\/p>\n<p>\u27a1 a partir de R$ 8.941,11*<\/p>\n<p>*Valor para 2 adultos + 2 crian\u00e7as at\u00e9 6 anos em categoria Superior.<\/p>\n<p>\u2764 Mimo Moms: desconto na tarifa e muito amor envolvido!!<\/p>\n<p>\ud83d\udcb3 Pagamento: em at\u00e9 4 vezes no cart\u00e3o<\/p>\n<p>\ud83d\udc49As tarifas podem sofrer altera\u00e7\u00e3o a qualquer momento e est\u00e3o sujeitas a disponibilidade<\/p>\n<p><img decoding=\"async\" class=\"emoji\" role=\"img\" draggable=\"false\" src=\"https:\/\/s.w.org\/images\/core\/emoji\/14.0.0\/svg\/1f4f1.svg\" alt=\"?\" data-pagespeed-url-hash=\"1527356043\" \/>RESERVAS: Fale com a nossa equipe atrav\u00e9s do\u00a0<a href=\"https:\/\/api.whatsapp.com\/send?phone=552120420717&amp;text=Oi!%20Gostaria%20de%20fazer%20uma%20cota%C3%A7%C3%A3o%20\">WhatsApp<\/a><\/p>\n<p>J\u00e1 acompanha o Clube Moms nas redes sociais? Venha conferir o nosso\u00a0<a href=\"https:\/\/www.instagram.com\/clubedeviagensmoms\/\">Instagram\u00a0<\/a>com muitas dicas de viagem, al\u00e9m disso, curta tamb\u00e9m a nossa\u00a0<a href=\"https:\/\/www.facebook.com\/ClubeDeViagensMoms\/?hc_ref=ARREVFAUN6kemqQPikWPR6yOVqfolWuZ4Gm2u6EX4fJ2-jyHER8eDB5si8DvGkabbOE&amp;fref=nf&amp;__xts__[0]=68.ARAXJqd_Jm68dG9qh_a7A_hAS8hHGdRg1Cq8Je9my1EPnGBRo26TI37xs6IY6NhynKSzyIDhPcBRqvr6Nzuwi7g2W4UPO84T0-vU7mWKXia_C51FzzqVsE3HthHbuQetTo9gapY&amp;__tn__=kC-R\">p\u00e1gina do Facebook\u00a0\u00a0<\/a>e participe do nosso\u00a0<a href=\"https:\/\/www.facebook.com\/groups\/clubedeviagensmoms\/\">grupo do Facebook<\/a>\u00a0para saber sobre mais ofertas especiais.<\/p>\n<p>Caso queria conferir outras oportunidades, clique\u00a0<a href=\"http:\/\/clubedeviagensmoms.com.br\/homolog\/vamos-viajar\/hoteis\/\" target=\"_blank\" rel=\"noopener noreferrer\">aqui<\/a>\u00a0e verifique a nossa lista de hot\u00e9is parceiros.<\/p>\n","protected":false},"excerpt":{"rendered":"<p>Dia das Crian\u00e7as &#8211; Bourbon Atibaia Resort Quem a\u00ed t\u00e1 pronto para um dia das crian\u00e7as de tirar o f\u00f4lego? \ud83d\ude0d\ud83c\udf05 Se liga nessa novidade fresquinha que a nossa temos para voc\u00ea: uma op\u00e7\u00e3o incr\u00edvel para curtir o feriado prolongado no maravilhoso Bourbon Atibaia Resort! \ud83c\udf34\ud83c\udf38 Sem contar na divers\u00e3o garantida com os espa\u00e7os da [&hellip;]<\/p>\n","protected":false},"featured_media":5756,"comment_status":"closed","ping_status":"closed","template":"","meta":[],"product_cat":[20],"product_tag":[667,146,199,112,103,58,38],"class_list":["post-5055","product","type-product","status-publish","has-post-thumbnail","hentry","product_cat-ofertas-especiais","product_tag-bourbon-atibaia-resort","product_tag-dia-das-criancas","product_tag-hotel","product_tag-pacote","product_tag-pacote-nacional","product_tag-sao-paulo","product_tag-viagem"],"acf":[],"yoast_head":"<!-- This site is optimized with the Yoast SEO Premium plugin v16.0.2 (Yoast SEO v21.2) - https:\/\/yoast.com\/wordpress\/plugins\/seo\/ -->\n<title>Dia das Crian\u00e7as - Bourbon Atibaia Resort - Clube Moms<\/title>\n<meta name=\"description\" content=\"Dia das Crian\u00e7as - Bourbon Atibaia Resort: uma op\u00e7\u00e3o incr\u00edvel para curtir o feriado prolongado no maravilhoso Bourbon Atibaia Resort!\" \/>\n<meta name=\"robots\" content=\"index, follow, max-snippet:-1, max-image-preview:large, max-video-preview:-1\" \/>\n<link rel=\"canonical\" href=\"https:\/\/clubedeviagensmoms.com.br\/homolog\/produto\/dia-das-criancas-bourbon-atibaia-resort\/\" \/>\n<meta property=\"og:locale\" content=\"pt_BR\" \/>\n<meta property=\"og:type\" content=\"article\" \/>\n<meta property=\"og:title\" content=\"Dia das Crian\u00e7as - Bourbon Atibaia Resort - Clube Moms\" \/>\n<meta property=\"og:description\" content=\"Dia das Crian\u00e7as - Bourbon Atibaia Resort: uma op\u00e7\u00e3o incr\u00edvel para curtir o feriado prolongado no maravilhoso Bourbon Atibaia Resort!\" \/>\n<meta property=\"og:url\" content=\"https:\/\/clubedeviagensmoms.com.br\/homolog\/produto\/dia-das-criancas-bourbon-atibaia-resort\/\" \/>\n<meta property=\"og:site_name\" content=\"Clube Moms\" \/>\n<meta property=\"article:modified_time\" content=\"2023-09-04T14:01:38+00:00\" \/>\n<meta property=\"og:image\" content=\"https:\/\/clubedeviagensmoms.com.br\/homolog\/wp-content\/uploads\/2023\/07\/640720teste_000573_HiRes-1920w.webp\" \/>\n\t<meta property=\"og:image:width\" content=\"640\" \/>\n\t<meta property=\"og:image:height\" content=\"335\" \/>\n\t<meta property=\"og:image:type\" content=\"image\/webp\" \/>\n<meta name=\"twitter:card\" content=\"summary_large_image\" \/>\n<meta name=\"twitter:label1\" content=\"Est. tempo de leitura\" \/>\n\t<meta name=\"twitter:data1\" content=\"2 minutos\" \/>\n<script type=\"application\/ld+json\" class=\"yoast-schema-graph\">{\"@context\":\"https:\/\/schema.org\",\"@graph\":[{\"@type\":\"WebPage\",\"@id\":\"https:\/\/clubedeviagensmoms.com.br\/homolog\/produto\/dia-das-criancas-bourbon-atibaia-resort\/\",\"url\":\"https:\/\/clubedeviagensmoms.com.br\/homolog\/produto\/dia-das-criancas-bourbon-atibaia-resort\/\",\"name\":\"Dia das Crian\u00e7as - Bourbon Atibaia Resort - Clube Moms\",\"isPartOf\":{\"@id\":\"https:\/\/clubedeviagensmoms.com.br\/homolog\/#website\"},\"datePublished\":\"2023-07-27T15:38:08+00:00\",\"dateModified\":\"2023-09-04T14:01:38+00:00\",\"description\":\"Dia das Crian\u00e7as - Bourbon Atibaia Resort: uma op\u00e7\u00e3o incr\u00edvel para curtir o feriado prolongado no maravilhoso Bourbon Atibaia Resort!\",\"breadcrumb\":{\"@id\":\"https:\/\/clubedeviagensmoms.com.br\/homolog\/produto\/dia-das-criancas-bourbon-atibaia-resort\/#breadcrumb\"},\"inLanguage\":\"pt-BR\",\"potentialAction\":[{\"@type\":\"ReadAction\",\"target\":[\"https:\/\/clubedeviagensmoms.com.br\/homolog\/produto\/dia-das-criancas-bourbon-atibaia-resort\/\"]}]},{\"@type\":\"BreadcrumbList\",\"@id\":\"https:\/\/clubedeviagensmoms.com.br\/homolog\/produto\/dia-das-criancas-bourbon-atibaia-resort\/#breadcrumb\",\"itemListElement\":[{\"@type\":\"ListItem\",\"position\":1,\"name\":\"Home\",\"item\":\"https:\/\/clubedeviagensmoms.com.br\/homolog\/\"},{\"@type\":\"ListItem\",\"position\":2,\"name\":\"Vamos Viajar\",\"item\":\"https:\/\/clubedeviagensmoms.com.br\/homolog\/shop\/\"},{\"@type\":\"ListItem\",\"position\":3,\"name\":\"Dia das Crian\u00e7as &#8211; Bourbon Atibaia Resort\"}]},{\"@type\":\"WebSite\",\"@id\":\"https:\/\/clubedeviagensmoms.com.br\/homolog\/#website\",\"url\":\"https:\/\/clubedeviagensmoms.com.br\/homolog\/\",\"name\":\"Clube Moms\",\"description\":\"O Clube Moms \u00e9 uma ag\u00eancia de turismo com foco em fam\u00edlias com crian\u00e7as, que uno os conceitos de Consultoria Especializada e Clube de Vantagens.\",\"potentialAction\":[{\"@type\":\"SearchAction\",\"target\":{\"@type\":\"EntryPoint\",\"urlTemplate\":\"https:\/\/clubedeviagensmoms.com.br\/homolog\/?s={search_term_string}\"},\"query-input\":\"required name=search_term_string\"}],\"inLanguage\":\"pt-BR\"}]}<\/script>\n<!-- \/ Yoast SEO Premium plugin. -->","yoast_head_json":{"title":"Dia das Crian\u00e7as - Bourbon Atibaia Resort - Clube Moms","description":"Dia das Crian\u00e7as - Bourbon Atibaia Resort: uma op\u00e7\u00e3o incr\u00edvel para curtir o feriado prolongado no maravilhoso Bourbon Atibaia Resort!","robots":{"index":"index","follow":"follow","max-snippet":"max-snippet:-1","max-image-preview":"max-image-preview:large","max-video-preview":"max-video-preview:-1"},"canonical":"https:\/\/clubedeviagensmoms.com.br\/homolog\/produto\/dia-das-criancas-bourbon-atibaia-resort\/","og_locale":"pt_BR","og_type":"article","og_title":"Dia das Crian\u00e7as - Bourbon Atibaia Resort - Clube Moms","og_description":"Dia das Crian\u00e7as - Bourbon Atibaia Resort: uma op\u00e7\u00e3o incr\u00edvel para curtir o feriado prolongado no maravilhoso Bourbon Atibaia Resort!","og_url":"https:\/\/clubedeviagensmoms.com.br\/homolog\/produto\/dia-das-criancas-bourbon-atibaia-resort\/","og_site_name":"Clube Moms","article_modified_time":"2023-09-04T14:01:38+00:00","og_image":[{"width":640,"height":335,"url":"https:\/\/clubedeviagensmoms.com.br\/homolog\/wp-content\/uploads\/2023\/07\/640720teste_000573_HiRes-1920w.webp","type":"image\/webp"}],"twitter_card":"summary_large_image","twitter_misc":{"Est. tempo de leitura":"2 minutos"},"schema":{"@context":"https:\/\/schema.org","@graph":[{"@type":"WebPage","@id":"https:\/\/clubedeviagensmoms.com.br\/homolog\/produto\/dia-das-criancas-bourbon-atibaia-resort\/","url":"https:\/\/clubedeviagensmoms.com.br\/homolog\/produto\/dia-das-criancas-bourbon-atibaia-resort\/","name":"Dia das Crian\u00e7as - Bourbon Atibaia Resort - Clube Moms","isPartOf":{"@id":"https:\/\/clubedeviagensmoms.com.br\/homolog\/#website"},"datePublished":"2023-07-27T15:38:08+00:00","dateModified":"2023-09-04T14:01:38+00:00","description":"Dia das Crian\u00e7as - Bourbon Atibaia Resort: uma op\u00e7\u00e3o incr\u00edvel para curtir o feriado prolongado no maravilhoso Bourbon Atibaia Resort!","breadcrumb":{"@id":"https:\/\/clubedeviagensmoms.com.br\/homolog\/produto\/dia-das-criancas-bourbon-atibaia-resort\/#breadcrumb"},"inLanguage":"pt-BR","potentialAction":[{"@type":"ReadAction","target":["https:\/\/clubedeviagensmoms.com.br\/homolog\/produto\/dia-das-criancas-bourbon-atibaia-resort\/"]}]},{"@type":"BreadcrumbList","@id":"https:\/\/clubedeviagensmoms.com.br\/homolog\/produto\/dia-das-criancas-bourbon-atibaia-resort\/#breadcrumb","itemListElement":[{"@type":"ListItem","position":1,"name":"Home","item":"https:\/\/clubedeviagensmoms.com.br\/homolog\/"},{"@type":"ListItem","position":2,"name":"Vamos Viajar","item":"https:\/\/clubedeviagensmoms.com.br\/homolog\/shop\/"},{"@type":"ListItem","position":3,"name":"Dia das Crian\u00e7as &#8211; Bourbon Atibaia Resort"}]},{"@type":"WebSite","@id":"https:\/\/clubedeviagensmoms.com.br\/homolog\/#website","url":"https:\/\/clubedeviagensmoms.com.br\/homolog\/","name":"Clube Moms","description":"O Clube Moms \u00e9 uma ag\u00eancia de turismo com foco em fam\u00edlias com crian\u00e7as, que uno os conceitos de Consultoria Especializada e Clube de Vantagens.","potentialAction":[{"@type":"SearchAction","target":{"@type":"EntryPoint","urlTemplate":"https:\/\/clubedeviagensmoms.com.br\/homolog\/?s={search_term_string}"},"query-input":"required name=search_term_string"}],"inLanguage":"pt-BR"}]}},"_links":{"self":[{"href":"https:\/\/clubedeviagensmoms.com.br\/homolog\/wp-json\/wp\/v2\/product\/5055","targetHints":{"allow":["GET"]}}],"collection":[{"href":"https:\/\/clubedeviagensmoms.com.br\/homolog\/wp-json\/wp\/v2\/product"}],"about":[{"href":"https:\/\/clubedeviagensmoms.com.br\/homolog\/wp-json\/wp\/v2\/types\/product"}],"replies":[{"embeddable":true,"href":"https:\/\/clubedeviagensmoms.com.br\/homolog\/wp-json\/wp\/v2\/comments?post=5055"}],"wp:featuredmedia":[{"embeddable":true,"href":"https:\/\/clubedeviagensmoms.com.br\/homolog\/wp-json\/wp\/v2\/media\/5756"}],"wp:attachment":[{"href":"https:\/\/clubedeviagensmoms.com.br\/homolog\/wp-json\/wp\/v2\/media?parent=5055"}],"wp:term":[{"taxonomy":"product_cat","embeddable":true,"href":"https:\/\/clubedeviagensmoms.com.br\/homolog\/wp-json\/wp\/v2\/product_cat?post=5055"},{"taxonomy":"product_tag","embeddable":true,"href":"https:\/\/clubedeviagensmoms.com.br\/homolog\/wp-json\/wp\/v2\/product_tag?post=5055"}],"curies":[{"name":"wp","href":"https:\/\/api.w.org\/{rel}","templated":true}]}}