{"id":5788,"date":"2023-09-04T12:34:51","date_gmt":"2023-09-04T15:34:51","guid":{"rendered":"http:\/\/clubedeviagensmoms.com.br\/homolog\/?post_type=product&#038;p=5788"},"modified":"2023-09-04T12:34:52","modified_gmt":"2023-09-04T15:34:52","slug":"dia-das-criancas-ferradura","status":"publish","type":"product","link":"https:\/\/clubedeviagensmoms.com.br\/homolog\/produto\/dia-das-criancas-ferradura\/","title":{"rendered":"DIA DAS CRIAN\u00c7AS &#8211; FERRADURA"},"content":{"rendered":"<h4>DIA DAS CRIAN\u00c7AS &#8211; FERRADURA<\/h4>\n<p>O Dia das Crian\u00e7as est\u00e1 quase batendo \u00e0 porta&#8230; e que tal uma escapada para B\u00fazios?<\/p>\n<p>B\u00fazios \u00e9 um ref\u00fagio m\u00e1gico onde a divers\u00e3o nunca tem fim. \ud83d\ude0d Voc\u00ea pode construir castelos de areia com os pequeninos, explorar as \u00e1guas cristalinas ou simplesmente se deliciar com as maravilhas da culin\u00e1ria local. Op\u00e7\u00f5es n\u00e3o faltam!<\/p>\n<p>E a divers\u00e3o est\u00e1 mais do que garantida para toda a fam\u00edlia!<\/p>\n<p>E adivinha s\u00f3? Temos o hotel ideal para que voc\u00ea aproveite tudo isso e muito mais!<\/p>\n<p>Trata-se do Ferradura Resort, quase com os p\u00e9s na areia de uma praia maravilhosa, especialmente pensado para fam\u00edlias.<\/p>\n<p>No Ferradura Resort, enquanto as crian\u00e7as se divertem na recrea\u00e7\u00e3o, voc\u00ea pode relaxar \u00e0 beira da piscina e escolher entre v\u00e1rias, acredite, v\u00e1rias piscinas! \ud83d\ude02\ud83d\ude02<\/p>\n<p>N\u00e3o perca essa incr\u00edvel oportunidade \u2b07\ufe0f<\/p>\n<h4>\u2764\ufe0fMimo Moms:<\/h4>\n<h4>\ud83d\udd3a1 petisco por reserva<\/h4>\n<h4>\ud83d\udd3aVoucher de consumo no valor de R$80,00<\/h4>\n<h4>\ud83d\udd3aUpgrade de categoria (sujeito \u00e0 disponibilidade no momento da reserva)<\/h4>\n<p>Aqui est\u00e3o nossas op\u00e7\u00f5es de pacotes para que sua fam\u00edlia aproveite ao m\u00e1ximo essa escapada em B\u00fazios:<\/p>\n<h4>\u2705 12 a 15 de outubro:<\/h4>\n<h4>\ud83d\udd39 Meia Pens\u00e3o a partir de R$ 3.470,04*<\/h4>\n<h4>\ud83d\udd39 Pens\u00e3o Completa por R$ 3.980,34*<\/h4>\n<h4>\u2705 11 a 15 de outubro:<\/h4>\n<h4>\ud83d\udd39 Meia Pens\u00e3o a partir de R$ 4.320,54*<\/h4>\n<h4>\ud83d\udd39 Pens\u00e3o Completa por R$ 4.992,84*<\/h4>\n<p>Prepare-se para uma experi\u00eancia inesquec\u00edvel em fam\u00edlia no Ferradura Resort!<\/p>\n<p>\ud83d\udcb3Pagamento: Parcelado em at\u00e9 5x no cart\u00e3o<\/p>\n<p>Contudo, as tarifas podem sofrer altera\u00e7\u00e3o a qualquer momento e s\u00e3o sujeitas a disponibilidade.<\/p>\n<p>Ent\u00e3o, voc\u00ea pode fazer a sua reserva atrav\u00e9s do <a href=\"https:\/\/api.whatsapp.com\/send?phone=552120420717&amp;text=Oi!%20Gostaria%20de%20fazer%20uma%20cota%C3%A7%C3%A3o%20\">WhatsApp<\/a><\/p>\n<p>J\u00e1 acompanha o Clube Moms nas redes sociais? Venha conferir o nosso\u00a0<a href=\"https:\/\/www.instagram.com\/clubedeviagensmoms\/\">Instagram\u00a0<\/a>com muitas dicas de viagem, al\u00e9m disso, curta tamb\u00e9m a nossa\u00a0<a href=\"https:\/\/www.facebook.com\/ClubeDeViagensMoms\/?hc_ref=ARREVFAUN6kemqQPikWPR6yOVqfolWuZ4Gm2u6EX4fJ2-jyHER8eDB5si8DvGkabbOE&amp;fref=nf&amp;__xts__[0]=68.ARAXJqd_Jm68dG9qh_a7A_hAS8hHGdRg1Cq8Je9my1EPnGBRo26TI37xs6IY6NhynKSzyIDhPcBRqvr6Nzuwi7g2W4UPO84T0-vU7mWKXia_C51FzzqVsE3HthHbuQetTo9gapY&amp;__tn__=kC-R\">p\u00e1gina do Facebook\u00a0\u00a0<\/a>e participe do nosso\u00a0<a href=\"https:\/\/www.facebook.com\/groups\/clubedeviagensmoms\/\">grupo do Facebook<\/a>\u00a0para saber sobre mais ofertas especiais.<\/p>\n<p>Caso queria conferir outras oportunidades, clique\u00a0<a href=\"http:\/\/clubedeviagensmoms.com.br\/homolog\/vamos-viajar\/hoteis\/\" target=\"_blank\" rel=\"noopener noreferrer\">aqui<\/a>\u00a0e verifique a nossa lista de hot\u00e9is parceiros.<\/p>\n","protected":false},"excerpt":{"rendered":"<p>DIA DAS CRIAN\u00c7AS &#8211; FERRADURA O Dia das Crian\u00e7as est\u00e1 quase batendo \u00e0 porta&#8230; e que tal uma escapada para B\u00fazios? B\u00fazios \u00e9 um ref\u00fagio m\u00e1gico onde a divers\u00e3o nunca tem fim. \ud83d\ude0d Voc\u00ea pode construir castelos de areia com os pequeninos, explorar as \u00e1guas cristalinas ou simplesmente se deliciar com as maravilhas da culin\u00e1ria [&hellip;]<\/p>\n","protected":false},"featured_media":5790,"comment_status":"closed","ping_status":"closed","template":"","meta":[],"product_cat":[20],"product_tag":[160,142,146,489,330],"class_list":["post-5788","product","type-product","status-publish","has-post-thumbnail","hentry","product_cat-ofertas-especiais","product_tag-armacao-de-buzios","product_tag-buzios","product_tag-dia-das-criancas","product_tag-ferradura","product_tag-ferradura-resort"],"acf":[],"yoast_head":"<!-- This site is optimized with the Yoast SEO Premium plugin v16.0.2 (Yoast SEO v21.2) - https:\/\/yoast.com\/wordpress\/plugins\/seo\/ -->\n<title>DIA DAS CRIAN\u00c7AS - FERRADURA - Clube Moms<\/title>\n<meta name=\"description\" content=\"DIA DAS CRIAN\u00c7AS - FERRADURA: O Dia das Crian\u00e7as est\u00e1 quase batendo \u00e0 porta... e B\u00fazios \u00e9 um ref\u00fagio m\u00e1gico onde a divers\u00e3o nunca tem fim.\" \/>\n<meta name=\"robots\" content=\"index, follow, max-snippet:-1, max-image-preview:large, max-video-preview:-1\" \/>\n<link rel=\"canonical\" href=\"https:\/\/clubedeviagensmoms.com.br\/homolog\/produto\/dia-das-criancas-ferradura\/\" \/>\n<meta property=\"og:locale\" content=\"pt_BR\" \/>\n<meta property=\"og:type\" content=\"article\" \/>\n<meta property=\"og:title\" content=\"DIA DAS CRIAN\u00c7AS - FERRADURA - Clube Moms\" \/>\n<meta property=\"og:description\" content=\"DIA DAS CRIAN\u00c7AS - FERRADURA: O Dia das Crian\u00e7as est\u00e1 quase batendo \u00e0 porta... e B\u00fazios \u00e9 um ref\u00fagio m\u00e1gico onde a divers\u00e3o nunca tem fim.\" \/>\n<meta property=\"og:url\" content=\"https:\/\/clubedeviagensmoms.com.br\/homolog\/produto\/dia-das-criancas-ferradura\/\" \/>\n<meta property=\"og:site_name\" content=\"Clube Moms\" \/>\n<meta property=\"article:modified_time\" content=\"2023-09-04T15:34:52+00:00\" \/>\n<meta property=\"og:image\" content=\"https:\/\/clubedeviagensmoms.com.br\/homolog\/wp-content\/uploads\/2023\/09\/640PISCINA-PRINCIPAL.webp\" \/>\n\t<meta property=\"og:image:width\" content=\"640\" \/>\n\t<meta property=\"og:image:height\" content=\"335\" \/>\n\t<meta property=\"og:image:type\" content=\"image\/webp\" \/>\n<meta name=\"twitter:card\" content=\"summary_large_image\" \/>\n<meta name=\"twitter:label1\" content=\"Est. tempo de leitura\" \/>\n\t<meta name=\"twitter:data1\" content=\"2 minutos\" \/>\n<script type=\"application\/ld+json\" class=\"yoast-schema-graph\">{\"@context\":\"https:\/\/schema.org\",\"@graph\":[{\"@type\":\"WebPage\",\"@id\":\"https:\/\/clubedeviagensmoms.com.br\/homolog\/produto\/dia-das-criancas-ferradura\/\",\"url\":\"https:\/\/clubedeviagensmoms.com.br\/homolog\/produto\/dia-das-criancas-ferradura\/\",\"name\":\"DIA DAS CRIAN\u00c7AS - FERRADURA - Clube Moms\",\"isPartOf\":{\"@id\":\"https:\/\/clubedeviagensmoms.com.br\/homolog\/#website\"},\"datePublished\":\"2023-09-04T15:34:51+00:00\",\"dateModified\":\"2023-09-04T15:34:52+00:00\",\"description\":\"DIA DAS CRIAN\u00c7AS - FERRADURA: O Dia das Crian\u00e7as est\u00e1 quase batendo \u00e0 porta... e B\u00fazios \u00e9 um ref\u00fagio m\u00e1gico onde a divers\u00e3o nunca tem fim.\",\"breadcrumb\":{\"@id\":\"https:\/\/clubedeviagensmoms.com.br\/homolog\/produto\/dia-das-criancas-ferradura\/#breadcrumb\"},\"inLanguage\":\"pt-BR\",\"potentialAction\":[{\"@type\":\"ReadAction\",\"target\":[\"https:\/\/clubedeviagensmoms.com.br\/homolog\/produto\/dia-das-criancas-ferradura\/\"]}]},{\"@type\":\"BreadcrumbList\",\"@id\":\"https:\/\/clubedeviagensmoms.com.br\/homolog\/produto\/dia-das-criancas-ferradura\/#breadcrumb\",\"itemListElement\":[{\"@type\":\"ListItem\",\"position\":1,\"name\":\"Home\",\"item\":\"https:\/\/clubedeviagensmoms.com.br\/homolog\/\"},{\"@type\":\"ListItem\",\"position\":2,\"name\":\"Vamos Viajar\",\"item\":\"https:\/\/clubedeviagensmoms.com.br\/homolog\/shop\/\"},{\"@type\":\"ListItem\",\"position\":3,\"name\":\"DIA DAS CRIAN\u00c7AS &#8211; FERRADURA\"}]},{\"@type\":\"WebSite\",\"@id\":\"https:\/\/clubedeviagensmoms.com.br\/homolog\/#website\",\"url\":\"https:\/\/clubedeviagensmoms.com.br\/homolog\/\",\"name\":\"Clube Moms\",\"description\":\"O Clube Moms \u00e9 uma ag\u00eancia de turismo com foco em fam\u00edlias com crian\u00e7as, que uno os conceitos de Consultoria Especializada e Clube de Vantagens.\",\"potentialAction\":[{\"@type\":\"SearchAction\",\"target\":{\"@type\":\"EntryPoint\",\"urlTemplate\":\"https:\/\/clubedeviagensmoms.com.br\/homolog\/?s={search_term_string}\"},\"query-input\":\"required name=search_term_string\"}],\"inLanguage\":\"pt-BR\"}]}<\/script>\n<!-- \/ Yoast SEO Premium plugin. -->","yoast_head_json":{"title":"DIA DAS CRIAN\u00c7AS - FERRADURA - Clube Moms","description":"DIA DAS CRIAN\u00c7AS - FERRADURA: O Dia das Crian\u00e7as est\u00e1 quase batendo \u00e0 porta... e B\u00fazios \u00e9 um ref\u00fagio m\u00e1gico onde a divers\u00e3o nunca tem fim.","robots":{"index":"index","follow":"follow","max-snippet":"max-snippet:-1","max-image-preview":"max-image-preview:large","max-video-preview":"max-video-preview:-1"},"canonical":"https:\/\/clubedeviagensmoms.com.br\/homolog\/produto\/dia-das-criancas-ferradura\/","og_locale":"pt_BR","og_type":"article","og_title":"DIA DAS CRIAN\u00c7AS - FERRADURA - Clube Moms","og_description":"DIA DAS CRIAN\u00c7AS - FERRADURA: O Dia das Crian\u00e7as est\u00e1 quase batendo \u00e0 porta... e B\u00fazios \u00e9 um ref\u00fagio m\u00e1gico onde a divers\u00e3o nunca tem fim.","og_url":"https:\/\/clubedeviagensmoms.com.br\/homolog\/produto\/dia-das-criancas-ferradura\/","og_site_name":"Clube Moms","article_modified_time":"2023-09-04T15:34:52+00:00","og_image":[{"width":640,"height":335,"url":"https:\/\/clubedeviagensmoms.com.br\/homolog\/wp-content\/uploads\/2023\/09\/640PISCINA-PRINCIPAL.webp","type":"image\/webp"}],"twitter_card":"summary_large_image","twitter_misc":{"Est. tempo de leitura":"2 minutos"},"schema":{"@context":"https:\/\/schema.org","@graph":[{"@type":"WebPage","@id":"https:\/\/clubedeviagensmoms.com.br\/homolog\/produto\/dia-das-criancas-ferradura\/","url":"https:\/\/clubedeviagensmoms.com.br\/homolog\/produto\/dia-das-criancas-ferradura\/","name":"DIA DAS CRIAN\u00c7AS - FERRADURA - Clube Moms","isPartOf":{"@id":"https:\/\/clubedeviagensmoms.com.br\/homolog\/#website"},"datePublished":"2023-09-04T15:34:51+00:00","dateModified":"2023-09-04T15:34:52+00:00","description":"DIA DAS CRIAN\u00c7AS - FERRADURA: O Dia das Crian\u00e7as est\u00e1 quase batendo \u00e0 porta... e B\u00fazios \u00e9 um ref\u00fagio m\u00e1gico onde a divers\u00e3o nunca tem fim.","breadcrumb":{"@id":"https:\/\/clubedeviagensmoms.com.br\/homolog\/produto\/dia-das-criancas-ferradura\/#breadcrumb"},"inLanguage":"pt-BR","potentialAction":[{"@type":"ReadAction","target":["https:\/\/clubedeviagensmoms.com.br\/homolog\/produto\/dia-das-criancas-ferradura\/"]}]},{"@type":"BreadcrumbList","@id":"https:\/\/clubedeviagensmoms.com.br\/homolog\/produto\/dia-das-criancas-ferradura\/#breadcrumb","itemListElement":[{"@type":"ListItem","position":1,"name":"Home","item":"https:\/\/clubedeviagensmoms.com.br\/homolog\/"},{"@type":"ListItem","position":2,"name":"Vamos Viajar","item":"https:\/\/clubedeviagensmoms.com.br\/homolog\/shop\/"},{"@type":"ListItem","position":3,"name":"DIA DAS CRIAN\u00c7AS &#8211; FERRADURA"}]},{"@type":"WebSite","@id":"https:\/\/clubedeviagensmoms.com.br\/homolog\/#website","url":"https:\/\/clubedeviagensmoms.com.br\/homolog\/","name":"Clube Moms","description":"O Clube Moms \u00e9 uma ag\u00eancia de turismo com foco em fam\u00edlias com crian\u00e7as, que uno os conceitos de Consultoria Especializada e Clube de Vantagens.","potentialAction":[{"@type":"SearchAction","target":{"@type":"EntryPoint","urlTemplate":"https:\/\/clubedeviagensmoms.com.br\/homolog\/?s={search_term_string}"},"query-input":"required name=search_term_string"}],"inLanguage":"pt-BR"}]}},"_links":{"self":[{"href":"https:\/\/clubedeviagensmoms.com.br\/homolog\/wp-json\/wp\/v2\/product\/5788","targetHints":{"allow":["GET"]}}],"collection":[{"href":"https:\/\/clubedeviagensmoms.com.br\/homolog\/wp-json\/wp\/v2\/product"}],"about":[{"href":"https:\/\/clubedeviagensmoms.com.br\/homolog\/wp-json\/wp\/v2\/types\/product"}],"replies":[{"embeddable":true,"href":"https:\/\/clubedeviagensmoms.com.br\/homolog\/wp-json\/wp\/v2\/comments?post=5788"}],"wp:featuredmedia":[{"embeddable":true,"href":"https:\/\/clubedeviagensmoms.com.br\/homolog\/wp-json\/wp\/v2\/media\/5790"}],"wp:attachment":[{"href":"https:\/\/clubedeviagensmoms.com.br\/homolog\/wp-json\/wp\/v2\/media?parent=5788"}],"wp:term":[{"taxonomy":"product_cat","embeddable":true,"href":"https:\/\/clubedeviagensmoms.com.br\/homolog\/wp-json\/wp\/v2\/product_cat?post=5788"},{"taxonomy":"product_tag","embeddable":true,"href":"https:\/\/clubedeviagensmoms.com.br\/homolog\/wp-json\/wp\/v2\/product_tag?post=5788"}],"curies":[{"name":"wp","href":"https:\/\/api.w.org\/{rel}","templated":true}]}}