{"id":5797,"date":"2023-09-04T12:53:22","date_gmt":"2023-09-04T15:53:22","guid":{"rendered":"http:\/\/clubedeviagensmoms.com.br\/homolog\/?post_type=product&#038;p=5797"},"modified":"2023-09-04T12:53:22","modified_gmt":"2023-09-04T15:53:22","slug":"vale-da-mantiqueira-novembro","status":"publish","type":"product","link":"https:\/\/clubedeviagensmoms.com.br\/homolog\/produto\/vale-da-mantiqueira-novembro\/","title":{"rendered":"VALE DA MANTIQUEIRA &#8211; NOVEMBRO"},"content":{"rendered":"<p>VALE DA MANTIQUEIRA &#8211; NOVEMBRO<\/p>\n<p>Em novembro, o Vale da Mantiqueira se transforma em um ref\u00fagio ainda mais encantador!<\/p>\n<p>Que tal uma escapada incr\u00edvel com a fam\u00edlia no Hotel Fazenda Vale da Mantiqueira? <strong>N\u00e3o perca esta oportunidade incr\u00edvel para o feriado de 02 de novembro!\u00a0<\/strong><\/p>\n<p>Imagine passar dias maravilhosos em um local cercado pela natureza, super acolhedor e repleto de atividades para todas as idades. Sim, o Vale da Mantiqueira \u00e9 o destino perfeito para curtir muuuuuito em fam\u00edlia!\u00a0Al\u00e9m disso, o Vale da Mantiqueira oferece uma variedade de op\u00e7\u00f5es de lazer, como passeios a cavalo, piscinas aquecidas para adultos e crian\u00e7as, um divertido Kids Club e at\u00e9 trilhas radicais para os mais aventureiros explorarem.<\/p>\n<p>Que tal economizar ainda mais na sua estadia no Hotel Fazenda Vale da Mantiqueira? Com o nosso mimo exclusivo para as Moms, voc\u00ea aproveita um desconto realmente especial na tarifa! \ud83d\udc96<\/p>\n<p>Confira os detalhes<\/p>\n<p>\u2764 MIMO MOMS: \u2192 Desconto incr\u00edvel na tarifa<\/p>\n<p>01 a 05 de novembro<\/p>\n<p>Apartamento Supreme &#8211; A partir de R$ 5.995,42*<br \/>\n*Valor para 02 adultos e 02 crian\u00e7as de at\u00e9 12 anos com pens\u00e3o completa e bebidas \u00e0 parte.<\/p>\n<p>Pagamento: Parcelado em at\u00e9 6x sem juros no cart\u00e3o !!!<\/p>\n<p>N\u00e3o perca essa oportunidade de criar mem\u00f3rias inesquec\u00edveis com sua fam\u00edlia no Hotel Fazenda Vale da Mantiqueira. Reserve agora e garanta momentos de alegria e descontra\u00e7\u00e3o!<\/p>\n<p>Contudo, as tarifas podem sofrer altera\u00e7\u00e3o a qualquer momento e s\u00e3o sujeitas a disponibilidade.<\/p>\n<p>Ent\u00e3o, voc\u00ea pode fazer a sua reserva atrav\u00e9s do <a href=\"https:\/\/api.whatsapp.com\/send?phone=552120420717&amp;text=Oi!%20Gostaria%20de%20fazer%20uma%20cota%C3%A7%C3%A3o%20\">WhatsApp<\/a><\/p>\n<p>J\u00e1 acompanha o Clube Moms nas redes sociais? Venha conferir o nosso\u00a0<a href=\"https:\/\/www.instagram.com\/clubedeviagensmoms\/\">Instagram\u00a0<\/a>com muitas dicas de viagem, al\u00e9m disso, curta tamb\u00e9m a nossa\u00a0<a href=\"https:\/\/www.facebook.com\/ClubeDeViagensMoms\/?hc_ref=ARREVFAUN6kemqQPikWPR6yOVqfolWuZ4Gm2u6EX4fJ2-jyHER8eDB5si8DvGkabbOE&amp;fref=nf&amp;__xts__[0]=68.ARAXJqd_Jm68dG9qh_a7A_hAS8hHGdRg1Cq8Je9my1EPnGBRo26TI37xs6IY6NhynKSzyIDhPcBRqvr6Nzuwi7g2W4UPO84T0-vU7mWKXia_C51FzzqVsE3HthHbuQetTo9gapY&amp;__tn__=kC-R\">p\u00e1gina do Facebook\u00a0\u00a0<\/a>e participe do nosso\u00a0<a href=\"https:\/\/www.facebook.com\/groups\/clubedeviagensmoms\/\">grupo do Facebook<\/a>\u00a0para saber sobre mais ofertas especiais.<\/p>\n<p>Caso queria conferir outras oportunidades, clique\u00a0<a href=\"http:\/\/clubedeviagensmoms.com.br\/homolog\/vamos-viajar\/hoteis\/\" target=\"_blank\" rel=\"noopener noreferrer\">aqui<\/a>\u00a0e verifique a nossa lista de hot\u00e9is parceiros.<\/p>\n","protected":false},"excerpt":{"rendered":"<p>VALE DA MANTIQUEIRA &#8211; NOVEMBRO Em novembro, o Vale da Mantiqueira se transforma em um ref\u00fagio ainda mais encantador! Que tal uma escapada incr\u00edvel com a fam\u00edlia no Hotel Fazenda Vale da Mantiqueira? N\u00e3o perca esta oportunidade incr\u00edvel para o feriado de 02 de novembro!\u00a0 Imagine passar dias maravilhosos em um local cercado pela natureza, [&hellip;]<\/p>\n","protected":false},"featured_media":5798,"comment_status":"closed","ping_status":"closed","template":"","meta":[],"product_cat":[20],"product_tag":[326,339,266,491,187,267],"class_list":["post-5797","product","type-product","status-publish","has-post-thumbnail","hentry","product_cat-ofertas-especiais","product_tag-feriado","product_tag-feriado-de-finados","product_tag-hotel-fazenda-vale-da-mantiqueira","product_tag-hotel-vale-da-mantiqueira","product_tag-minas-gerais","product_tag-virginia"],"acf":[],"yoast_head":"<!-- This site is optimized with the Yoast SEO Premium plugin v16.0.2 (Yoast SEO v21.2) - https:\/\/yoast.com\/wordpress\/plugins\/seo\/ -->\n<title>VALE DA MANTIQUEIRA - NOVEMBRO - Clube Moms<\/title>\n<meta name=\"description\" content=\"VALE DA MANTIQUEIRA - NOVEMBRO: dias maravilhosos em um local cercado pela natureza, super acolhedor e repleto de atividades para todas as idades.\" \/>\n<meta name=\"robots\" content=\"index, follow, max-snippet:-1, max-image-preview:large, max-video-preview:-1\" \/>\n<link rel=\"canonical\" href=\"https:\/\/clubedeviagensmoms.com.br\/homolog\/produto\/vale-da-mantiqueira-novembro\/\" \/>\n<meta property=\"og:locale\" content=\"pt_BR\" \/>\n<meta property=\"og:type\" content=\"article\" \/>\n<meta property=\"og:title\" content=\"VALE DA MANTIQUEIRA - NOVEMBRO - Clube Moms\" \/>\n<meta property=\"og:description\" content=\"VALE DA MANTIQUEIRA - NOVEMBRO: dias maravilhosos em um local cercado pela natureza, super acolhedor e repleto de atividades para todas as idades.\" \/>\n<meta property=\"og:url\" content=\"https:\/\/clubedeviagensmoms.com.br\/homolog\/produto\/vale-da-mantiqueira-novembro\/\" \/>\n<meta property=\"og:site_name\" content=\"Clube Moms\" \/>\n<meta property=\"og:image\" content=\"https:\/\/clubedeviagensmoms.com.br\/homolog\/wp-content\/uploads\/2023\/09\/640FFFA1302.webp\" \/>\n\t<meta property=\"og:image:width\" content=\"640\" \/>\n\t<meta property=\"og:image:height\" content=\"335\" \/>\n\t<meta property=\"og:image:type\" content=\"image\/webp\" \/>\n<meta name=\"twitter:card\" content=\"summary_large_image\" \/>\n<meta name=\"twitter:label1\" content=\"Est. tempo de leitura\" \/>\n\t<meta name=\"twitter:data1\" content=\"2 minutos\" \/>\n<script type=\"application\/ld+json\" class=\"yoast-schema-graph\">{\"@context\":\"https:\/\/schema.org\",\"@graph\":[{\"@type\":\"WebPage\",\"@id\":\"https:\/\/clubedeviagensmoms.com.br\/homolog\/produto\/vale-da-mantiqueira-novembro\/\",\"url\":\"https:\/\/clubedeviagensmoms.com.br\/homolog\/produto\/vale-da-mantiqueira-novembro\/\",\"name\":\"VALE DA MANTIQUEIRA - NOVEMBRO - Clube Moms\",\"isPartOf\":{\"@id\":\"https:\/\/clubedeviagensmoms.com.br\/homolog\/#website\"},\"datePublished\":\"2023-09-04T15:53:22+00:00\",\"dateModified\":\"2023-09-04T15:53:22+00:00\",\"description\":\"VALE DA MANTIQUEIRA - NOVEMBRO: dias maravilhosos em um local cercado pela natureza, super acolhedor e repleto de atividades para todas as idades.\",\"breadcrumb\":{\"@id\":\"https:\/\/clubedeviagensmoms.com.br\/homolog\/produto\/vale-da-mantiqueira-novembro\/#breadcrumb\"},\"inLanguage\":\"pt-BR\",\"potentialAction\":[{\"@type\":\"ReadAction\",\"target\":[\"https:\/\/clubedeviagensmoms.com.br\/homolog\/produto\/vale-da-mantiqueira-novembro\/\"]}]},{\"@type\":\"BreadcrumbList\",\"@id\":\"https:\/\/clubedeviagensmoms.com.br\/homolog\/produto\/vale-da-mantiqueira-novembro\/#breadcrumb\",\"itemListElement\":[{\"@type\":\"ListItem\",\"position\":1,\"name\":\"Home\",\"item\":\"https:\/\/clubedeviagensmoms.com.br\/homolog\/\"},{\"@type\":\"ListItem\",\"position\":2,\"name\":\"Vamos Viajar\",\"item\":\"https:\/\/clubedeviagensmoms.com.br\/homolog\/shop\/\"},{\"@type\":\"ListItem\",\"position\":3,\"name\":\"VALE DA MANTIQUEIRA &#8211; NOVEMBRO\"}]},{\"@type\":\"WebSite\",\"@id\":\"https:\/\/clubedeviagensmoms.com.br\/homolog\/#website\",\"url\":\"https:\/\/clubedeviagensmoms.com.br\/homolog\/\",\"name\":\"Clube Moms\",\"description\":\"O Clube Moms \u00e9 uma ag\u00eancia de turismo com foco em fam\u00edlias com crian\u00e7as, que uno os conceitos de Consultoria Especializada e Clube de Vantagens.\",\"potentialAction\":[{\"@type\":\"SearchAction\",\"target\":{\"@type\":\"EntryPoint\",\"urlTemplate\":\"https:\/\/clubedeviagensmoms.com.br\/homolog\/?s={search_term_string}\"},\"query-input\":\"required name=search_term_string\"}],\"inLanguage\":\"pt-BR\"}]}<\/script>\n<!-- \/ Yoast SEO Premium plugin. -->","yoast_head_json":{"title":"VALE DA MANTIQUEIRA - NOVEMBRO - Clube Moms","description":"VALE DA MANTIQUEIRA - NOVEMBRO: dias maravilhosos em um local cercado pela natureza, super acolhedor e repleto de atividades para todas as idades.","robots":{"index":"index","follow":"follow","max-snippet":"max-snippet:-1","max-image-preview":"max-image-preview:large","max-video-preview":"max-video-preview:-1"},"canonical":"https:\/\/clubedeviagensmoms.com.br\/homolog\/produto\/vale-da-mantiqueira-novembro\/","og_locale":"pt_BR","og_type":"article","og_title":"VALE DA MANTIQUEIRA - NOVEMBRO - Clube Moms","og_description":"VALE DA MANTIQUEIRA - NOVEMBRO: dias maravilhosos em um local cercado pela natureza, super acolhedor e repleto de atividades para todas as idades.","og_url":"https:\/\/clubedeviagensmoms.com.br\/homolog\/produto\/vale-da-mantiqueira-novembro\/","og_site_name":"Clube Moms","og_image":[{"width":640,"height":335,"url":"https:\/\/clubedeviagensmoms.com.br\/homolog\/wp-content\/uploads\/2023\/09\/640FFFA1302.webp","type":"image\/webp"}],"twitter_card":"summary_large_image","twitter_misc":{"Est. tempo de leitura":"2 minutos"},"schema":{"@context":"https:\/\/schema.org","@graph":[{"@type":"WebPage","@id":"https:\/\/clubedeviagensmoms.com.br\/homolog\/produto\/vale-da-mantiqueira-novembro\/","url":"https:\/\/clubedeviagensmoms.com.br\/homolog\/produto\/vale-da-mantiqueira-novembro\/","name":"VALE DA MANTIQUEIRA - NOVEMBRO - Clube Moms","isPartOf":{"@id":"https:\/\/clubedeviagensmoms.com.br\/homolog\/#website"},"datePublished":"2023-09-04T15:53:22+00:00","dateModified":"2023-09-04T15:53:22+00:00","description":"VALE DA MANTIQUEIRA - NOVEMBRO: dias maravilhosos em um local cercado pela natureza, super acolhedor e repleto de atividades para todas as idades.","breadcrumb":{"@id":"https:\/\/clubedeviagensmoms.com.br\/homolog\/produto\/vale-da-mantiqueira-novembro\/#breadcrumb"},"inLanguage":"pt-BR","potentialAction":[{"@type":"ReadAction","target":["https:\/\/clubedeviagensmoms.com.br\/homolog\/produto\/vale-da-mantiqueira-novembro\/"]}]},{"@type":"BreadcrumbList","@id":"https:\/\/clubedeviagensmoms.com.br\/homolog\/produto\/vale-da-mantiqueira-novembro\/#breadcrumb","itemListElement":[{"@type":"ListItem","position":1,"name":"Home","item":"https:\/\/clubedeviagensmoms.com.br\/homolog\/"},{"@type":"ListItem","position":2,"name":"Vamos Viajar","item":"https:\/\/clubedeviagensmoms.com.br\/homolog\/shop\/"},{"@type":"ListItem","position":3,"name":"VALE DA MANTIQUEIRA &#8211; NOVEMBRO"}]},{"@type":"WebSite","@id":"https:\/\/clubedeviagensmoms.com.br\/homolog\/#website","url":"https:\/\/clubedeviagensmoms.com.br\/homolog\/","name":"Clube Moms","description":"O Clube Moms \u00e9 uma ag\u00eancia de turismo com foco em fam\u00edlias com crian\u00e7as, que uno os conceitos de Consultoria Especializada e Clube de Vantagens.","potentialAction":[{"@type":"SearchAction","target":{"@type":"EntryPoint","urlTemplate":"https:\/\/clubedeviagensmoms.com.br\/homolog\/?s={search_term_string}"},"query-input":"required name=search_term_string"}],"inLanguage":"pt-BR"}]}},"_links":{"self":[{"href":"https:\/\/clubedeviagensmoms.com.br\/homolog\/wp-json\/wp\/v2\/product\/5797","targetHints":{"allow":["GET"]}}],"collection":[{"href":"https:\/\/clubedeviagensmoms.com.br\/homolog\/wp-json\/wp\/v2\/product"}],"about":[{"href":"https:\/\/clubedeviagensmoms.com.br\/homolog\/wp-json\/wp\/v2\/types\/product"}],"replies":[{"embeddable":true,"href":"https:\/\/clubedeviagensmoms.com.br\/homolog\/wp-json\/wp\/v2\/comments?post=5797"}],"wp:featuredmedia":[{"embeddable":true,"href":"https:\/\/clubedeviagensmoms.com.br\/homolog\/wp-json\/wp\/v2\/media\/5798"}],"wp:attachment":[{"href":"https:\/\/clubedeviagensmoms.com.br\/homolog\/wp-json\/wp\/v2\/media?parent=5797"}],"wp:term":[{"taxonomy":"product_cat","embeddable":true,"href":"https:\/\/clubedeviagensmoms.com.br\/homolog\/wp-json\/wp\/v2\/product_cat?post=5797"},{"taxonomy":"product_tag","embeddable":true,"href":"https:\/\/clubedeviagensmoms.com.br\/homolog\/wp-json\/wp\/v2\/product_tag?post=5797"}],"curies":[{"name":"wp","href":"https:\/\/api.w.org\/{rel}","templated":true}]}}