{"id":5812,"date":"2023-09-04T14:51:21","date_gmt":"2023-09-04T17:51:21","guid":{"rendered":"http:\/\/clubedeviagensmoms.com.br\/homolog\/?post_type=product&#038;p=5812"},"modified":"2023-09-04T14:55:48","modified_gmt":"2023-09-04T17:55:48","slug":"pacote-beto-carrero","status":"publish","type":"product","link":"https:\/\/clubedeviagensmoms.com.br\/homolog\/produto\/pacote-beto-carrero\/","title":{"rendered":"PACOTE BETO CARRERO"},"content":{"rendered":"<h3>Pacote Beto Carrero: 3 Dias de Divers\u00e3o \ud83d\udea8<\/h3>\n<p>Este pacote \u00e9, simplesmente, imperd\u00edvel e perfeito para a fam\u00edlia toda! \ud83c\udfa2<\/p>\n<p>Prepare-se, pois aqui, a divers\u00e3o em fam\u00edlia \u00e9 garantida, com aventuras emocionantes e mem\u00f3rias inesquec\u00edveis. \ud83d\ude0d<\/p>\n<p>Desfrute, assim, de emocionantes montanhas-russas, encontros com personagens ador\u00e1veis e shows espetaculares no Beto Carrero World. \ud83c\udfa0<\/p>\n<p>E a\u00ed vai uma dica importante: \ud83d\udc49 Corra, pois as vagas s\u00e3o LIMITADAS!<\/p>\n<p>Confira, agora, os detalhes \u2b07<\/p>\n<h4>\u2705 24 a 27 de novembro<\/h4>\n<p>\ud83d\udd38A\u00e9reo pela GOL<\/p>\n<p>\ud83d\udd383 noites de hospedagem com caf\u00e9 da manh\u00e3<\/p>\n<p>\ud83d\udd38Transfer ida e volta do aeroporto para o hotel<\/p>\n<p>\ud83d\udd38Transfer hotel x Beto Carrero<\/p>\n<p>\ud83d\udd381 dia de ingresso para o Beto Carrero World<\/p>\n<h4>\u2708A\u00e9reo: GOL<\/h4>\n<p>IDA: 24\/11 RIO (SDU) &#8211; FLORIAN\u00d3POLIS (FLN) Sa\u00edda do Rio \u00e0s 12:05 hrs e chegada em Florian\u00f3polis \u00e0s 13:40 hrs<\/p>\n<p>VOLTA: 27\/11 FLORIAN\u00d3POLIS (FLN) &#8211; RIO (SDU) Sa\u00edda de Florian\u00f3polis \u00e0s 19:15 hrs &#8211; chegada no Rio \u00e0s 20:45 hrs<\/p>\n<h4>\ud83c\udfe9Hotel: HOTEL ROSENBROCK, com caf\u00e9 da manh\u00e3<\/h4>\n<p>O Rosenbrock Hotel \u00e9 uma excelente escolha para quem deseja visitar o Beto Carrero World e ainda estar pr\u00f3ximo da famosa Praia Central de Balne\u00e1rio Cambori\u00fa. Al\u00e9m disso, o hotel oferece uma piscina ao ar livre, um terra\u00e7o com vista panor\u00e2mica para o Cristo Luz, quartos confort\u00e1veis, um sal\u00e3o de jogos e at\u00e9 uma academia! Ele est\u00e1, assim, rodeado por diversos bares, restaurantes, lojas e atra\u00e7\u00f5es tur\u00edsticas, sendo o local ideal para uma estadia incr\u00edvel em fam\u00edlia. \ud83d\ude0a<\/p>\n<p>\u27a1R$3.243,18, a partir de para 2 adultos<br \/>\n\u27a1R$4.620,31, a partir de para 2 adultos + 1 crian\u00e7a at\u00e9 12 anos<br \/>\n\u27a1R$5.997,43, a partir de para 2 adultos + 2 crian\u00e7as at\u00e9 12 anos<br \/>\n*Cota\u00e7\u00e3o feita em 01\/09\/2023 em quarto categoria dupla, triplo ou quadruplo para as categorias descritas<\/p>\n<p>\ud83d\udcb3Pagamento: em at\u00e9 10x sem juros no ato da reserva<\/p>\n<p>Contudo, as tarifas podem sofrer altera\u00e7\u00e3o a qualquer momento e s\u00e3o sujeitas a disponibilidade.<\/p>\n<p>Ent\u00e3o, voc\u00ea pode fazer a sua reserva atrav\u00e9s do\u00a0<a href=\"https:\/\/api.whatsapp.com\/send?phone=552120420717&amp;text=Oi!%20Gostaria%20de%20fazer%20uma%20cota%C3%A7%C3%A3o%20\">WhatsApp<\/a><\/p>\n<p>J\u00e1 acompanha o Clube Moms nas redes sociais? Venha conferir o nosso\u00a0<a href=\"https:\/\/www.instagram.com\/clubedeviagensmoms\/\">Instagram\u00a0<\/a>com muitas dicas de viagem, al\u00e9m disso, curta tamb\u00e9m a nossa\u00a0<a href=\"https:\/\/www.facebook.com\/ClubeDeViagensMoms\/?hc_ref=ARREVFAUN6kemqQPikWPR6yOVqfolWuZ4Gm2u6EX4fJ2-jyHER8eDB5si8DvGkabbOE&amp;fref=nf&amp;__xts__[0]=68.ARAXJqd_Jm68dG9qh_a7A_hAS8hHGdRg1Cq8Je9my1EPnGBRo26TI37xs6IY6NhynKSzyIDhPcBRqvr6Nzuwi7g2W4UPO84T0-vU7mWKXia_C51FzzqVsE3HthHbuQetTo9gapY&amp;__tn__=kC-R\">p\u00e1gina do Facebook\u00a0\u00a0<\/a>e participe do nosso\u00a0<a href=\"https:\/\/www.facebook.com\/groups\/clubedeviagensmoms\/\">grupo do Facebook<\/a>\u00a0para saber sobre mais ofertas especiais.<\/p>\n<p>Caso queria conferir outras oportunidades, clique\u00a0<a href=\"http:\/\/clubedeviagensmoms.com.br\/homolog\/vamos-viajar\/hoteis\/\" target=\"_blank\" rel=\"noopener noreferrer\">aqui<\/a>\u00a0e verifique a nossa lista de hot\u00e9is parceiros.<\/p>\n","protected":false},"excerpt":{"rendered":"<p>Pacote Beto Carrero: 3 Dias de Divers\u00e3o \ud83d\udea8 Este pacote \u00e9, simplesmente, imperd\u00edvel e perfeito para a fam\u00edlia toda! \ud83c\udfa2 Prepare-se, pois aqui, a divers\u00e3o em fam\u00edlia \u00e9 garantida, com aventuras emocionantes e mem\u00f3rias inesquec\u00edveis. \ud83d\ude0d Desfrute, assim, de emocionantes montanhas-russas, encontros com personagens ador\u00e1veis e shows espetaculares no Beto Carrero World. \ud83c\udfa0 E a\u00ed [&hellip;]<\/p>\n","protected":false},"featured_media":5813,"comment_status":"closed","ping_status":"closed","template":"","meta":[],"product_cat":[20,18],"product_tag":[679,677,238,678,680,103],"class_list":["post-5812","product","type-product","status-publish","has-post-thumbnail","hentry","product_cat-ofertas-especiais","product_cat-pacotes-nacionais","product_tag-balneario-camboriu","product_tag-beto-carrero","product_tag-florianopolis","product_tag-pacote-beto-carrero","product_tag-pacote-de-viagem","product_tag-pacote-nacional"],"acf":[],"yoast_head":"<!-- This site is optimized with the Yoast SEO Premium plugin v16.0.2 (Yoast SEO v21.2) - https:\/\/yoast.com\/wordpress\/plugins\/seo\/ -->\n<title>PACOTE BETO CARRERO - Clube Moms<\/title>\n<meta name=\"description\" content=\"Pacote Beto Carrero: Prepare-se, pois aqui, a divers\u00e3o em fam\u00edlia \u00e9 garantida, com aventuras emocionantes e mem\u00f3rias inesquec\u00edveis.\" \/>\n<meta name=\"robots\" content=\"index, follow, max-snippet:-1, max-image-preview:large, max-video-preview:-1\" \/>\n<link rel=\"canonical\" href=\"https:\/\/clubedeviagensmoms.com.br\/homolog\/produto\/pacote-beto-carrero\/\" \/>\n<meta property=\"og:locale\" content=\"pt_BR\" \/>\n<meta property=\"og:type\" content=\"article\" \/>\n<meta property=\"og:title\" content=\"PACOTE BETO CARRERO - Clube Moms\" \/>\n<meta property=\"og:description\" content=\"Pacote Beto Carrero: Prepare-se, pois aqui, a divers\u00e3o em fam\u00edlia \u00e9 garantida, com aventuras emocionantes e mem\u00f3rias inesquec\u00edveis.\" \/>\n<meta property=\"og:url\" content=\"https:\/\/clubedeviagensmoms.com.br\/homolog\/produto\/pacote-beto-carrero\/\" \/>\n<meta property=\"og:site_name\" content=\"Clube Moms\" \/>\n<meta property=\"article:modified_time\" content=\"2023-09-04T17:55:48+00:00\" \/>\n<meta property=\"og:image\" content=\"https:\/\/clubedeviagensmoms.com.br\/homolog\/wp-content\/uploads\/2023\/09\/640IMG_0040.webp\" \/>\n\t<meta property=\"og:image:width\" content=\"640\" \/>\n\t<meta property=\"og:image:height\" content=\"335\" \/>\n\t<meta property=\"og:image:type\" content=\"image\/webp\" \/>\n<meta name=\"twitter:card\" content=\"summary_large_image\" \/>\n<meta name=\"twitter:label1\" content=\"Est. tempo de leitura\" \/>\n\t<meta name=\"twitter:data1\" content=\"3 minutos\" \/>\n<script type=\"application\/ld+json\" class=\"yoast-schema-graph\">{\"@context\":\"https:\/\/schema.org\",\"@graph\":[{\"@type\":\"WebPage\",\"@id\":\"https:\/\/clubedeviagensmoms.com.br\/homolog\/produto\/pacote-beto-carrero\/\",\"url\":\"https:\/\/clubedeviagensmoms.com.br\/homolog\/produto\/pacote-beto-carrero\/\",\"name\":\"PACOTE BETO CARRERO - Clube Moms\",\"isPartOf\":{\"@id\":\"https:\/\/clubedeviagensmoms.com.br\/homolog\/#website\"},\"datePublished\":\"2023-09-04T17:51:21+00:00\",\"dateModified\":\"2023-09-04T17:55:48+00:00\",\"description\":\"Pacote Beto Carrero: Prepare-se, pois aqui, a divers\u00e3o em fam\u00edlia \u00e9 garantida, com aventuras emocionantes e mem\u00f3rias inesquec\u00edveis.\",\"breadcrumb\":{\"@id\":\"https:\/\/clubedeviagensmoms.com.br\/homolog\/produto\/pacote-beto-carrero\/#breadcrumb\"},\"inLanguage\":\"pt-BR\",\"potentialAction\":[{\"@type\":\"ReadAction\",\"target\":[\"https:\/\/clubedeviagensmoms.com.br\/homolog\/produto\/pacote-beto-carrero\/\"]}]},{\"@type\":\"BreadcrumbList\",\"@id\":\"https:\/\/clubedeviagensmoms.com.br\/homolog\/produto\/pacote-beto-carrero\/#breadcrumb\",\"itemListElement\":[{\"@type\":\"ListItem\",\"position\":1,\"name\":\"Home\",\"item\":\"https:\/\/clubedeviagensmoms.com.br\/homolog\/\"},{\"@type\":\"ListItem\",\"position\":2,\"name\":\"Vamos Viajar\",\"item\":\"https:\/\/clubedeviagensmoms.com.br\/homolog\/shop\/\"},{\"@type\":\"ListItem\",\"position\":3,\"name\":\"PACOTE BETO CARRERO\"}]},{\"@type\":\"WebSite\",\"@id\":\"https:\/\/clubedeviagensmoms.com.br\/homolog\/#website\",\"url\":\"https:\/\/clubedeviagensmoms.com.br\/homolog\/\",\"name\":\"Clube Moms\",\"description\":\"O Clube Moms \u00e9 uma ag\u00eancia de turismo com foco em fam\u00edlias com crian\u00e7as, que uno os conceitos de Consultoria Especializada e Clube de Vantagens.\",\"potentialAction\":[{\"@type\":\"SearchAction\",\"target\":{\"@type\":\"EntryPoint\",\"urlTemplate\":\"https:\/\/clubedeviagensmoms.com.br\/homolog\/?s={search_term_string}\"},\"query-input\":\"required name=search_term_string\"}],\"inLanguage\":\"pt-BR\"}]}<\/script>\n<!-- \/ Yoast SEO Premium plugin. -->","yoast_head_json":{"title":"PACOTE BETO CARRERO - Clube Moms","description":"Pacote Beto Carrero: Prepare-se, pois aqui, a divers\u00e3o em fam\u00edlia \u00e9 garantida, com aventuras emocionantes e mem\u00f3rias inesquec\u00edveis.","robots":{"index":"index","follow":"follow","max-snippet":"max-snippet:-1","max-image-preview":"max-image-preview:large","max-video-preview":"max-video-preview:-1"},"canonical":"https:\/\/clubedeviagensmoms.com.br\/homolog\/produto\/pacote-beto-carrero\/","og_locale":"pt_BR","og_type":"article","og_title":"PACOTE BETO CARRERO - Clube Moms","og_description":"Pacote Beto Carrero: Prepare-se, pois aqui, a divers\u00e3o em fam\u00edlia \u00e9 garantida, com aventuras emocionantes e mem\u00f3rias inesquec\u00edveis.","og_url":"https:\/\/clubedeviagensmoms.com.br\/homolog\/produto\/pacote-beto-carrero\/","og_site_name":"Clube Moms","article_modified_time":"2023-09-04T17:55:48+00:00","og_image":[{"width":640,"height":335,"url":"https:\/\/clubedeviagensmoms.com.br\/homolog\/wp-content\/uploads\/2023\/09\/640IMG_0040.webp","type":"image\/webp"}],"twitter_card":"summary_large_image","twitter_misc":{"Est. tempo de leitura":"3 minutos"},"schema":{"@context":"https:\/\/schema.org","@graph":[{"@type":"WebPage","@id":"https:\/\/clubedeviagensmoms.com.br\/homolog\/produto\/pacote-beto-carrero\/","url":"https:\/\/clubedeviagensmoms.com.br\/homolog\/produto\/pacote-beto-carrero\/","name":"PACOTE BETO CARRERO - Clube Moms","isPartOf":{"@id":"https:\/\/clubedeviagensmoms.com.br\/homolog\/#website"},"datePublished":"2023-09-04T17:51:21+00:00","dateModified":"2023-09-04T17:55:48+00:00","description":"Pacote Beto Carrero: Prepare-se, pois aqui, a divers\u00e3o em fam\u00edlia \u00e9 garantida, com aventuras emocionantes e mem\u00f3rias inesquec\u00edveis.","breadcrumb":{"@id":"https:\/\/clubedeviagensmoms.com.br\/homolog\/produto\/pacote-beto-carrero\/#breadcrumb"},"inLanguage":"pt-BR","potentialAction":[{"@type":"ReadAction","target":["https:\/\/clubedeviagensmoms.com.br\/homolog\/produto\/pacote-beto-carrero\/"]}]},{"@type":"BreadcrumbList","@id":"https:\/\/clubedeviagensmoms.com.br\/homolog\/produto\/pacote-beto-carrero\/#breadcrumb","itemListElement":[{"@type":"ListItem","position":1,"name":"Home","item":"https:\/\/clubedeviagensmoms.com.br\/homolog\/"},{"@type":"ListItem","position":2,"name":"Vamos Viajar","item":"https:\/\/clubedeviagensmoms.com.br\/homolog\/shop\/"},{"@type":"ListItem","position":3,"name":"PACOTE BETO CARRERO"}]},{"@type":"WebSite","@id":"https:\/\/clubedeviagensmoms.com.br\/homolog\/#website","url":"https:\/\/clubedeviagensmoms.com.br\/homolog\/","name":"Clube Moms","description":"O Clube Moms \u00e9 uma ag\u00eancia de turismo com foco em fam\u00edlias com crian\u00e7as, que uno os conceitos de Consultoria Especializada e Clube de Vantagens.","potentialAction":[{"@type":"SearchAction","target":{"@type":"EntryPoint","urlTemplate":"https:\/\/clubedeviagensmoms.com.br\/homolog\/?s={search_term_string}"},"query-input":"required name=search_term_string"}],"inLanguage":"pt-BR"}]}},"_links":{"self":[{"href":"https:\/\/clubedeviagensmoms.com.br\/homolog\/wp-json\/wp\/v2\/product\/5812","targetHints":{"allow":["GET"]}}],"collection":[{"href":"https:\/\/clubedeviagensmoms.com.br\/homolog\/wp-json\/wp\/v2\/product"}],"about":[{"href":"https:\/\/clubedeviagensmoms.com.br\/homolog\/wp-json\/wp\/v2\/types\/product"}],"replies":[{"embeddable":true,"href":"https:\/\/clubedeviagensmoms.com.br\/homolog\/wp-json\/wp\/v2\/comments?post=5812"}],"wp:featuredmedia":[{"embeddable":true,"href":"https:\/\/clubedeviagensmoms.com.br\/homolog\/wp-json\/wp\/v2\/media\/5813"}],"wp:attachment":[{"href":"https:\/\/clubedeviagensmoms.com.br\/homolog\/wp-json\/wp\/v2\/media?parent=5812"}],"wp:term":[{"taxonomy":"product_cat","embeddable":true,"href":"https:\/\/clubedeviagensmoms.com.br\/homolog\/wp-json\/wp\/v2\/product_cat?post=5812"},{"taxonomy":"product_tag","embeddable":true,"href":"https:\/\/clubedeviagensmoms.com.br\/homolog\/wp-json\/wp\/v2\/product_tag?post=5812"}],"curies":[{"name":"wp","href":"https:\/\/api.w.org\/{rel}","templated":true}]}}